{"id":661,"date":"2025-10-29T13:00:27","date_gmt":"2025-10-29T16:00:27","guid":{"rendered":"http:\/\/dummy.xtemos.com\/woodmart2\/mega-electronics\/?post_type=product&#038;p=661"},"modified":"2025-10-29T21:23:47","modified_gmt":"2025-10-30T00:23:47","slug":"no-break-huawei-10kva-on-line-mono-230v-fusionpower-ups2000-h-10krtll","status":"publish","type":"product","link":"https:\/\/elektrotec.com.br\/loja\/produto\/no-break-huawei-10kva-on-line-mono-230v-fusionpower-ups2000-h-10krtll\/","title":{"rendered":"No-break Huawei 10KVA ON Line Mono\/230V Fusionpower UPS2000-H-10KRTLl"},"content":{"rendered":"<div class=\"wpb-content-wrapper\"><p>[vc_row woodmart_css_id=&#8221;67a2cde893af9&#8243; responsive_spacing=&#8221;eyJwYXJhbV90eXBlIjoid29vZG1hcnRfcmVzcG9uc2l2ZV9zcGFjaW5nIiwic2VsZWN0b3JfaWQiOiI2N2EyY2RlODkzYWY5Iiwic2hvcnRjb2RlIjoidmNfcm93IiwiZGF0YSI6eyJ0YWJsZXQiOnt9LCJtb2JpbGUiOnt9fX0=&#8221; mobile_bg_img_hidden=&#8221;no&#8221; tablet_bg_img_hidden=&#8221;no&#8221; woodmart_parallax=&#8221;0&#8243; woodmart_gradient_switch=&#8221;no&#8221; woodmart_box_shadow=&#8221;no&#8221; wd_z_index=&#8221;no&#8221; woodmart_disable_overflow=&#8221;0&#8243; row_reverse_mobile=&#8221;0&#8243; row_reverse_tablet=&#8221;0&#8243; el_id=&#8221;codigo-75333&#8243;][vc_column css=&#8221;.vc_custom_1666272391679{padding-top: 0px !important;}&#8221; woodmart_css_id=&#8221;63514c8260958&#8243; parallax_scroll=&#8221;no&#8221; woodmart_sticky_column=&#8221;false&#8221; wd_collapsible_content_switcher=&#8221;no&#8221; wd_column_role_offcanvas_desktop=&#8221;no&#8221; wd_column_role_offcanvas_tablet=&#8221;no&#8221; wd_column_role_offcanvas_mobile=&#8221;no&#8221; wd_column_role_content_desktop=&#8221;no&#8221; wd_column_role_content_tablet=&#8221;no&#8221; wd_column_role_content_mobile=&#8221;no&#8221; mobile_bg_img_hidden=&#8221;no&#8221; tablet_bg_img_hidden=&#8221;no&#8221; woodmart_parallax=&#8221;0&#8243; woodmart_box_shadow=&#8221;no&#8221; responsive_spacing=&#8221;eyJwYXJhbV90eXBlIjoid29vZG1hcnRfcmVzcG9uc2l2ZV9zcGFjaW5nIiwic2VsZWN0b3JfaWQiOiI2MzUxNGM4MjYwOTU4Iiwic2hvcnRjb2RlIjoidmNfY29sdW1uIiwiZGF0YSI6eyJ0YWJsZXQiOnt9LCJtb2JpbGUiOnt9fX0=&#8221; mobile_reset_margin=&#8221;no&#8221; tablet_reset_margin=&#8221;no&#8221; wd_z_index=&#8221;no&#8221;]\t\t<div id=\"wd-67a2ca7386ec4\" class=\"wd-text-block wd-wpb reset-last-child wd-rs-67a2ca7386ec4 text-left vc_custom_1738722232540\">\n\t\t\t<p><strong>No-break Huawei 10KVA SEM bateria interna<\/strong><\/p>\n<p><strong>*KIT TRILHO, PLACA NMC E BANCO DE BATERIA N\u00c3O INCLUSO<\/strong><br \/>\n<strong>**POSS\u00cdVEL APLICA\u00c7\u00c3O EM PARALELISMO DE REDUND\u00c2NCIA<\/strong><\/p>\n<p>Necess\u00e1rio Incluir bateria e cabo<br \/>\nCabo 3*(OT10-4)-6*PP45B,1.5m (75412)<br \/>\nBateria ESS-240V12-9AhBPVBA04 (75464)<\/p>\n<p>O UPS2000-H-(6-10kVA) da s\u00e9rie FusionPower foi feito para uma solu\u00e7\u00e3o de fornecimento para cen\u00e1rios de pequeno porte. Pode eliminar v\u00e1rios problemas da rede el\u00e9trica \u00e9 poss\u00edvel ser instalado em rack ou torre, com alta efici\u00eancia<\/p>\n<p>ALTURA EM RACK 2U, ENTRADA E SA\u00cdDA POR BOURNER<\/p>\n<p>Tamanho pequeno, alta densidade de pot\u00eancia, economizando espa\u00e7o de instala\u00e7\u00e3o. Al\u00e9m disso, sem design de tela e Wi-Fi integrado para comunica\u00e7\u00e3o com o aplicativo m\u00f3vel, permitindo monitoramento flex\u00edvel do status do UPS.<\/p>\n<p>Pequenas e m\u00e9dias empresas, ramo de grandes empresas escrit\u00f3rios, ag\u00eancias banc\u00e1rias e outros pequenos data centers<br \/>\nRedes, sistemas de comunica\u00e7\u00e3o, controle autom\u00e1tico sistemas<br \/>\nInstrumentos e equipamentos de precis\u00e3o<\/p>\n<p><strong>Caracter\u00edsticas<\/strong><br \/>\n&#8211; Bot\u00e3o liga\/desliga independente, sem design de tela, comunica\u00e7\u00e3o Wi-Fi integrada com aplicativo m\u00f3vel e recursos inteligentes para monitorar de forma abrangente o UPS status e melhorar a experi\u00eancia de aplica\u00e7\u00e3o inteligente<br \/>\n&#8211; O modelo de 6kVA tem 1U de altura e o modelo de 10kVA tem 2U alto. Alta densidade e economiza espa\u00e7o de instala\u00e7\u00e3o.<\/p>\n<p><strong>Eficiente<\/strong><br \/>\n&#8211; Efici\u00eancia de at\u00e9 96% no modelo normal, reduz energia consumo, verde e economia de energia<br \/>\n&#8211; No modo ECO, a efici\u00eancia chega a 99%, o que \u00e9 econ\u00f4mico e confi\u00e1vel.<\/p>\n<p><strong>Inteligente<\/strong><br \/>\n&#8211; Monitoramento iPower All-link, mudan\u00e7a de passivo para IA Manuten\u00e7\u00e3o Preditiva, Implementando Inteligente<br \/>\nLivre de manuten\u00e7\u00e3o<\/p>\n<p><strong>Confi\u00e1vel<\/strong><br \/>\n&#8211; Projeto de prote\u00e7\u00e3o contra raios de 5kA, reduzindo a taxa de falhas relacionadas a raios<br \/>\n&#8211; A adaptabilidade da rede el\u00e9trica de entrada \u00e9 otimizada. O D.G. a capacidade atende ao requisito de 1:1,35.n<\/p>\n\t\t<\/div>\n\t\t[\/vc_column][\/vc_row][vc_row][vc_column][vc_separator border_width=&#8221;3&#8243; css=&#8221;.vc_custom_1738722340335{margin-top: 50px !important;margin-bottom: 50px !important;}&#8221; wd_hide_on_desktop=&#8221;no&#8221; wd_hide_on_tablet=&#8221;no&#8221; wd_hide_on_mobile=&#8221;no&#8221;][\/vc_column][\/vc_row][vc_row][vc_column]\n\t\t<div id=\"wd-67a2cc7a7db18\" class=\"title-wrapper wd-wpb wd-set-mb reset-last-child  wd-rs-67a2cc7a7db18 wd-title-color-default wd-title-style-default text-left vc_custom_1738722510022 wd-underline-colored\">\n\t\t\t\n\t\t\t<div class=\"liner-continer\">\n\t\t\t\t<h4 class=\"woodmart-title-container title  wd-font-weight- wd-fontsize-l\" >\ud83d\udccc Especifica\u00e7\u00f5es T\u00e9cnicas:<\/h4>\n\t\t\t\t\t\t\t<\/div>\n\t\t\t\n\t\t\t\n\t\t\t\n\t\t<\/div>\n\t\t\n\t\t\t\t<div id=\"wd-67a2d04e82f69\" class=\"wd-text-block wd-wpb reset-last-child wd-rs-67a2d04e82f69 text-left vc_custom_1738723429450\">\n\t\t\t<p>UPS2000-H HUAWEI 10KVA\/10KW 230V 1:1, 380V-230V 3:1,<br \/>\nRACK\/TORRE ENTRADA e SA\u00cdDA BOURNER, OCUPA 5U<br \/>\n*KIT TRILHO E PLACA NMC N\u00c3O INCLUSO<br \/>\n**POSS\u00cdVEL APLICA\u00c7\u00c3O EM PARALELISMO DE REDUND\u00c2NCIA.<\/p>\n<p><strong>Entrada principal<\/strong><br \/>\nFia\u00e7\u00e3o de entrada L+N+PE\/3Ph+N+PE<br \/>\nTens\u00e3o nominal LN: 220\/230\/240Vac<br \/>\nFaixa de tens\u00e3o de entrada L-N: 80 ~ 280 Vca (176 ~ 280 Vca para carga de 100%; 80 ~ 176 Vca para carga de 40% ~ 100%)<br \/>\nFaixa de frequ\u00eancia de entrada 40 ~ 70 Hz<br \/>\nEntrada THDi THDi&lt;3% (para carga 100% linear)<br \/>\nFator de pot\u00eancia de entrada \u22650,99 (100% de carga)<br \/>\nFia\u00e7\u00e3o de entrada Rede el\u00e9trica e bypass de fonte \u00fanica<\/p>\n<p><strong>Entrada<\/strong><br \/>\nTens\u00e3o nominal L-N:220\/230\/240Vac<br \/>\nFaixa de frequ\u00eancia de entrada 50\/60\u00b16Hz<\/p>\n<p><strong>Bateria (N\u00e3o inclusa)<\/strong><br \/>\nTens\u00e3o nominal 12 a 20 baterias de chumbo-\u00e1cido (redu\u00e7\u00e3o linear para 60% se o n\u00famero for menor que 16)<br \/>\nCorrente de carga 6kVA: 8A (M\u00c1X); 10kVA: 15A (M\u00c1X)<\/p>\n<p><strong>Sistema<\/strong><br \/>\nEfici\u00eancia at\u00e9 96%<br \/>\nN\u00famero m\u00e1ximo em paralelo 4<\/p>\n<p><strong>Sa\u00edda<\/strong><br \/>\nFator de pot\u00eancia de sa\u00edda 1<br \/>\nSa\u00edda THDv THDv&lt;1% (para carga 100% linear)<br \/>\nCapacidade de sobrecarga<br \/>\nModo normal: carga\u2264105%, trabalho cont\u00ednuo<br \/>\n105%&lt;carga\u2264125%, por 10 minutos, depois transfira para o modo bypass<br \/>\n125%&lt;carga\u2264150%, por 1 minuto, depois transfira para o modo bypass<br \/>\nCarregue&gt; 150%, por 200 milissegundos e depois transfira para o modo bypass<\/p>\n<p><strong>Ambiente<\/strong><br \/>\nTemperatura operacional 0~50\u00b0C, redu\u00e7\u00e3o de capacidade acima de 40\u00b0C<br \/>\nTemperatura de armazenamento -40~70\u2103<br \/>\nUmidade relativa 0%~95%(Sem condensa\u00e7\u00e3o)<br \/>\nAltitude operacional 0-1000m. Acima de 1000m, redu\u00e7\u00e3o de pot\u00eancia baseada em EN\/IEC 62040-3, m\u00e1ximo: 4000m<br \/>\nRu\u00eddo aud\u00edvel 55dB<\/p>\n<p><strong>Dimens\u00f5es (AxLxP) (mm) \/ Altura em U<\/strong><br \/>\n86 x 442 x 505 mm \/ 2U (UPS)<br \/>\n130 x 430 x 685 mm \/ 3U (Bateria)<\/p>\n<p><strong>Peso (kg)<\/strong><br \/>\n16 kg (UPS) \/ 70.5kg (Bateria)<\/p>\n<p><strong>Comunica\u00e7\u00f5es<\/strong><br \/>\nModbus-RTU (SNMP opcional \/ Contato seco)<\/p>\n<p><strong>Certifica\u00e7\u00f5es<\/strong><br \/>\nYD\/T 1095-2008, EN\/IEC 62040-1, EN\/IEC 62040-2, EN\/IEC 62040-3, TLC, CE, CB, RoHS, Reach, WEEE, etc<\/p>\n<p><strong>Capacidade nominal<\/strong><br \/>\n10kVA\/10kW<\/p>\n<p><strong>Garantia<\/strong>\u00a03 anos (1 ano baterias internas)<\/p>\n\t\t<\/div>\n\t\t[\/vc_column][\/vc_row]<\/p>\n<\/div>","protected":false},"excerpt":{"rendered":"<p><strong>C\u00f3digo: <em class=\"slogan\">75333<\/em>\u00a0 \u00a0|\u00a0 \u00a0Mais produtos: <a href=\"https:\/\/elektrotec.com.br\/loja\/loja\/?filter_marcas=huawei\">Huawei<\/a>\u00a0 \u00a0|\u00a0 \u00a0<a href=\"https:\/\/elektrotec.com.br\/loja\/produto\/no-break-huawei-10kva-on-line-mono-230v-fusionpower-ups2000-h-10krtll\/#codigo-75333\">Informa\u00e7\u00f5es do produto<\/a><\/strong><\/p>\n","protected":false},"featured_media":4186,"comment_status":"open","ping_status":"closed","template":"","meta":{"pagelayer_contact_templates":[],"_pagelayer_content":"","_mbp_gutenberg_autopost":false},"pwb-brand":[],"product_brand":[],"product_cat":[291,148,83,26,149,70,97,356,191,241,25],"product_tag":[],"class_list":{"0":"post-661","1":"product","2":"type-product","3":"status-publish","4":"has-post-thumbnail","6":"product_cat-automacao-comercial","7":"product_cat-eletrica","8":"product_cat-energia","9":"product_cat-escritorio-e-papelaria","10":"product_cat-iluminacao","11":"product_cat-impressao-e-imagem","12":"product_cat-nobreak","13":"product_cat-no-break-gamer","14":"product_cat-seguranca-cftv","15":"product_cat-suprimentos-corporativos","16":"product_cat-tecnologia-e-informatica","17":"product_shipping_class-logistica-quioske","19":"first","20":"instock","21":"shipping-taxable","22":"purchasable","23":"product-type-simple"},"yoast_head":"<!-- This site is optimized with the Yoast SEO plugin v27.2 - https:\/\/yoast.com\/product\/yoast-seo-wordpress\/ -->\n<title>No-break Huawei 10KVA ON Line Mono\/230V Fusionpower UPS2000-H-10KRTLl | Elektrotec Store<\/title>\n<meta name=\"robots\" content=\"index, follow, max-snippet:-1, max-image-preview:large, max-video-preview:-1\" \/>\n<link rel=\"canonical\" href=\"https:\/\/elektrotec.com.br\/loja\/produto\/no-break-huawei-10kva-on-line-mono-230v-fusionpower-ups2000-h-10krtll\/\" \/>\n<meta property=\"og:locale\" content=\"pt_BR\" \/>\n<meta property=\"og:type\" content=\"article\" \/>\n<meta property=\"og:title\" content=\"No-break Huawei 10KVA ON Line Mono\/230V Fusionpower UPS2000-H-10KRTLl | Elektrotec Store\" \/>\n<meta property=\"og:description\" content=\"C\u00f3digo: 75333\u00a0 \u00a0|\u00a0 \u00a0Mais produtos: Huawei\u00a0 \u00a0|\u00a0 \u00a0Informa\u00e7\u00f5es do produto\" \/>\n<meta property=\"og:url\" content=\"https:\/\/elektrotec.com.br\/loja\/produto\/no-break-huawei-10kva-on-line-mono-230v-fusionpower-ups2000-h-10krtll\/\" \/>\n<meta property=\"og:site_name\" content=\"Elektrotec Store\" \/>\n<meta property=\"article:modified_time\" content=\"2025-10-30T00:23:47+00:00\" \/>\n<meta property=\"og:image\" content=\"https:\/\/elektrotec.com.br\/loja\/wp-content\/uploads\/2025\/02\/Nobreak-Huawei-10K-ON-Line-MONO230V.jpg\" \/>\n\t<meta property=\"og:image:width\" content=\"700\" \/>\n\t<meta property=\"og:image:height\" content=\"800\" \/>\n\t<meta property=\"og:image:type\" content=\"image\/jpeg\" \/>\n<meta name=\"twitter:card\" content=\"summary_large_image\" \/>\n<meta name=\"twitter:label1\" content=\"Est. tempo de leitura\" \/>\n\t<meta name=\"twitter:data1\" content=\"4 minutos\" \/>\n<script type=\"application\/ld+json\" class=\"yoast-schema-graph\">{\"@context\":\"https:\/\/schema.org\",\"@graph\":[{\"@type\":\"WebPage\",\"@id\":\"https:\/\/elektrotec.com.br\/loja\/produto\/no-break-huawei-10kva-on-line-mono-230v-fusionpower-ups2000-h-10krtll\/\",\"url\":\"https:\/\/elektrotec.com.br\/loja\/produto\/no-break-huawei-10kva-on-line-mono-230v-fusionpower-ups2000-h-10krtll\/\",\"name\":\"No-break Huawei 10KVA ON Line Mono\/230V Fusionpower UPS2000-H-10KRTLl | Elektrotec Store\",\"isPartOf\":{\"@id\":\"https:\/\/elektrotec.com.br\/loja\/#website\"},\"primaryImageOfPage\":{\"@id\":\"https:\/\/elektrotec.com.br\/loja\/produto\/no-break-huawei-10kva-on-line-mono-230v-fusionpower-ups2000-h-10krtll\/#primaryimage\"},\"image\":{\"@id\":\"https:\/\/elektrotec.com.br\/loja\/produto\/no-break-huawei-10kva-on-line-mono-230v-fusionpower-ups2000-h-10krtll\/#primaryimage\"},\"thumbnailUrl\":\"https:\/\/i0.wp.com\/elektrotec.com.br\/loja\/wp-content\/uploads\/2025\/02\/Nobreak-Huawei-10K-ON-Line-MONO230V.jpg?fit=700%2C800&ssl=1\",\"datePublished\":\"2025-10-29T16:00:27+00:00\",\"dateModified\":\"2025-10-30T00:23:47+00:00\",\"breadcrumb\":{\"@id\":\"https:\/\/elektrotec.com.br\/loja\/produto\/no-break-huawei-10kva-on-line-mono-230v-fusionpower-ups2000-h-10krtll\/#breadcrumb\"},\"inLanguage\":\"pt-BR\",\"potentialAction\":[{\"@type\":\"ReadAction\",\"target\":[\"https:\/\/elektrotec.com.br\/loja\/produto\/no-break-huawei-10kva-on-line-mono-230v-fusionpower-ups2000-h-10krtll\/\"]}]},{\"@type\":\"ImageObject\",\"inLanguage\":\"pt-BR\",\"@id\":\"https:\/\/elektrotec.com.br\/loja\/produto\/no-break-huawei-10kva-on-line-mono-230v-fusionpower-ups2000-h-10krtll\/#primaryimage\",\"url\":\"https:\/\/i0.wp.com\/elektrotec.com.br\/loja\/wp-content\/uploads\/2025\/02\/Nobreak-Huawei-10K-ON-Line-MONO230V.jpg?fit=700%2C800&ssl=1\",\"contentUrl\":\"https:\/\/i0.wp.com\/elektrotec.com.br\/loja\/wp-content\/uploads\/2025\/02\/Nobreak-Huawei-10K-ON-Line-MONO230V.jpg?fit=700%2C800&ssl=1\",\"width\":700,\"height\":800},{\"@type\":\"BreadcrumbList\",\"@id\":\"https:\/\/elektrotec.com.br\/loja\/produto\/no-break-huawei-10kva-on-line-mono-230v-fusionpower-ups2000-h-10krtll\/#breadcrumb\",\"itemListElement\":[{\"@type\":\"ListItem\",\"position\":1,\"name\":\"Home\",\"item\":\"https:\/\/elektrotec.com.br\/loja\/\"},{\"@type\":\"ListItem\",\"position\":2,\"name\":\"Ofertas do dia \u26a1\",\"item\":\"https:\/\/elektrotec.com.br\/loja\/loja\/\"},{\"@type\":\"ListItem\",\"position\":3,\"name\":\"No-break Huawei 10KVA ON Line Mono\/230V Fusionpower UPS2000-H-10KRTLl\"}]},{\"@type\":\"WebSite\",\"@id\":\"https:\/\/elektrotec.com.br\/loja\/#website\",\"url\":\"https:\/\/elektrotec.com.br\/loja\/\",\"name\":\"Elektrotec Store\",\"description\":\"Solu\u00e7\u00f5es em Energia e Automa\u00e7\u00e3o Industrial\",\"publisher\":{\"@id\":\"https:\/\/elektrotec.com.br\/loja\/#organization\"},\"potentialAction\":[{\"@type\":\"SearchAction\",\"target\":{\"@type\":\"EntryPoint\",\"urlTemplate\":\"https:\/\/elektrotec.com.br\/loja\/?s={search_term_string}\"},\"query-input\":{\"@type\":\"PropertyValueSpecification\",\"valueRequired\":true,\"valueName\":\"search_term_string\"}}],\"inLanguage\":\"pt-BR\"},{\"@type\":\"Organization\",\"@id\":\"https:\/\/elektrotec.com.br\/loja\/#organization\",\"name\":\"Elektrotec\",\"url\":\"https:\/\/elektrotec.com.br\/loja\/\",\"logo\":{\"@type\":\"ImageObject\",\"inLanguage\":\"pt-BR\",\"@id\":\"https:\/\/elektrotec.com.br\/loja\/#\/schema\/logo\/image\/\",\"url\":\"https:\/\/i0.wp.com\/elektrotec.com.br\/loja\/wp-content\/uploads\/2025\/05\/Logo-site-Elektrotec-Energy-1.webp?fit=270%2C70&ssl=1\",\"contentUrl\":\"https:\/\/i0.wp.com\/elektrotec.com.br\/loja\/wp-content\/uploads\/2025\/05\/Logo-site-Elektrotec-Energy-1.webp?fit=270%2C70&ssl=1\",\"width\":270,\"height\":70,\"caption\":\"Elektrotec\"},\"image\":{\"@id\":\"https:\/\/elektrotec.com.br\/loja\/#\/schema\/logo\/image\/\"}}]}<\/script>\n<!-- \/ Yoast SEO plugin. -->","yoast_head_json":{"title":"No-break Huawei 10KVA ON Line Mono\/230V Fusionpower UPS2000-H-10KRTLl | Elektrotec Store","robots":{"index":"index","follow":"follow","max-snippet":"max-snippet:-1","max-image-preview":"max-image-preview:large","max-video-preview":"max-video-preview:-1"},"canonical":"https:\/\/elektrotec.com.br\/loja\/produto\/no-break-huawei-10kva-on-line-mono-230v-fusionpower-ups2000-h-10krtll\/","og_locale":"pt_BR","og_type":"article","og_title":"No-break Huawei 10KVA ON Line Mono\/230V Fusionpower UPS2000-H-10KRTLl | Elektrotec Store","og_description":"C\u00f3digo: 75333\u00a0 \u00a0|\u00a0 \u00a0Mais produtos: Huawei\u00a0 \u00a0|\u00a0 \u00a0Informa\u00e7\u00f5es do produto","og_url":"https:\/\/elektrotec.com.br\/loja\/produto\/no-break-huawei-10kva-on-line-mono-230v-fusionpower-ups2000-h-10krtll\/","og_site_name":"Elektrotec Store","article_modified_time":"2025-10-30T00:23:47+00:00","og_image":[{"width":700,"height":800,"url":"https:\/\/elektrotec.com.br\/loja\/wp-content\/uploads\/2025\/02\/Nobreak-Huawei-10K-ON-Line-MONO230V.jpg","type":"image\/jpeg"}],"twitter_card":"summary_large_image","twitter_misc":{"Est. tempo de leitura":"4 minutos"},"schema":{"@context":"https:\/\/schema.org","@graph":[{"@type":"WebPage","@id":"https:\/\/elektrotec.com.br\/loja\/produto\/no-break-huawei-10kva-on-line-mono-230v-fusionpower-ups2000-h-10krtll\/","url":"https:\/\/elektrotec.com.br\/loja\/produto\/no-break-huawei-10kva-on-line-mono-230v-fusionpower-ups2000-h-10krtll\/","name":"No-break Huawei 10KVA ON Line Mono\/230V Fusionpower UPS2000-H-10KRTLl | Elektrotec Store","isPartOf":{"@id":"https:\/\/elektrotec.com.br\/loja\/#website"},"primaryImageOfPage":{"@id":"https:\/\/elektrotec.com.br\/loja\/produto\/no-break-huawei-10kva-on-line-mono-230v-fusionpower-ups2000-h-10krtll\/#primaryimage"},"image":{"@id":"https:\/\/elektrotec.com.br\/loja\/produto\/no-break-huawei-10kva-on-line-mono-230v-fusionpower-ups2000-h-10krtll\/#primaryimage"},"thumbnailUrl":"https:\/\/i0.wp.com\/elektrotec.com.br\/loja\/wp-content\/uploads\/2025\/02\/Nobreak-Huawei-10K-ON-Line-MONO230V.jpg?fit=700%2C800&ssl=1","datePublished":"2025-10-29T16:00:27+00:00","dateModified":"2025-10-30T00:23:47+00:00","breadcrumb":{"@id":"https:\/\/elektrotec.com.br\/loja\/produto\/no-break-huawei-10kva-on-line-mono-230v-fusionpower-ups2000-h-10krtll\/#breadcrumb"},"inLanguage":"pt-BR","potentialAction":[{"@type":"ReadAction","target":["https:\/\/elektrotec.com.br\/loja\/produto\/no-break-huawei-10kva-on-line-mono-230v-fusionpower-ups2000-h-10krtll\/"]}]},{"@type":"ImageObject","inLanguage":"pt-BR","@id":"https:\/\/elektrotec.com.br\/loja\/produto\/no-break-huawei-10kva-on-line-mono-230v-fusionpower-ups2000-h-10krtll\/#primaryimage","url":"https:\/\/i0.wp.com\/elektrotec.com.br\/loja\/wp-content\/uploads\/2025\/02\/Nobreak-Huawei-10K-ON-Line-MONO230V.jpg?fit=700%2C800&ssl=1","contentUrl":"https:\/\/i0.wp.com\/elektrotec.com.br\/loja\/wp-content\/uploads\/2025\/02\/Nobreak-Huawei-10K-ON-Line-MONO230V.jpg?fit=700%2C800&ssl=1","width":700,"height":800},{"@type":"BreadcrumbList","@id":"https:\/\/elektrotec.com.br\/loja\/produto\/no-break-huawei-10kva-on-line-mono-230v-fusionpower-ups2000-h-10krtll\/#breadcrumb","itemListElement":[{"@type":"ListItem","position":1,"name":"Home","item":"https:\/\/elektrotec.com.br\/loja\/"},{"@type":"ListItem","position":2,"name":"Ofertas do dia \u26a1","item":"https:\/\/elektrotec.com.br\/loja\/loja\/"},{"@type":"ListItem","position":3,"name":"No-break Huawei 10KVA ON Line Mono\/230V Fusionpower UPS2000-H-10KRTLl"}]},{"@type":"WebSite","@id":"https:\/\/elektrotec.com.br\/loja\/#website","url":"https:\/\/elektrotec.com.br\/loja\/","name":"Elektrotec Store","description":"Solu\u00e7\u00f5es em Energia e Automa\u00e7\u00e3o Industrial","publisher":{"@id":"https:\/\/elektrotec.com.br\/loja\/#organization"},"potentialAction":[{"@type":"SearchAction","target":{"@type":"EntryPoint","urlTemplate":"https:\/\/elektrotec.com.br\/loja\/?s={search_term_string}"},"query-input":{"@type":"PropertyValueSpecification","valueRequired":true,"valueName":"search_term_string"}}],"inLanguage":"pt-BR"},{"@type":"Organization","@id":"https:\/\/elektrotec.com.br\/loja\/#organization","name":"Elektrotec","url":"https:\/\/elektrotec.com.br\/loja\/","logo":{"@type":"ImageObject","inLanguage":"pt-BR","@id":"https:\/\/elektrotec.com.br\/loja\/#\/schema\/logo\/image\/","url":"https:\/\/i0.wp.com\/elektrotec.com.br\/loja\/wp-content\/uploads\/2025\/05\/Logo-site-Elektrotec-Energy-1.webp?fit=270%2C70&ssl=1","contentUrl":"https:\/\/i0.wp.com\/elektrotec.com.br\/loja\/wp-content\/uploads\/2025\/05\/Logo-site-Elektrotec-Energy-1.webp?fit=270%2C70&ssl=1","width":270,"height":70,"caption":"Elektrotec"},"image":{"@id":"https:\/\/elektrotec.com.br\/loja\/#\/schema\/logo\/image\/"}}]}},"jetpack_sharing_enabled":true,"brands":[],"_links":{"self":[{"href":"https:\/\/elektrotec.com.br\/loja\/wp-json\/wp\/v2\/product\/661","targetHints":{"allow":["GET"]}}],"collection":[{"href":"https:\/\/elektrotec.com.br\/loja\/wp-json\/wp\/v2\/product"}],"about":[{"href":"https:\/\/elektrotec.com.br\/loja\/wp-json\/wp\/v2\/types\/product"}],"replies":[{"embeddable":true,"href":"https:\/\/elektrotec.com.br\/loja\/wp-json\/wp\/v2\/comments?post=661"}],"wp:featuredmedia":[{"embeddable":true,"href":"https:\/\/elektrotec.com.br\/loja\/wp-json\/wp\/v2\/media\/4186"}],"wp:attachment":[{"href":"https:\/\/elektrotec.com.br\/loja\/wp-json\/wp\/v2\/media?parent=661"}],"wp:term":[{"taxonomy":"pwb-brand","embeddable":true,"href":"https:\/\/elektrotec.com.br\/loja\/wp-json\/wp\/v2\/pwb-brand?post=661"},{"taxonomy":"product_brand","embeddable":true,"href":"https:\/\/elektrotec.com.br\/loja\/wp-json\/wp\/v2\/product_brand?post=661"},{"taxonomy":"product_cat","embeddable":true,"href":"https:\/\/elektrotec.com.br\/loja\/wp-json\/wp\/v2\/product_cat?post=661"},{"taxonomy":"product_tag","embeddable":true,"href":"https:\/\/elektrotec.com.br\/loja\/wp-json\/wp\/v2\/product_tag?post=661"}],"curies":[{"name":"wp","href":"https:\/\/api.w.org\/{rel}","templated":true}]}}