{"id":4405,"date":"2025-10-29T13:00:05","date_gmt":"2025-10-29T16:00:05","guid":{"rendered":"https:\/\/quioske.com.br\/?post_type=product&#038;p=4405"},"modified":"2025-10-29T21:24:42","modified_gmt":"2025-10-30T00:24:42","slug":"multifuncional-hp-laserjet-m432fdn-laser-mono-110v-7uq76a","status":"publish","type":"product","link":"https:\/\/elektrotec.com.br\/loja\/produto\/multifuncional-hp-laserjet-m432fdn-laser-mono-110v-7uq76a\/","title":{"rendered":"Multifuncional HP Laserjet M432FDN, Laser, Mono, 110V &#8211; 7UQ76A"},"content":{"rendered":"<div class=\"wpb-content-wrapper\"><p>[vc_row css=&#8221;.vc_custom_1739673251372{margin-bottom: 20px !important;}&#8221; woodmart_css_id=&#8221;67b14eb547101&#8243; responsive_spacing=&#8221;eyJwYXJhbV90eXBlIjoid29vZG1hcnRfcmVzcG9uc2l2ZV9zcGFjaW5nIiwic2VsZWN0b3JfaWQiOiI2N2IxNGViNTQ3MTAxIiwic2hvcnRjb2RlIjoidmNfcm93IiwiZGF0YSI6eyJ0YWJsZXQiOnsibWFyZ2luLWJvdHRvbSI6IjYwcHgifSwibW9iaWxlIjp7Im1hcmdpbi1ib3R0b20iOiI0MHB4In19fQ==&#8221; mobile_bg_img_hidden=&#8221;no&#8221; tablet_bg_img_hidden=&#8221;no&#8221; woodmart_parallax=&#8221;0&#8243; woodmart_gradient_switch=&#8221;no&#8221; woodmart_box_shadow=&#8221;no&#8221; wd_z_index=&#8221;no&#8221; woodmart_disable_overflow=&#8221;0&#8243; row_reverse_mobile=&#8221;0&#8243; row_reverse_tablet=&#8221;0&#8243; el_id=&#8221;codigo-41839&#8243;][vc_column css=&#8221;.vc_custom_1666272391679{padding-top: 0px !important;}&#8221; woodmart_css_id=&#8221;63514c8260958&#8243; parallax_scroll=&#8221;no&#8221; woodmart_sticky_column=&#8221;false&#8221; wd_collapsible_content_switcher=&#8221;no&#8221; wd_column_role_offcanvas_desktop=&#8221;no&#8221; wd_column_role_offcanvas_tablet=&#8221;no&#8221; wd_column_role_offcanvas_mobile=&#8221;no&#8221; wd_column_role_content_desktop=&#8221;no&#8221; wd_column_role_content_tablet=&#8221;no&#8221; wd_column_role_content_mobile=&#8221;no&#8221; mobile_bg_img_hidden=&#8221;no&#8221; tablet_bg_img_hidden=&#8221;no&#8221; woodmart_parallax=&#8221;0&#8243; woodmart_box_shadow=&#8221;no&#8221; responsive_spacing=&#8221;eyJwYXJhbV90eXBlIjoid29vZG1hcnRfcmVzcG9uc2l2ZV9zcGFjaW5nIiwic2VsZWN0b3JfaWQiOiI2MzUxNGM4MjYwOTU4Iiwic2hvcnRjb2RlIjoidmNfY29sdW1uIiwiZGF0YSI6eyJ0YWJsZXQiOnt9LCJtb2JpbGUiOnt9fX0=&#8221; mobile_reset_margin=&#8221;no&#8221; tablet_reset_margin=&#8221;no&#8221; wd_z_index=&#8221;no&#8221;]\t\t<div id=\"wd-67b15243bacbf\" class=\"wd-text-block wd-wpb reset-last-child wd-rs-67b15243bacbf text-left vc_custom_1739674165243\">\n\t\t\t<p>A multifuncional HP M432fdn \u00e9 a solu\u00e7\u00e3o perfeita para escrit\u00f3rios, empresas, e grupos de trabalho de pequeno e m\u00e9dio porte, oferecendo uma impress\u00e3o de alta qualidade de forma r\u00e1pida e com baixo custo. Com painel frontal de uso intuitivo, a HP M432 torna muito mais simples a configura\u00e7\u00e3o e uso compartilhado tanto para impress\u00e3o, digitaliza\u00e7\u00e3o e fax.<\/p>\n<p>A M432fdn conta com resolu\u00e7\u00e3o de impress\u00e3o de at\u00e9 1200dpi, com fun\u00e7\u00e3o duplex e modo de economia de toner, permitindo trabalhar com menor consumo de toner e de papel. De alta produtividade, ela chega a imprimir at\u00e9 40 p\u00e1ginas por minuto, com a sa\u00edda da primeira p\u00e1gina em at\u00e9 8,2 segundos.<\/p>\n<p>O scanner da multifuncional HP M432fdn possui alimentador autom\u00e1tico com duplex e capacidade para at\u00e9 50 folhas, agilizando o trabalho di\u00e1rio de digitaliza\u00e7\u00e3o e c\u00f3pia. Pelo painel frontal \u00e9 poss\u00edvel fazer digitaliza\u00e7\u00f5es pela base plana de forma muito mais f\u00e1cil, com defini\u00e7\u00f5es pr\u00e9-programadas para c\u00f3pia de ID e c\u00f3pia de livro, entre outras.<\/p>\n\t\t<\/div>\n\t\t[\/vc_column][\/vc_row][vc_row][vc_column][vc_separator border_width=&#8221;3&#8243; css=&#8221;.vc_custom_1739311569799{margin-top: 50px !important;margin-bottom: 50px !important;}&#8221; wd_hide_on_desktop=&#8221;no&#8221; wd_hide_on_tablet=&#8221;no&#8221; wd_hide_on_mobile=&#8221;no&#8221;][\/vc_column][\/vc_row][vc_row woodmart_css_id=&#8221;6377819b27d07&#8243; responsive_spacing=&#8221;eyJwYXJhbV90eXBlIjoid29vZG1hcnRfcmVzcG9uc2l2ZV9zcGFjaW5nIiwic2VsZWN0b3JfaWQiOiI2Mzc3ODE5YjI3ZDA3Iiwic2hvcnRjb2RlIjoidmNfcm93IiwiZGF0YSI6eyJ0YWJsZXQiOnt9LCJtb2JpbGUiOnt9fX0=&#8221; mobile_bg_img_hidden=&#8221;no&#8221; tablet_bg_img_hidden=&#8221;no&#8221; woodmart_parallax=&#8221;0&#8243; woodmart_gradient_switch=&#8221;no&#8221; woodmart_box_shadow=&#8221;no&#8221; wd_z_index=&#8221;no&#8221; woodmart_disable_overflow=&#8221;0&#8243; row_reverse_mobile=&#8221;0&#8243; row_reverse_tablet=&#8221;0&#8243;][vc_column css=&#8221;.vc_custom_1666272699823{padding-top: 0px !important;}&#8221; woodmart_css_id=&#8221;63514db6c5d19&#8243; parallax_scroll=&#8221;no&#8221; woodmart_sticky_column=&#8221;false&#8221; wd_collapsible_content_switcher=&#8221;no&#8221; wd_column_role_offcanvas_desktop=&#8221;no&#8221; wd_column_role_offcanvas_tablet=&#8221;no&#8221; wd_column_role_offcanvas_mobile=&#8221;no&#8221; wd_column_role_content_desktop=&#8221;no&#8221; wd_column_role_content_tablet=&#8221;no&#8221; wd_column_role_content_mobile=&#8221;no&#8221; mobile_bg_img_hidden=&#8221;no&#8221; tablet_bg_img_hidden=&#8221;no&#8221; woodmart_parallax=&#8221;0&#8243; woodmart_box_shadow=&#8221;no&#8221; responsive_spacing=&#8221;eyJwYXJhbV90eXBlIjoid29vZG1hcnRfcmVzcG9uc2l2ZV9zcGFjaW5nIiwic2VsZWN0b3JfaWQiOiI2MzUxNGRiNmM1ZDE5Iiwic2hvcnRjb2RlIjoidmNfY29sdW1uIiwiZGF0YSI6eyJ0YWJsZXQiOnt9LCJtb2JpbGUiOnt9fX0=&#8221; mobile_reset_margin=&#8221;no&#8221; tablet_reset_margin=&#8221;no&#8221; wd_z_index=&#8221;no&#8221;]\n\t\t<div id=\"wd-67abcc28acf5b\" class=\"title-wrapper wd-wpb wd-set-mb reset-last-child  wd-rs-67abcc28acf5b wd-title-color-default wd-title-style-default text-left vc_custom_1739312177856 wd-underline-colored\">\n\t\t\t\n\t\t\t<div class=\"liner-continer\">\n\t\t\t\t<h4 class=\"woodmart-title-container title  wd-font-weight- wd-fontsize-m\" >\ud83d\udccc Especifica\u00e7\u00f5es T\u00e9cnicas:<\/h4>\n\t\t\t\t\t\t\t<\/div>\n\t\t\t\n\t\t\t\n\t\t\t\n\t\t<\/div>\n\t\t\n\t\t\t\t<div id=\"wd-67b15326c5757\" class=\"wd-text-block wd-wpb reset-last-child wd-rs-67b15326c5757 text-left \">\n\t\t\t<h4>Especifica\u00e7\u00f5es:<\/h4>\n<div class=\"sc-7e0ca514-1 GiPKU\">\n<div class=\"sc-7e0ca514-1 GiPKU\">\n<ul>\n<li>Marca: HP<\/li>\n<li>Modelo: 7UQ75A<\/li>\n<\/ul>\n<p>&nbsp;<\/p>\n<h4><strong>Velocidade:\u00a0<\/strong><\/h4>\n<ul>\n<li>Impress\u00e3o em preto: at\u00e9 40 ppm<\/li>\n<li>Primeira p\u00e1gina Preto: 6,5 seg. 1<\/li>\n<\/ul>\n<p>&nbsp;<\/p>\n<h4><\/h4>\n<h4><strong>Ciclo de trabalho (mensal, A4):<\/strong><\/h4>\n<ul>\n<li>At\u00e9 100.000 p\u00e1ginas<\/li>\n<li>Volume de p\u00e1gina recomendado: 1.500 a 3.500<\/li>\n<\/ul>\n<p>&nbsp;<\/p>\n<h4><\/h4>\n<h4><strong>Tecnologia de impress\u00e3o:<\/strong><\/h4>\n<ul>\n<li>Laser<\/li>\n<\/ul>\n<p>&nbsp;<\/p>\n<h4><\/h4>\n<h4><strong>Resolu\u00e7\u00e3o de impress\u00e3o:<\/strong><\/h4>\n<ul>\n<li>Normal (600 x 600 dpi)<\/li>\n<li>Alta resolu\u00e7\u00e3o (1200 x 1200 dpi)<\/li>\n<\/ul>\n<p>&nbsp;<\/p>\n<h4><strong>Mem\u00f3ria:<\/strong><\/h4>\n<ul>\n<li>256 MB<\/li>\n<li>M\u00e1x.:512 MB<\/li>\n<\/ul>\n<p>&nbsp;<\/p>\n<h4><\/h4>\n<h4><strong>L\u00ednguas impressas:<\/strong><\/h4>\n<ul>\n<li>PCL 5<\/li>\n<li>PCL XL<\/li>\n<li>PS<\/li>\n<li>PCL6<\/li>\n<\/ul>\n<p>&nbsp;<\/p>\n<h4><\/h4>\n<h4><strong>Velocidade do processador:<\/strong><\/h4>\n<ul>\n<li>600 MHz<\/li>\n<\/ul>\n<p>&nbsp;<\/p>\n<h4><strong>Cartuchos de reposi\u00e7\u00e3o:<\/strong><\/h4>\n<ul>\n<li>Cartucho de toner LaserJet original preto de alto rendimento HP 331X (15.000 p\u00e1ginas) W1331X<\/li>\n<li>Cartucho de toner laser original preto de contrato HP (15.000 p\u00e1ginas) W1331XC<\/li>\n<li>Cartucho de toner laser original preto de contrato HP (15.000 p\u00e1ginas) W1331XH<\/li>\n<li>Tambor de imagem a laser original de contrato preto HP (rendimento 30.000) W1332AH<\/li>\n<li>Para uso comum: Tambor de imagem a laser original preto HP 332A (rendimento 30.000) W1332A<\/li>\n<li>Tambor de imagem a laser original de contrato preto HP (rendimento 30.000) W1332AC<\/li>\n<\/ul>\n<p>&nbsp;<\/p>\n<h4><\/h4>\n<h4><strong>Conectividade:<\/strong><\/h4>\n<ul>\n<li>Capacidade de impress\u00e3o m\u00f3vel: PrinterOn Print<\/li>\n<li>Capacidade sem fio: N\u00e3o<\/li>\n<li>Porta USB 2.0 de alta velocidade, host USB<\/li>\n<li>Porta de rede Gigabit Ethernet 10\/100\/1000 Base-TX integrada<\/li>\n<\/ul>\n<p>&nbsp;<\/p>\n<h4><\/h4>\n<h4><strong>Entrada de manuseio de papel:<\/strong><\/h4>\n<ul>\n<li>Bandeja de entrada para 250 folhas<\/li>\n<li>Bandeja multiuso para 50 folhas<\/li>\n<li>Entrada: Papel opcional para 520 folhas x 1 (520 folhas 80g \/ m\u00b2 550 folhas 75g \/ m\u00b2)<\/li>\n<li>Sa\u00edda: Bandeja de sa\u00edda de 150 folhas<\/li>\n<li>Capacidade m\u00e1xima de sa\u00edda: At\u00e9 150 folhas<\/li>\n<\/ul>\n<p>&nbsp;<\/p>\n<h4><\/h4>\n<h4><strong>Tamanhos de m\u00eddia suportados:<\/strong><\/h4>\n<ul>\n<li>Bandeja 1: A4, A5, A6, B5 (ISO), B5 (JIS), Of\u00edcio, Envelope (DL, C5, C6)<\/li>\n<li>Bandeja 2: A4, A5, A6, B5 (ISO), B5 (JIS), Oficio<\/li>\n<li>Bandeja 3: A4, A5, A6, B5 (ISO), B5 (JIS), Oficio<\/li>\n<\/ul>\n<p>&nbsp;<\/p>\n<h4><strong>Tamanhos de m\u00eddia personalizados:<\/strong><\/h4>\n<ul>\n<li>Bandeja 1: 76 x 127 a 216 x 356 mm<\/li>\n<li>Bandeja 2: 98 x 148 a 216 x 356 mm<\/li>\n<li>Bandeja 3: 98 x 148 a 216 x 356 mm<\/li>\n<\/ul>\n<p>&nbsp;<\/p>\n<h4><strong>Detalhes do Scanner:<\/strong><\/h4>\n<ul>\n<li>Tipo de scanner: Mesa, ADF<\/li>\n<li>Formato de arquivo: PDF, JPG, TIFF, XPS<\/li>\n<li>Resolu\u00e7\u00e3o de digitaliza\u00e7\u00e3o, \u00f3tica: At\u00e9 1200 dpi (mesa); At\u00e9 600 dpi (ADF)<\/li>\n<li>Tamanho da digitaliza\u00e7\u00e3o, m\u00e1ximo: 216 x 297 mm<\/li>\n<li>Tamanho de digitaliza\u00e7\u00e3o (ADF), m\u00e1ximo: 216 x 356 mm<\/li>\n<li>Tamanho de digitaliza\u00e7\u00e3o (ADF), m\u00ednimo: 145 x 145 mm<\/li>\n<li>Velocidade de digitaliza\u00e7\u00e3o (normal, A4): At\u00e9 24 ipm (preto e branco) \/ at\u00e9 12 ipm (colorido)<\/li>\n<li>Capacidade do alimentador autom\u00e1tico de documentos: 50 folhas<\/li>\n<li>Recursos padr\u00e3o de envio digital: Digitalize para e-mail; Digitalize para pasta (SMB, FTP); Digitalize para HDD; Digitalize para unidade USB; Digitalize para WSD; WSD Scan; Digitalize para o PC; PC Scan; Autentica\u00e7\u00e3o LDAP<\/li>\n<li>Formato de arquivo compat\u00edvel: GIF, PDF, XPS, JPEG<\/li>\n<\/ul>\n<p>&nbsp;<\/p>\n<h4><\/h4>\n<h4><strong>Detalhes copiadora:<\/strong><\/h4>\n<ul>\n<li>Velocidade de c\u00f3pia: Preto: at\u00e9 40 cpm<\/li>\n<li>Resolu\u00e7\u00e3o de c\u00f3pia (texto preto): At\u00e9 600 x 600 dpi<\/li>\n<li>Copiar configura\u00e7\u00f5es de redu\u00e7\u00e3o \/ amplia\u00e7\u00e3o: 25 a 400%<\/li>\n<li>C\u00f3pias (m\u00e1ximo): At\u00e9 99 c\u00f3pias<\/li>\n<\/ul>\n<p>&nbsp;<\/p>\n<h4><\/h4>\n<h4><strong>Requisitos do Sistema:<\/strong><\/h4>\n<ul>\n<li>Unidade de CD-ROM ou DVD ou conex\u00e3o \u00e0 Internet<\/li>\n<li>USB dedicado ou conex\u00e3o de rede ou conex\u00e3o sem fio<\/li>\n<li>200 MB de espa\u00e7o dispon\u00edvel no disco r\u00edgido<\/li>\n<\/ul>\n<p>&nbsp;<\/p>\n<h4><\/h4>\n<h4><strong>Detalhes do Fax:<\/strong><\/h4>\n<ul>\n<li>Enviando fax: Sim (preto e branco e colorido (enviar apenas))<\/li>\n<li>Velocidade de transmiss\u00e3o de fax: 33,6 kbps<\/li>\n<li>Mem\u00f3ria de fax: At\u00e9 500 p\u00e1ginas<\/li>\n<li>Resolu\u00e7\u00e3o de fax em preto (melhor): At\u00e9 300 x 300 dpi<\/li>\n<li>Discagens r\u00e1pidas de fax, n\u00famero m\u00e1ximo: At\u00e9 200 n\u00fameros<\/li>\n<li>Locais de transmiss\u00e3o de fax: 210<\/li>\n<\/ul>\n<p>&nbsp;<\/p>\n<h4><\/h4>\n<h4><strong>Sistemas operacionais compat\u00edveis:<\/strong><\/h4>\n<ul>\n<li>Windows 7 (32\/64 bits), Windows 2008 Server R2, Windows 8 (32\/64 bits), Windows 8.1 (32\/64 bits), Windows 10 (32\/64 bits), Windows 2012 Server, Windows 2016 Server (Windows 7 ou superior)<\/li>\n<\/ul>\n<p>&nbsp;<\/p>\n<h4><strong>Dimens\u00f5es (L x P x A):<\/strong><\/h4>\n<ul>\n<li>Dimens\u00f5es m\u00ednimas: 469 x 444,3 x 482,1 mm<\/li>\n<li>Dimens\u00f5es m\u00e1ximas: 469 x 479,5 x 628,7 mm<\/li>\n<\/ul>\n<p>&nbsp;<\/p>\n<h4><strong>Conte\u00fado da embalagem:<\/strong><\/h4>\n<ul>\n<li>Impressora HP Laser MFP 432fdn<\/li>\n<li>Cartucho de toner preto pr\u00e9-instalado (rendimento 3.000 p\u00e1ginas)<\/li>\n<li>Tambor de imagens (rendimento 30.000 p\u00e1ginas)<\/li>\n<li>Cabo de alimenta\u00e7\u00e3o<\/li>\n<li>Cabo de fax<\/li>\n<li>Cart\u00e3o de garantia<\/li>\n<li>Folha de errata<\/li>\n<li>Suporte para panfletos<\/li>\n<li>Guia de Configura\u00e7\u00e3o<\/li>\n<li>Folheto Regulat\u00f3rio<\/li>\n<li>Cabo inclu\u00eddo<\/li>\n<li>Sem cabo USB (Adquira o cabo USB separadamente)<\/li>\n<\/ul>\n<\/div>\n<p>&nbsp;<\/p>\n<div class=\"sc-7e0ca514-2 cKkhYq\" data-testid=\"InfoGarantia\">\n<div class=\"sc-7e0ca514-4 ikipIN\">\n<h4><strong>Garantia:<\/strong><\/h4>\n<\/div>\n<ul>\n<li class=\"sc-7e0ca514-3 lnNTXx\">1 ano de garantia (3 meses de garantia legal + 9 meses de garantia contratual junto ao fabricante)<\/li>\n<\/ul>\n<\/div>\n<p>&nbsp;<\/p>\n<div class=\"sc-7e0ca514-2 cKkhYq\" data-testid=\"InfoPeso\">\n<div class=\"sc-7e0ca514-4 ikipIN\">\n<h4>Peso:<\/h4>\n<\/div>\n<ul>\n<li class=\"sc-7e0ca514-3 lnNTXx\">32364 gramas (bruto com embalagem)<\/li>\n<\/ul>\n<\/div>\n<\/div>\n\t\t<\/div>\n\t\t[\/vc_column][\/vc_row]<\/p>\n<\/div>","protected":false},"excerpt":{"rendered":"<p><strong>C\u00f3digo:<\/strong> <span style=\"color: #2a2a2a;\"><strong>41839<\/strong><\/span>\u00a0 \u00a0|\u00a0 \u00a0<strong>Mais produtos: <a href=\"https:\/\/elektrotec.com.br\/loja\/loja\/?filter_marcas=hp\">HP<\/a><\/strong>\u00a0 \u00a0|\u00a0 \u00a0<a href=\"https:\/\/elektrotec.com.br\/loja\/produto\/multifuncional-hp-laserjet-m432fdn-laser-mono-110v-7uq76a\/#codigo-41839\"><strong>Descri\u00e7\u00e3o do produto<\/strong><\/a><\/p>\n","protected":false},"featured_media":4407,"comment_status":"open","ping_status":"closed","template":"","meta":{"pagelayer_contact_templates":[],"_pagelayer_content":"","_mbp_gutenberg_autopost":false},"pwb-brand":[],"product_brand":[],"product_cat":[26,70,77,241],"product_tag":[],"class_list":{"0":"post-4405","1":"product","2":"type-product","3":"status-publish","4":"has-post-thumbnail","6":"product_cat-escritorio-e-papelaria","7":"product_cat-impressao-e-imagem","8":"product_cat-impressora-laser-mono","9":"product_cat-suprimentos-corporativos","10":"product_shipping_class-logistica-quioske","12":"first","13":"instock","14":"shipping-taxable","15":"purchasable","16":"product-type-simple"},"yoast_head":"<!-- This site is optimized with the Yoast SEO plugin v27.2 - https:\/\/yoast.com\/product\/yoast-seo-wordpress\/ -->\n<title>Multifuncional HP Laserjet M432FDN, Laser, Mono, 110V - 7UQ76A | Elektrotec Store<\/title>\n<meta name=\"description\" content=\"Impressora HP Laser MFP 432fdn: alta velocidade, alta resolu\u00e7\u00e3o, e alta capacidade de impress\u00e3o. Ideal para trabalhos com grande volume de impress\u00e3o.\" \/>\n<meta name=\"robots\" content=\"index, follow, max-snippet:-1, max-image-preview:large, max-video-preview:-1\" \/>\n<link rel=\"canonical\" href=\"https:\/\/elektrotec.com.br\/loja\/produto\/multifuncional-hp-laserjet-m432fdn-laser-mono-110v-7uq76a\/\" \/>\n<meta property=\"og:locale\" content=\"pt_BR\" \/>\n<meta property=\"og:type\" content=\"article\" \/>\n<meta property=\"og:title\" content=\"Multifuncional HP Laserjet M432FDN, Laser, Mono, 110V - 7UQ76A | Elektrotec Store\" \/>\n<meta property=\"og:description\" content=\"Impressora HP Laser MFP 432fdn: alta velocidade, alta resolu\u00e7\u00e3o, e alta capacidade de impress\u00e3o. Ideal para trabalhos com grande volume de impress\u00e3o.\" \/>\n<meta property=\"og:url\" content=\"https:\/\/elektrotec.com.br\/loja\/produto\/multifuncional-hp-laserjet-m432fdn-laser-mono-110v-7uq76a\/\" \/>\n<meta property=\"og:site_name\" content=\"Elektrotec Store\" \/>\n<meta property=\"article:modified_time\" content=\"2025-10-30T00:24:42+00:00\" \/>\n<meta property=\"og:image\" content=\"https:\/\/elektrotec.com.br\/loja\/wp-content\/uploads\/2025\/02\/Multifuncional-HP-Laserjet-M432FDN-Laser-Mono-110V-7UQ76A-1.jpg\" \/>\n\t<meta property=\"og:image:width\" content=\"700\" \/>\n\t<meta property=\"og:image:height\" content=\"800\" \/>\n\t<meta property=\"og:image:type\" content=\"image\/jpeg\" \/>\n<meta name=\"twitter:card\" content=\"summary_large_image\" \/>\n<meta name=\"twitter:label1\" content=\"Est. tempo de leitura\" \/>\n\t<meta name=\"twitter:data1\" content=\"6 minutos\" \/>\n<script type=\"application\/ld+json\" class=\"yoast-schema-graph\">{\"@context\":\"https:\/\/schema.org\",\"@graph\":[{\"@type\":\"WebPage\",\"@id\":\"https:\/\/elektrotec.com.br\/loja\/produto\/multifuncional-hp-laserjet-m432fdn-laser-mono-110v-7uq76a\/\",\"url\":\"https:\/\/elektrotec.com.br\/loja\/produto\/multifuncional-hp-laserjet-m432fdn-laser-mono-110v-7uq76a\/\",\"name\":\"Multifuncional HP Laserjet M432FDN, Laser, Mono, 110V - 7UQ76A | Elektrotec Store\",\"isPartOf\":{\"@id\":\"https:\/\/elektrotec.com.br\/loja\/#website\"},\"primaryImageOfPage\":{\"@id\":\"https:\/\/elektrotec.com.br\/loja\/produto\/multifuncional-hp-laserjet-m432fdn-laser-mono-110v-7uq76a\/#primaryimage\"},\"image\":{\"@id\":\"https:\/\/elektrotec.com.br\/loja\/produto\/multifuncional-hp-laserjet-m432fdn-laser-mono-110v-7uq76a\/#primaryimage\"},\"thumbnailUrl\":\"https:\/\/i0.wp.com\/elektrotec.com.br\/loja\/wp-content\/uploads\/2025\/02\/Multifuncional-HP-Laserjet-M432FDN-Laser-Mono-110V-7UQ76A-1.jpg?fit=700%2C800&ssl=1\",\"datePublished\":\"2025-10-29T16:00:05+00:00\",\"dateModified\":\"2025-10-30T00:24:42+00:00\",\"description\":\"Impressora HP Laser MFP 432fdn: alta velocidade, alta resolu\u00e7\u00e3o, e alta capacidade de impress\u00e3o. Ideal para trabalhos com grande volume de impress\u00e3o.\",\"breadcrumb\":{\"@id\":\"https:\/\/elektrotec.com.br\/loja\/produto\/multifuncional-hp-laserjet-m432fdn-laser-mono-110v-7uq76a\/#breadcrumb\"},\"inLanguage\":\"pt-BR\",\"potentialAction\":[{\"@type\":\"ReadAction\",\"target\":[\"https:\/\/elektrotec.com.br\/loja\/produto\/multifuncional-hp-laserjet-m432fdn-laser-mono-110v-7uq76a\/\"]}]},{\"@type\":\"ImageObject\",\"inLanguage\":\"pt-BR\",\"@id\":\"https:\/\/elektrotec.com.br\/loja\/produto\/multifuncional-hp-laserjet-m432fdn-laser-mono-110v-7uq76a\/#primaryimage\",\"url\":\"https:\/\/i0.wp.com\/elektrotec.com.br\/loja\/wp-content\/uploads\/2025\/02\/Multifuncional-HP-Laserjet-M432FDN-Laser-Mono-110V-7UQ76A-1.jpg?fit=700%2C800&ssl=1\",\"contentUrl\":\"https:\/\/i0.wp.com\/elektrotec.com.br\/loja\/wp-content\/uploads\/2025\/02\/Multifuncional-HP-Laserjet-M432FDN-Laser-Mono-110V-7UQ76A-1.jpg?fit=700%2C800&ssl=1\",\"width\":700,\"height\":800},{\"@type\":\"BreadcrumbList\",\"@id\":\"https:\/\/elektrotec.com.br\/loja\/produto\/multifuncional-hp-laserjet-m432fdn-laser-mono-110v-7uq76a\/#breadcrumb\",\"itemListElement\":[{\"@type\":\"ListItem\",\"position\":1,\"name\":\"Home\",\"item\":\"https:\/\/elektrotec.com.br\/loja\/\"},{\"@type\":\"ListItem\",\"position\":2,\"name\":\"Ofertas do dia \u26a1\",\"item\":\"https:\/\/elektrotec.com.br\/loja\/loja\/\"},{\"@type\":\"ListItem\",\"position\":3,\"name\":\"Multifuncional HP Laserjet M432FDN, Laser, Mono, 110V &#8211; 7UQ76A\"}]},{\"@type\":\"WebSite\",\"@id\":\"https:\/\/elektrotec.com.br\/loja\/#website\",\"url\":\"https:\/\/elektrotec.com.br\/loja\/\",\"name\":\"Elektrotec Store\",\"description\":\"Solu\u00e7\u00f5es em Energia e Automa\u00e7\u00e3o Industrial\",\"publisher\":{\"@id\":\"https:\/\/elektrotec.com.br\/loja\/#organization\"},\"potentialAction\":[{\"@type\":\"SearchAction\",\"target\":{\"@type\":\"EntryPoint\",\"urlTemplate\":\"https:\/\/elektrotec.com.br\/loja\/?s={search_term_string}\"},\"query-input\":{\"@type\":\"PropertyValueSpecification\",\"valueRequired\":true,\"valueName\":\"search_term_string\"}}],\"inLanguage\":\"pt-BR\"},{\"@type\":\"Organization\",\"@id\":\"https:\/\/elektrotec.com.br\/loja\/#organization\",\"name\":\"Elektrotec\",\"url\":\"https:\/\/elektrotec.com.br\/loja\/\",\"logo\":{\"@type\":\"ImageObject\",\"inLanguage\":\"pt-BR\",\"@id\":\"https:\/\/elektrotec.com.br\/loja\/#\/schema\/logo\/image\/\",\"url\":\"https:\/\/i0.wp.com\/elektrotec.com.br\/loja\/wp-content\/uploads\/2025\/05\/Logo-site-Elektrotec-Energy-1.webp?fit=270%2C70&ssl=1\",\"contentUrl\":\"https:\/\/i0.wp.com\/elektrotec.com.br\/loja\/wp-content\/uploads\/2025\/05\/Logo-site-Elektrotec-Energy-1.webp?fit=270%2C70&ssl=1\",\"width\":270,\"height\":70,\"caption\":\"Elektrotec\"},\"image\":{\"@id\":\"https:\/\/elektrotec.com.br\/loja\/#\/schema\/logo\/image\/\"}}]}<\/script>\n<!-- \/ Yoast SEO plugin. -->","yoast_head_json":{"title":"Multifuncional HP Laserjet M432FDN, Laser, Mono, 110V - 7UQ76A | Elektrotec Store","description":"Impressora HP Laser MFP 432fdn: alta velocidade, alta resolu\u00e7\u00e3o, e alta capacidade de impress\u00e3o. Ideal para trabalhos com grande volume de impress\u00e3o.","robots":{"index":"index","follow":"follow","max-snippet":"max-snippet:-1","max-image-preview":"max-image-preview:large","max-video-preview":"max-video-preview:-1"},"canonical":"https:\/\/elektrotec.com.br\/loja\/produto\/multifuncional-hp-laserjet-m432fdn-laser-mono-110v-7uq76a\/","og_locale":"pt_BR","og_type":"article","og_title":"Multifuncional HP Laserjet M432FDN, Laser, Mono, 110V - 7UQ76A | Elektrotec Store","og_description":"Impressora HP Laser MFP 432fdn: alta velocidade, alta resolu\u00e7\u00e3o, e alta capacidade de impress\u00e3o. Ideal para trabalhos com grande volume de impress\u00e3o.","og_url":"https:\/\/elektrotec.com.br\/loja\/produto\/multifuncional-hp-laserjet-m432fdn-laser-mono-110v-7uq76a\/","og_site_name":"Elektrotec Store","article_modified_time":"2025-10-30T00:24:42+00:00","og_image":[{"width":700,"height":800,"url":"https:\/\/elektrotec.com.br\/loja\/wp-content\/uploads\/2025\/02\/Multifuncional-HP-Laserjet-M432FDN-Laser-Mono-110V-7UQ76A-1.jpg","type":"image\/jpeg"}],"twitter_card":"summary_large_image","twitter_misc":{"Est. tempo de leitura":"6 minutos"},"schema":{"@context":"https:\/\/schema.org","@graph":[{"@type":"WebPage","@id":"https:\/\/elektrotec.com.br\/loja\/produto\/multifuncional-hp-laserjet-m432fdn-laser-mono-110v-7uq76a\/","url":"https:\/\/elektrotec.com.br\/loja\/produto\/multifuncional-hp-laserjet-m432fdn-laser-mono-110v-7uq76a\/","name":"Multifuncional HP Laserjet M432FDN, Laser, Mono, 110V - 7UQ76A | Elektrotec Store","isPartOf":{"@id":"https:\/\/elektrotec.com.br\/loja\/#website"},"primaryImageOfPage":{"@id":"https:\/\/elektrotec.com.br\/loja\/produto\/multifuncional-hp-laserjet-m432fdn-laser-mono-110v-7uq76a\/#primaryimage"},"image":{"@id":"https:\/\/elektrotec.com.br\/loja\/produto\/multifuncional-hp-laserjet-m432fdn-laser-mono-110v-7uq76a\/#primaryimage"},"thumbnailUrl":"https:\/\/i0.wp.com\/elektrotec.com.br\/loja\/wp-content\/uploads\/2025\/02\/Multifuncional-HP-Laserjet-M432FDN-Laser-Mono-110V-7UQ76A-1.jpg?fit=700%2C800&ssl=1","datePublished":"2025-10-29T16:00:05+00:00","dateModified":"2025-10-30T00:24:42+00:00","description":"Impressora HP Laser MFP 432fdn: alta velocidade, alta resolu\u00e7\u00e3o, e alta capacidade de impress\u00e3o. Ideal para trabalhos com grande volume de impress\u00e3o.","breadcrumb":{"@id":"https:\/\/elektrotec.com.br\/loja\/produto\/multifuncional-hp-laserjet-m432fdn-laser-mono-110v-7uq76a\/#breadcrumb"},"inLanguage":"pt-BR","potentialAction":[{"@type":"ReadAction","target":["https:\/\/elektrotec.com.br\/loja\/produto\/multifuncional-hp-laserjet-m432fdn-laser-mono-110v-7uq76a\/"]}]},{"@type":"ImageObject","inLanguage":"pt-BR","@id":"https:\/\/elektrotec.com.br\/loja\/produto\/multifuncional-hp-laserjet-m432fdn-laser-mono-110v-7uq76a\/#primaryimage","url":"https:\/\/i0.wp.com\/elektrotec.com.br\/loja\/wp-content\/uploads\/2025\/02\/Multifuncional-HP-Laserjet-M432FDN-Laser-Mono-110V-7UQ76A-1.jpg?fit=700%2C800&ssl=1","contentUrl":"https:\/\/i0.wp.com\/elektrotec.com.br\/loja\/wp-content\/uploads\/2025\/02\/Multifuncional-HP-Laserjet-M432FDN-Laser-Mono-110V-7UQ76A-1.jpg?fit=700%2C800&ssl=1","width":700,"height":800},{"@type":"BreadcrumbList","@id":"https:\/\/elektrotec.com.br\/loja\/produto\/multifuncional-hp-laserjet-m432fdn-laser-mono-110v-7uq76a\/#breadcrumb","itemListElement":[{"@type":"ListItem","position":1,"name":"Home","item":"https:\/\/elektrotec.com.br\/loja\/"},{"@type":"ListItem","position":2,"name":"Ofertas do dia \u26a1","item":"https:\/\/elektrotec.com.br\/loja\/loja\/"},{"@type":"ListItem","position":3,"name":"Multifuncional HP Laserjet M432FDN, Laser, Mono, 110V &#8211; 7UQ76A"}]},{"@type":"WebSite","@id":"https:\/\/elektrotec.com.br\/loja\/#website","url":"https:\/\/elektrotec.com.br\/loja\/","name":"Elektrotec Store","description":"Solu\u00e7\u00f5es em Energia e Automa\u00e7\u00e3o Industrial","publisher":{"@id":"https:\/\/elektrotec.com.br\/loja\/#organization"},"potentialAction":[{"@type":"SearchAction","target":{"@type":"EntryPoint","urlTemplate":"https:\/\/elektrotec.com.br\/loja\/?s={search_term_string}"},"query-input":{"@type":"PropertyValueSpecification","valueRequired":true,"valueName":"search_term_string"}}],"inLanguage":"pt-BR"},{"@type":"Organization","@id":"https:\/\/elektrotec.com.br\/loja\/#organization","name":"Elektrotec","url":"https:\/\/elektrotec.com.br\/loja\/","logo":{"@type":"ImageObject","inLanguage":"pt-BR","@id":"https:\/\/elektrotec.com.br\/loja\/#\/schema\/logo\/image\/","url":"https:\/\/i0.wp.com\/elektrotec.com.br\/loja\/wp-content\/uploads\/2025\/05\/Logo-site-Elektrotec-Energy-1.webp?fit=270%2C70&ssl=1","contentUrl":"https:\/\/i0.wp.com\/elektrotec.com.br\/loja\/wp-content\/uploads\/2025\/05\/Logo-site-Elektrotec-Energy-1.webp?fit=270%2C70&ssl=1","width":270,"height":70,"caption":"Elektrotec"},"image":{"@id":"https:\/\/elektrotec.com.br\/loja\/#\/schema\/logo\/image\/"}}]}},"jetpack_sharing_enabled":true,"brands":[],"_links":{"self":[{"href":"https:\/\/elektrotec.com.br\/loja\/wp-json\/wp\/v2\/product\/4405","targetHints":{"allow":["GET"]}}],"collection":[{"href":"https:\/\/elektrotec.com.br\/loja\/wp-json\/wp\/v2\/product"}],"about":[{"href":"https:\/\/elektrotec.com.br\/loja\/wp-json\/wp\/v2\/types\/product"}],"replies":[{"embeddable":true,"href":"https:\/\/elektrotec.com.br\/loja\/wp-json\/wp\/v2\/comments?post=4405"}],"wp:featuredmedia":[{"embeddable":true,"href":"https:\/\/elektrotec.com.br\/loja\/wp-json\/wp\/v2\/media\/4407"}],"wp:attachment":[{"href":"https:\/\/elektrotec.com.br\/loja\/wp-json\/wp\/v2\/media?parent=4405"}],"wp:term":[{"taxonomy":"pwb-brand","embeddable":true,"href":"https:\/\/elektrotec.com.br\/loja\/wp-json\/wp\/v2\/pwb-brand?post=4405"},{"taxonomy":"product_brand","embeddable":true,"href":"https:\/\/elektrotec.com.br\/loja\/wp-json\/wp\/v2\/product_brand?post=4405"},{"taxonomy":"product_cat","embeddable":true,"href":"https:\/\/elektrotec.com.br\/loja\/wp-json\/wp\/v2\/product_cat?post=4405"},{"taxonomy":"product_tag","embeddable":true,"href":"https:\/\/elektrotec.com.br\/loja\/wp-json\/wp\/v2\/product_tag?post=4405"}],"curies":[{"name":"wp","href":"https:\/\/api.w.org\/{rel}","templated":true}]}}