{"id":4354,"date":"2025-02-14T21:18:52","date_gmt":"2025-02-15T00:18:52","guid":{"rendered":"https:\/\/quioske.com.br\/?post_type=product&#038;p=4354"},"modified":"2025-02-25T18:50:39","modified_gmt":"2025-02-25T21:50:39","slug":"impressora-hp-laser-pro-4003dw-mono-wifi-bluetooth-ethernet-usb-branco-2z610a_696impressora-hp-laser-pro-4003dw-mono-wifi-bluetooth-ethernet-usb-branco-2z610a696","status":"publish","type":"product","link":"https:\/\/elektrotec.com.br\/loja\/produto\/impressora-hp-laser-pro-4003dw-mono-wifi-bluetooth-ethernet-usb-branco-2z610a_696impressora-hp-laser-pro-4003dw-mono-wifi-bluetooth-ethernet-usb-branco-2z610a696\/","title":{"rendered":"Impressora HP Laser Pro 4003DW Mono, Wifi, Bluetooth, Ethernet, USB, Branco &#8211; 2Z610A_696"},"content":{"rendered":"<div class=\"wpb-content-wrapper\"><p>[vc_row css=&#8221;.vc_custom_1739578870905{margin-bottom: 20px !important;}&#8221; woodmart_css_id=&#8221;67afde0a8b78c&#8221; responsive_spacing=&#8221;eyJwYXJhbV90eXBlIjoid29vZG1hcnRfcmVzcG9uc2l2ZV9zcGFjaW5nIiwic2VsZWN0b3JfaWQiOiI2N2FmZGUwYThiNzhjIiwic2hvcnRjb2RlIjoidmNfcm93IiwiZGF0YSI6eyJ0YWJsZXQiOnsibWFyZ2luLWJvdHRvbSI6IjYwcHgifSwibW9iaWxlIjp7Im1hcmdpbi1ib3R0b20iOiI0MHB4In19fQ==&#8221; mobile_bg_img_hidden=&#8221;no&#8221; tablet_bg_img_hidden=&#8221;no&#8221; woodmart_parallax=&#8221;0&#8243; woodmart_gradient_switch=&#8221;no&#8221; woodmart_box_shadow=&#8221;no&#8221; wd_z_index=&#8221;no&#8221; woodmart_disable_overflow=&#8221;0&#8243; row_reverse_mobile=&#8221;0&#8243; row_reverse_tablet=&#8221;0&#8243; el_id=&#8221;codigo-63240&#8243;][vc_column css=&#8221;.vc_custom_1666272391679{padding-top: 0px !important;}&#8221; woodmart_css_id=&#8221;63514c8260958&#8243; parallax_scroll=&#8221;no&#8221; woodmart_sticky_column=&#8221;false&#8221; wd_collapsible_content_switcher=&#8221;no&#8221; wd_column_role_offcanvas_desktop=&#8221;no&#8221; wd_column_role_offcanvas_tablet=&#8221;no&#8221; wd_column_role_offcanvas_mobile=&#8221;no&#8221; wd_column_role_content_desktop=&#8221;no&#8221; wd_column_role_content_tablet=&#8221;no&#8221; wd_column_role_content_mobile=&#8221;no&#8221; mobile_bg_img_hidden=&#8221;no&#8221; tablet_bg_img_hidden=&#8221;no&#8221; woodmart_parallax=&#8221;0&#8243; woodmart_box_shadow=&#8221;no&#8221; responsive_spacing=&#8221;eyJwYXJhbV90eXBlIjoid29vZG1hcnRfcmVzcG9uc2l2ZV9zcGFjaW5nIiwic2VsZWN0b3JfaWQiOiI2MzUxNGM4MjYwOTU4Iiwic2hvcnRjb2RlIjoidmNfY29sdW1uIiwiZGF0YSI6eyJ0YWJsZXQiOnt9LCJtb2JpbGUiOnt9fX0=&#8221; mobile_reset_margin=&#8221;no&#8221; tablet_reset_margin=&#8221;no&#8221; wd_z_index=&#8221;no&#8221;]\t\t<div id=\"wd-67afe25b0ec3d\" class=\"wd-text-block wd-wpb reset-last-child wd-rs-67afe25b0ec3d text-left vc_custom_1739580016899\">\n\t\t\t<p><img data-recalc-dims=\"1\" loading=\"lazy\" decoding=\"async\" class=\"aligncenter wp-image-4360\" src=\"https:\/\/i0.wp.com\/elektrotec.com.br\/loja\/wp-content\/uploads\/2025\/02\/Impressora-HP-Laser-Pro-4003DW-Mono-Wifi-Bluetooth-Ethernet-USB-Branco-2Z610A_696-4.jpg?resize=1200%2C1701&#038;ssl=1\" alt=\"\" width=\"1200\" height=\"1701\" srcset=\"https:\/\/i0.wp.com\/elektrotec.com.br\/loja\/wp-content\/uploads\/2025\/02\/Impressora-HP-Laser-Pro-4003DW-Mono-Wifi-Bluetooth-Ethernet-USB-Branco-2Z610A_696-4.jpg?resize=212%2C300&amp;ssl=1 212w, https:\/\/i0.wp.com\/elektrotec.com.br\/loja\/wp-content\/uploads\/2025\/02\/Impressora-HP-Laser-Pro-4003DW-Mono-Wifi-Bluetooth-Ethernet-USB-Branco-2Z610A_696-4.jpg?resize=722%2C1024&amp;ssl=1 722w, https:\/\/i0.wp.com\/elektrotec.com.br\/loja\/wp-content\/uploads\/2025\/02\/Impressora-HP-Laser-Pro-4003DW-Mono-Wifi-Bluetooth-Ethernet-USB-Branco-2Z610A_696-4.jpg?resize=768%2C1089&amp;ssl=1 768w, https:\/\/i0.wp.com\/elektrotec.com.br\/loja\/wp-content\/uploads\/2025\/02\/Impressora-HP-Laser-Pro-4003DW-Mono-Wifi-Bluetooth-Ethernet-USB-Branco-2Z610A_696-4.jpg?resize=150%2C213&amp;ssl=1 150w, https:\/\/i0.wp.com\/elektrotec.com.br\/loja\/wp-content\/uploads\/2025\/02\/Impressora-HP-Laser-Pro-4003DW-Mono-Wifi-Bluetooth-Ethernet-USB-Branco-2Z610A_696-4.jpg?w=994&amp;ssl=1 994w\" sizes=\"auto, (max-width: 1000px) 100vw, 1000px\" \/><\/p>\n\t\t<\/div>\n\t\t[\/vc_column][\/vc_row][vc_row][vc_column][vc_separator border_width=&#8221;3&#8243; css=&#8221;.vc_custom_1739311569799{margin-top: 50px !important;margin-bottom: 50px !important;}&#8221; wd_hide_on_desktop=&#8221;no&#8221; wd_hide_on_tablet=&#8221;no&#8221; wd_hide_on_mobile=&#8221;no&#8221;][\/vc_column][\/vc_row][vc_row woodmart_css_id=&#8221;6377819b27d07&#8243; responsive_spacing=&#8221;eyJwYXJhbV90eXBlIjoid29vZG1hcnRfcmVzcG9uc2l2ZV9zcGFjaW5nIiwic2VsZWN0b3JfaWQiOiI2Mzc3ODE5YjI3ZDA3Iiwic2hvcnRjb2RlIjoidmNfcm93IiwiZGF0YSI6eyJ0YWJsZXQiOnt9LCJtb2JpbGUiOnt9fX0=&#8221; mobile_bg_img_hidden=&#8221;no&#8221; tablet_bg_img_hidden=&#8221;no&#8221; woodmart_parallax=&#8221;0&#8243; woodmart_gradient_switch=&#8221;no&#8221; woodmart_box_shadow=&#8221;no&#8221; wd_z_index=&#8221;no&#8221; woodmart_disable_overflow=&#8221;0&#8243; row_reverse_mobile=&#8221;0&#8243; row_reverse_tablet=&#8221;0&#8243;][vc_column css=&#8221;.vc_custom_1666272699823{padding-top: 0px !important;}&#8221; woodmart_css_id=&#8221;63514db6c5d19&#8243; parallax_scroll=&#8221;no&#8221; woodmart_sticky_column=&#8221;false&#8221; wd_collapsible_content_switcher=&#8221;no&#8221; wd_column_role_offcanvas_desktop=&#8221;no&#8221; wd_column_role_offcanvas_tablet=&#8221;no&#8221; wd_column_role_offcanvas_mobile=&#8221;no&#8221; wd_column_role_content_desktop=&#8221;no&#8221; wd_column_role_content_tablet=&#8221;no&#8221; wd_column_role_content_mobile=&#8221;no&#8221; mobile_bg_img_hidden=&#8221;no&#8221; tablet_bg_img_hidden=&#8221;no&#8221; woodmart_parallax=&#8221;0&#8243; woodmart_box_shadow=&#8221;no&#8221; responsive_spacing=&#8221;eyJwYXJhbV90eXBlIjoid29vZG1hcnRfcmVzcG9uc2l2ZV9zcGFjaW5nIiwic2VsZWN0b3JfaWQiOiI2MzUxNGRiNmM1ZDE5Iiwic2hvcnRjb2RlIjoidmNfY29sdW1uIiwiZGF0YSI6eyJ0YWJsZXQiOnt9LCJtb2JpbGUiOnt9fX0=&#8221; mobile_reset_margin=&#8221;no&#8221; tablet_reset_margin=&#8221;no&#8221; wd_z_index=&#8221;no&#8221;]\n\t\t<div id=\"wd-67abcc28acf5b\" class=\"title-wrapper wd-wpb wd-set-mb reset-last-child  wd-rs-67abcc28acf5b wd-title-color-default wd-title-style-default text-left vc_custom_1739312177856 wd-underline-colored\">\n\t\t\t\n\t\t\t<div class=\"liner-continer\">\n\t\t\t\t<h4 class=\"woodmart-title-container title  wd-font-weight- wd-fontsize-m\" >\ud83d\udccc Especifica\u00e7\u00f5es T\u00e9cnicas:<\/h4>\n\t\t\t\t\t\t\t<\/div>\n\t\t\t\n\t\t\t\n\t\t\t\n\t\t<\/div>\n\t\t\n\t\t\t\t<div id=\"wd-67afe3b194128\" class=\"wd-text-block wd-wpb reset-last-child wd-rs-67afe3b194128 text-left \">\n\t\t\t<h4>Especifica\u00e7\u00f5es:<\/h4>\n<div class=\"sc-7e0ca514-1 GiPKU\">\n<ul>\n<li>Fun\u00e7\u00e3o: Impress\u00e3o<\/li>\n<li>Velocidade de Impress\u00e3o (A4 \/ Carta) 40 \/ 42 ppm<\/li>\n<li>Ciclo de trabalho M\u00e1ximo M\u00eas At\u00e9 80.000 P\u00e1ginas<\/li>\n<li>Volume Mensal Recomendado At\u00e9 4.000 P\u00e1ginas<\/li>\n<li>Processador 1.2Ghz<\/li>\n<li>Mem\u00f3ria (Padr\u00e3o \/ M\u00e1ximo) 256MB \/ 256MB<\/li>\n<li>Armazenamento Sem suporte<\/li>\n<li>Resolu\u00e7\u00e3o de Impress\u00e3o 1200 x 1200dpi<\/li>\n<li>Linguagem de Impress\u00e3o HP PCL 6, HP PCL 5e, HP postscript level 3, PDF, URF, Native Office, PWG Raster<\/li>\n<li>Duplex Autom\u00e1tico Integrado (Padr\u00e3o)<\/li>\n<li>Painel de opera\u00e7\u00e3o LCD<\/li>\n<li>Dimens\u00f5es (L x P x A) Min. 381 x 357 x 216 mm| Max. 381 x 634 x 241 mm<\/li>\n<\/ul>\n<p>&nbsp;<\/p>\n<h4><strong>Conectividade<\/strong><\/h4>\n<ul>\n<li>1 Hi-Speed USB 2.0; 1 host USB at rear side;Gigabit Ethernet<\/li>\n<li>10\/100\/1000BASE-T network; 802.11b\/g\/n \/ 2.4 \/ 5 GHZ Wi-Fi radio +<\/li>\n<li>Bluetooth; 802.3az(EEE)<\/li>\n<\/ul>\n<p>&nbsp;<\/p>\n<h4><\/h4>\n<h4><strong>Mobilidade<\/strong><\/h4>\n<ul>\n<li>HP Smart App; Apple AirPrintTM; MopriaTM Certified; Wi-Fi\u00ae Direct printing; HP ROAM For Business; Optional ROAM Queue Printing<\/li>\n<\/ul>\n<p>&nbsp;<\/p>\n<h4><\/h4>\n<h4><strong>Sistemas operacionais:<\/strong><\/h4>\n<ul>\n<li>Windows 11; Windows 10; Windows 7; Windows Client OS; Android; iOS; Mobile OS; macOS 10.15 Catalina; macOS 11 Big Sur; macOS 12 Monterey, Windows 8; Windows Server; Linux; Citrix; Novell<\/li>\n<\/ul>\n<p>&nbsp;<\/p>\n<h4><strong>Protocolos de rede e seguran\u00e7a<\/strong><\/h4>\n<ul>\n<li>TCP\/IP, IPv4, IPv6; Print: TCP-IP port 9100 Direct Mode, LPD (raw queue support only), Apple AirPrintTM, Mopria, IPP Print; Discovery: SLP, Bonjour, Web Services Discovery; IP Config: IPv4 (BootP, DHCP, AutoIP, Manual), IPv6 (Stateless Link-Local and via Router, Statefull via DHCPv6), SSL Security and Certificate management; Management: SNMPv1, SNMPv2, SNMPv3, HTTP\/HTTPS, Syslog<\/li>\n<\/ul>\n<p>&nbsp;<\/p>\n<h4><\/h4>\n<h4><strong>Energia:<\/strong><\/h4>\n<ul>\n<li>Requisitos de energia 110 a 127 VAC (+\/- 10%), 60 Hz<\/li>\n<li>Pot\u00eancia (Wats) 495w (opera\u00e7\u00e3o), 5.5w (Pronto), 0.5w (sleep)<\/li>\n<\/ul>\n<p>&nbsp;<\/p>\n<h4><strong>Entrada de Papel<\/strong><\/h4>\n<ul>\n<li>Gaveta Padr\u00e3o 250 Folhas e Bandeja Manual 100 Folhas<\/li>\n<li>Gramatura (g\/m2) Bandeja Manual 60 a 200g\/m2; Gaveta 60 a 120g\/m2<\/li>\n<li>Capacidade M\u00e1xima de Papel At\u00e9 900 Folhas (Com opcional de 550 Folhas)<\/li>\n<li>Tamanho de Papel At\u00e9 Of\u00edcio (216 x 356mm)<\/li>\n<li>Sa\u00edda de Papel 150 Folhas<\/li>\n<\/ul>\n<p>&nbsp;<\/p>\n<h4><strong>Tamanho de papel Suportado<\/strong><\/h4>\n<ul>\n<li>Customizado: Band. Manual 1: 76.2 x 127 a 215.9 x 355.6 mm; Bandejas 2, 3: 104.9 x 148.59 a 215.9 x 355.6 mm<\/li>\n<li>Suportado: Bandeja Manual 1: A4; A5; A6; B5 (JIS); Oficio (216 x 340mm); 16K (195 x 270 mm); 16K (184 x 260 mm); 16K (197 x 273 mm);Envelope #10; Envelope Monarch; Envelope B5; Envelope C5; Envelope DL; Custom Size; 4 x 6 in; 5 x 8 in;<\/li>\n<li>Bandeja 2 e 3: A4; A5; A6; B5 (JIS); Of\u00edcio (216 x 340 mm); 16K (195 x 270 mm); 16K (184 x 260 mm); 16K (197 x 273 mm); Custom Size; A5-R; 4 x 6 in; B6 (JIS)<\/li>\n<\/ul>\n<h4><\/h4>\n<h4><\/h4>\n<h4><strong>Conte\u00fado da embalagem:<\/strong><\/h4>\n<ul>\n<li>Impressora Multifuncional HP<\/li>\n<\/ul>\n<\/div>\n<p>&nbsp;<\/p>\n<div class=\"sc-7e0ca514-2 cKkhYq\" data-testid=\"InfoGarantia\">\n<div class=\"sc-7e0ca514-4 ikipIN\">\n<h4>Garantia:<\/h4>\n<\/div>\n<ul>\n<li class=\"sc-7e0ca514-3 lnNTXx\">1 ano de garantia<\/li>\n<\/ul>\n<\/div>\n<div class=\"sc-7e0ca514-2 cKkhYq\" data-testid=\"InfoPeso\">\n<div class=\"sc-7e0ca514-4 ikipIN\">\n<h3><\/h3>\n<h4><\/h4>\n<p>&nbsp;<\/p>\n<h4>Peso:<\/h4>\n<\/div>\n<ul>\n<li class=\"sc-7e0ca514-3 lnNTXx\">10160 gramas (bruto com embalagem)<\/li>\n<\/ul>\n<\/div>\n<p>&nbsp;<\/p>\n<div class=\"sc-7e0ca514-2 cKkhYq\" data-testid=\"InfoC\u00f3digo Anatel\">\n<div class=\"sc-7e0ca514-4 ikipIN\">\n<h4><\/h4>\n<h4>C\u00f3digo Anatel:<\/h4>\n<\/div>\n<ul>\n<li class=\"sc-7e0ca514-3 lnNTXx\">012391802585<\/li>\n<\/ul>\n<\/div>\n\t\t<\/div>\n\t\t[\/vc_column][\/vc_row]<\/p>\n<\/div>","protected":false},"excerpt":{"rendered":"<p><strong>C\u00f3digo:<\/strong> <span style=\"color: #2a2a2a;\"><strong>63240<\/strong><\/span>\u00a0 \u00a0|\u00a0 \u00a0<strong>Mais produtos: <a href=\"https:\/\/elektrotec.com.br\/loja\/loja\/?filter_marcas=hp\">HP<\/a><\/strong>\u00a0 \u00a0|\u00a0 \u00a0<a href=\"https:\/\/elektrotec.com.br\/loja\/produto\/impressora-hp-laser-pro-4003dw-mono-wifi-bluetooth-ethernet-usb-branco-2z610a_696impressora-hp-laser-pro-4003dw-mono-wifi-bluetooth-ethernet-usb-branco-2z610a696\/#codigo-63240\"><strong>Descri\u00e7\u00e3o do produto<\/strong><\/a><\/p>\n","protected":false},"featured_media":4358,"comment_status":"open","ping_status":"closed","template":"","meta":{"pagelayer_contact_templates":[],"_pagelayer_content":"","_mbp_gutenberg_autopost":false},"pwb-brand":[],"product_brand":[],"product_cat":[26,70,77,241],"product_tag":[],"class_list":{"0":"post-4354","1":"product","2":"type-product","3":"status-publish","4":"has-post-thumbnail","6":"product_cat-escritorio-e-papelaria","7":"product_cat-impressao-e-imagem","8":"product_cat-impressora-laser-mono","9":"product_cat-suprimentos-corporativos","10":"product_shipping_class-logistica-quioske","12":"first","13":"instock","14":"shipping-taxable","15":"purchasable","16":"product-type-simple"},"yoast_head":"<!-- This site is optimized with the Yoast SEO plugin v27.2 - https:\/\/yoast.com\/product\/yoast-seo-wordpress\/ -->\n<title>Impressora HP Laser Pro 4003DW Mono, Wifi, Bluetooth, Ethernet, USB, Branco - 2Z610A_696 | Elektrotec Store<\/title>\n<meta name=\"description\" content=\"Impressora multifuncional HP com alta velocidade, conectividade avan\u00e7ada e suporte a diversos formatos de papel. Ideal para ambientes corporativos.\" \/>\n<meta name=\"robots\" content=\"index, follow, max-snippet:-1, max-image-preview:large, max-video-preview:-1\" \/>\n<link rel=\"canonical\" href=\"https:\/\/elektrotec.com.br\/loja\/produto\/impressora-hp-laser-pro-4003dw-mono-wifi-bluetooth-ethernet-usb-branco-2z610a_696impressora-hp-laser-pro-4003dw-mono-wifi-bluetooth-ethernet-usb-branco-2z610a696\/\" \/>\n<meta property=\"og:locale\" content=\"pt_BR\" \/>\n<meta property=\"og:type\" content=\"article\" \/>\n<meta property=\"og:title\" content=\"Impressora HP Laser Pro 4003DW Mono, Wifi, Bluetooth, Ethernet, USB, Branco - 2Z610A_696 | Elektrotec Store\" \/>\n<meta property=\"og:description\" content=\"Impressora multifuncional HP com alta velocidade, conectividade avan\u00e7ada e suporte a diversos formatos de papel. Ideal para ambientes corporativos.\" \/>\n<meta property=\"og:url\" content=\"https:\/\/elektrotec.com.br\/loja\/produto\/impressora-hp-laser-pro-4003dw-mono-wifi-bluetooth-ethernet-usb-branco-2z610a_696impressora-hp-laser-pro-4003dw-mono-wifi-bluetooth-ethernet-usb-branco-2z610a696\/\" \/>\n<meta property=\"og:site_name\" content=\"Elektrotec Store\" \/>\n<meta property=\"article:modified_time\" content=\"2025-02-25T21:50:39+00:00\" \/>\n<meta property=\"og:image\" content=\"https:\/\/elektrotec.com.br\/loja\/wp-content\/uploads\/2025\/02\/Impressora-HP-Laser-Pro-4003DW-Mono-Wifi-Bluetooth-Ethernet-USB-Branco-2Z610A_696-2.jpg\" \/>\n\t<meta property=\"og:image:width\" content=\"700\" \/>\n\t<meta property=\"og:image:height\" content=\"800\" \/>\n\t<meta property=\"og:image:type\" content=\"image\/jpeg\" \/>\n<meta name=\"twitter:card\" content=\"summary_large_image\" \/>\n<meta name=\"twitter:label1\" content=\"Est. tempo de leitura\" \/>\n\t<meta name=\"twitter:data1\" content=\"4 minutos\" \/>\n<script type=\"application\/ld+json\" class=\"yoast-schema-graph\">{\"@context\":\"https:\/\/schema.org\",\"@graph\":[{\"@type\":\"WebPage\",\"@id\":\"https:\/\/elektrotec.com.br\/loja\/produto\/impressora-hp-laser-pro-4003dw-mono-wifi-bluetooth-ethernet-usb-branco-2z610a_696impressora-hp-laser-pro-4003dw-mono-wifi-bluetooth-ethernet-usb-branco-2z610a696\/\",\"url\":\"https:\/\/elektrotec.com.br\/loja\/produto\/impressora-hp-laser-pro-4003dw-mono-wifi-bluetooth-ethernet-usb-branco-2z610a_696impressora-hp-laser-pro-4003dw-mono-wifi-bluetooth-ethernet-usb-branco-2z610a696\/\",\"name\":\"Impressora HP Laser Pro 4003DW Mono, Wifi, Bluetooth, Ethernet, USB, Branco - 2Z610A_696 | Elektrotec Store\",\"isPartOf\":{\"@id\":\"https:\/\/elektrotec.com.br\/loja\/#website\"},\"primaryImageOfPage\":{\"@id\":\"https:\/\/elektrotec.com.br\/loja\/produto\/impressora-hp-laser-pro-4003dw-mono-wifi-bluetooth-ethernet-usb-branco-2z610a_696impressora-hp-laser-pro-4003dw-mono-wifi-bluetooth-ethernet-usb-branco-2z610a696\/#primaryimage\"},\"image\":{\"@id\":\"https:\/\/elektrotec.com.br\/loja\/produto\/impressora-hp-laser-pro-4003dw-mono-wifi-bluetooth-ethernet-usb-branco-2z610a_696impressora-hp-laser-pro-4003dw-mono-wifi-bluetooth-ethernet-usb-branco-2z610a696\/#primaryimage\"},\"thumbnailUrl\":\"https:\/\/i0.wp.com\/elektrotec.com.br\/loja\/wp-content\/uploads\/2025\/02\/Impressora-HP-Laser-Pro-4003DW-Mono-Wifi-Bluetooth-Ethernet-USB-Branco-2Z610A_696-2.jpg?fit=700%2C800&ssl=1\",\"datePublished\":\"2025-02-15T00:18:52+00:00\",\"dateModified\":\"2025-02-25T21:50:39+00:00\",\"description\":\"Impressora multifuncional HP com alta velocidade, conectividade avan\u00e7ada e suporte a diversos formatos de papel. Ideal para ambientes corporativos.\",\"breadcrumb\":{\"@id\":\"https:\/\/elektrotec.com.br\/loja\/produto\/impressora-hp-laser-pro-4003dw-mono-wifi-bluetooth-ethernet-usb-branco-2z610a_696impressora-hp-laser-pro-4003dw-mono-wifi-bluetooth-ethernet-usb-branco-2z610a696\/#breadcrumb\"},\"inLanguage\":\"pt-BR\",\"potentialAction\":[{\"@type\":\"ReadAction\",\"target\":[\"https:\/\/elektrotec.com.br\/loja\/produto\/impressora-hp-laser-pro-4003dw-mono-wifi-bluetooth-ethernet-usb-branco-2z610a_696impressora-hp-laser-pro-4003dw-mono-wifi-bluetooth-ethernet-usb-branco-2z610a696\/\"]}]},{\"@type\":\"ImageObject\",\"inLanguage\":\"pt-BR\",\"@id\":\"https:\/\/elektrotec.com.br\/loja\/produto\/impressora-hp-laser-pro-4003dw-mono-wifi-bluetooth-ethernet-usb-branco-2z610a_696impressora-hp-laser-pro-4003dw-mono-wifi-bluetooth-ethernet-usb-branco-2z610a696\/#primaryimage\",\"url\":\"https:\/\/i0.wp.com\/elektrotec.com.br\/loja\/wp-content\/uploads\/2025\/02\/Impressora-HP-Laser-Pro-4003DW-Mono-Wifi-Bluetooth-Ethernet-USB-Branco-2Z610A_696-2.jpg?fit=700%2C800&ssl=1\",\"contentUrl\":\"https:\/\/i0.wp.com\/elektrotec.com.br\/loja\/wp-content\/uploads\/2025\/02\/Impressora-HP-Laser-Pro-4003DW-Mono-Wifi-Bluetooth-Ethernet-USB-Branco-2Z610A_696-2.jpg?fit=700%2C800&ssl=1\",\"width\":700,\"height\":800},{\"@type\":\"BreadcrumbList\",\"@id\":\"https:\/\/elektrotec.com.br\/loja\/produto\/impressora-hp-laser-pro-4003dw-mono-wifi-bluetooth-ethernet-usb-branco-2z610a_696impressora-hp-laser-pro-4003dw-mono-wifi-bluetooth-ethernet-usb-branco-2z610a696\/#breadcrumb\",\"itemListElement\":[{\"@type\":\"ListItem\",\"position\":1,\"name\":\"Home\",\"item\":\"https:\/\/elektrotec.com.br\/loja\/\"},{\"@type\":\"ListItem\",\"position\":2,\"name\":\"Ofertas do dia \u26a1\",\"item\":\"https:\/\/elektrotec.com.br\/loja\/loja\/\"},{\"@type\":\"ListItem\",\"position\":3,\"name\":\"Impressora HP Laser Pro 4003DW Mono, Wifi, Bluetooth, Ethernet, USB, Branco &#8211; 2Z610A_696\"}]},{\"@type\":\"WebSite\",\"@id\":\"https:\/\/elektrotec.com.br\/loja\/#website\",\"url\":\"https:\/\/elektrotec.com.br\/loja\/\",\"name\":\"Elektrotec Store\",\"description\":\"Solu\u00e7\u00f5es em Energia e Automa\u00e7\u00e3o Industrial\",\"publisher\":{\"@id\":\"https:\/\/elektrotec.com.br\/loja\/#organization\"},\"potentialAction\":[{\"@type\":\"SearchAction\",\"target\":{\"@type\":\"EntryPoint\",\"urlTemplate\":\"https:\/\/elektrotec.com.br\/loja\/?s={search_term_string}\"},\"query-input\":{\"@type\":\"PropertyValueSpecification\",\"valueRequired\":true,\"valueName\":\"search_term_string\"}}],\"inLanguage\":\"pt-BR\"},{\"@type\":\"Organization\",\"@id\":\"https:\/\/elektrotec.com.br\/loja\/#organization\",\"name\":\"Elektrotec\",\"url\":\"https:\/\/elektrotec.com.br\/loja\/\",\"logo\":{\"@type\":\"ImageObject\",\"inLanguage\":\"pt-BR\",\"@id\":\"https:\/\/elektrotec.com.br\/loja\/#\/schema\/logo\/image\/\",\"url\":\"https:\/\/i0.wp.com\/elektrotec.com.br\/loja\/wp-content\/uploads\/2025\/05\/Logo-site-Elektrotec-Energy-1.webp?fit=270%2C70&ssl=1\",\"contentUrl\":\"https:\/\/i0.wp.com\/elektrotec.com.br\/loja\/wp-content\/uploads\/2025\/05\/Logo-site-Elektrotec-Energy-1.webp?fit=270%2C70&ssl=1\",\"width\":270,\"height\":70,\"caption\":\"Elektrotec\"},\"image\":{\"@id\":\"https:\/\/elektrotec.com.br\/loja\/#\/schema\/logo\/image\/\"}}]}<\/script>\n<!-- \/ Yoast SEO plugin. -->","yoast_head_json":{"title":"Impressora HP Laser Pro 4003DW Mono, Wifi, Bluetooth, Ethernet, USB, Branco - 2Z610A_696 | Elektrotec Store","description":"Impressora multifuncional HP com alta velocidade, conectividade avan\u00e7ada e suporte a diversos formatos de papel. Ideal para ambientes corporativos.","robots":{"index":"index","follow":"follow","max-snippet":"max-snippet:-1","max-image-preview":"max-image-preview:large","max-video-preview":"max-video-preview:-1"},"canonical":"https:\/\/elektrotec.com.br\/loja\/produto\/impressora-hp-laser-pro-4003dw-mono-wifi-bluetooth-ethernet-usb-branco-2z610a_696impressora-hp-laser-pro-4003dw-mono-wifi-bluetooth-ethernet-usb-branco-2z610a696\/","og_locale":"pt_BR","og_type":"article","og_title":"Impressora HP Laser Pro 4003DW Mono, Wifi, Bluetooth, Ethernet, USB, Branco - 2Z610A_696 | Elektrotec Store","og_description":"Impressora multifuncional HP com alta velocidade, conectividade avan\u00e7ada e suporte a diversos formatos de papel. Ideal para ambientes corporativos.","og_url":"https:\/\/elektrotec.com.br\/loja\/produto\/impressora-hp-laser-pro-4003dw-mono-wifi-bluetooth-ethernet-usb-branco-2z610a_696impressora-hp-laser-pro-4003dw-mono-wifi-bluetooth-ethernet-usb-branco-2z610a696\/","og_site_name":"Elektrotec Store","article_modified_time":"2025-02-25T21:50:39+00:00","og_image":[{"width":700,"height":800,"url":"https:\/\/elektrotec.com.br\/loja\/wp-content\/uploads\/2025\/02\/Impressora-HP-Laser-Pro-4003DW-Mono-Wifi-Bluetooth-Ethernet-USB-Branco-2Z610A_696-2.jpg","type":"image\/jpeg"}],"twitter_card":"summary_large_image","twitter_misc":{"Est. tempo de leitura":"4 minutos"},"schema":{"@context":"https:\/\/schema.org","@graph":[{"@type":"WebPage","@id":"https:\/\/elektrotec.com.br\/loja\/produto\/impressora-hp-laser-pro-4003dw-mono-wifi-bluetooth-ethernet-usb-branco-2z610a_696impressora-hp-laser-pro-4003dw-mono-wifi-bluetooth-ethernet-usb-branco-2z610a696\/","url":"https:\/\/elektrotec.com.br\/loja\/produto\/impressora-hp-laser-pro-4003dw-mono-wifi-bluetooth-ethernet-usb-branco-2z610a_696impressora-hp-laser-pro-4003dw-mono-wifi-bluetooth-ethernet-usb-branco-2z610a696\/","name":"Impressora HP Laser Pro 4003DW Mono, Wifi, Bluetooth, Ethernet, USB, Branco - 2Z610A_696 | Elektrotec Store","isPartOf":{"@id":"https:\/\/elektrotec.com.br\/loja\/#website"},"primaryImageOfPage":{"@id":"https:\/\/elektrotec.com.br\/loja\/produto\/impressora-hp-laser-pro-4003dw-mono-wifi-bluetooth-ethernet-usb-branco-2z610a_696impressora-hp-laser-pro-4003dw-mono-wifi-bluetooth-ethernet-usb-branco-2z610a696\/#primaryimage"},"image":{"@id":"https:\/\/elektrotec.com.br\/loja\/produto\/impressora-hp-laser-pro-4003dw-mono-wifi-bluetooth-ethernet-usb-branco-2z610a_696impressora-hp-laser-pro-4003dw-mono-wifi-bluetooth-ethernet-usb-branco-2z610a696\/#primaryimage"},"thumbnailUrl":"https:\/\/i0.wp.com\/elektrotec.com.br\/loja\/wp-content\/uploads\/2025\/02\/Impressora-HP-Laser-Pro-4003DW-Mono-Wifi-Bluetooth-Ethernet-USB-Branco-2Z610A_696-2.jpg?fit=700%2C800&ssl=1","datePublished":"2025-02-15T00:18:52+00:00","dateModified":"2025-02-25T21:50:39+00:00","description":"Impressora multifuncional HP com alta velocidade, conectividade avan\u00e7ada e suporte a diversos formatos de papel. Ideal para ambientes corporativos.","breadcrumb":{"@id":"https:\/\/elektrotec.com.br\/loja\/produto\/impressora-hp-laser-pro-4003dw-mono-wifi-bluetooth-ethernet-usb-branco-2z610a_696impressora-hp-laser-pro-4003dw-mono-wifi-bluetooth-ethernet-usb-branco-2z610a696\/#breadcrumb"},"inLanguage":"pt-BR","potentialAction":[{"@type":"ReadAction","target":["https:\/\/elektrotec.com.br\/loja\/produto\/impressora-hp-laser-pro-4003dw-mono-wifi-bluetooth-ethernet-usb-branco-2z610a_696impressora-hp-laser-pro-4003dw-mono-wifi-bluetooth-ethernet-usb-branco-2z610a696\/"]}]},{"@type":"ImageObject","inLanguage":"pt-BR","@id":"https:\/\/elektrotec.com.br\/loja\/produto\/impressora-hp-laser-pro-4003dw-mono-wifi-bluetooth-ethernet-usb-branco-2z610a_696impressora-hp-laser-pro-4003dw-mono-wifi-bluetooth-ethernet-usb-branco-2z610a696\/#primaryimage","url":"https:\/\/i0.wp.com\/elektrotec.com.br\/loja\/wp-content\/uploads\/2025\/02\/Impressora-HP-Laser-Pro-4003DW-Mono-Wifi-Bluetooth-Ethernet-USB-Branco-2Z610A_696-2.jpg?fit=700%2C800&ssl=1","contentUrl":"https:\/\/i0.wp.com\/elektrotec.com.br\/loja\/wp-content\/uploads\/2025\/02\/Impressora-HP-Laser-Pro-4003DW-Mono-Wifi-Bluetooth-Ethernet-USB-Branco-2Z610A_696-2.jpg?fit=700%2C800&ssl=1","width":700,"height":800},{"@type":"BreadcrumbList","@id":"https:\/\/elektrotec.com.br\/loja\/produto\/impressora-hp-laser-pro-4003dw-mono-wifi-bluetooth-ethernet-usb-branco-2z610a_696impressora-hp-laser-pro-4003dw-mono-wifi-bluetooth-ethernet-usb-branco-2z610a696\/#breadcrumb","itemListElement":[{"@type":"ListItem","position":1,"name":"Home","item":"https:\/\/elektrotec.com.br\/loja\/"},{"@type":"ListItem","position":2,"name":"Ofertas do dia \u26a1","item":"https:\/\/elektrotec.com.br\/loja\/loja\/"},{"@type":"ListItem","position":3,"name":"Impressora HP Laser Pro 4003DW Mono, Wifi, Bluetooth, Ethernet, USB, Branco &#8211; 2Z610A_696"}]},{"@type":"WebSite","@id":"https:\/\/elektrotec.com.br\/loja\/#website","url":"https:\/\/elektrotec.com.br\/loja\/","name":"Elektrotec Store","description":"Solu\u00e7\u00f5es em Energia e Automa\u00e7\u00e3o Industrial","publisher":{"@id":"https:\/\/elektrotec.com.br\/loja\/#organization"},"potentialAction":[{"@type":"SearchAction","target":{"@type":"EntryPoint","urlTemplate":"https:\/\/elektrotec.com.br\/loja\/?s={search_term_string}"},"query-input":{"@type":"PropertyValueSpecification","valueRequired":true,"valueName":"search_term_string"}}],"inLanguage":"pt-BR"},{"@type":"Organization","@id":"https:\/\/elektrotec.com.br\/loja\/#organization","name":"Elektrotec","url":"https:\/\/elektrotec.com.br\/loja\/","logo":{"@type":"ImageObject","inLanguage":"pt-BR","@id":"https:\/\/elektrotec.com.br\/loja\/#\/schema\/logo\/image\/","url":"https:\/\/i0.wp.com\/elektrotec.com.br\/loja\/wp-content\/uploads\/2025\/05\/Logo-site-Elektrotec-Energy-1.webp?fit=270%2C70&ssl=1","contentUrl":"https:\/\/i0.wp.com\/elektrotec.com.br\/loja\/wp-content\/uploads\/2025\/05\/Logo-site-Elektrotec-Energy-1.webp?fit=270%2C70&ssl=1","width":270,"height":70,"caption":"Elektrotec"},"image":{"@id":"https:\/\/elektrotec.com.br\/loja\/#\/schema\/logo\/image\/"}}]}},"jetpack_sharing_enabled":true,"brands":[],"_links":{"self":[{"href":"https:\/\/elektrotec.com.br\/loja\/wp-json\/wp\/v2\/product\/4354","targetHints":{"allow":["GET"]}}],"collection":[{"href":"https:\/\/elektrotec.com.br\/loja\/wp-json\/wp\/v2\/product"}],"about":[{"href":"https:\/\/elektrotec.com.br\/loja\/wp-json\/wp\/v2\/types\/product"}],"replies":[{"embeddable":true,"href":"https:\/\/elektrotec.com.br\/loja\/wp-json\/wp\/v2\/comments?post=4354"}],"wp:featuredmedia":[{"embeddable":true,"href":"https:\/\/elektrotec.com.br\/loja\/wp-json\/wp\/v2\/media\/4358"}],"wp:attachment":[{"href":"https:\/\/elektrotec.com.br\/loja\/wp-json\/wp\/v2\/media?parent=4354"}],"wp:term":[{"taxonomy":"pwb-brand","embeddable":true,"href":"https:\/\/elektrotec.com.br\/loja\/wp-json\/wp\/v2\/pwb-brand?post=4354"},{"taxonomy":"product_brand","embeddable":true,"href":"https:\/\/elektrotec.com.br\/loja\/wp-json\/wp\/v2\/product_brand?post=4354"},{"taxonomy":"product_cat","embeddable":true,"href":"https:\/\/elektrotec.com.br\/loja\/wp-json\/wp\/v2\/product_cat?post=4354"},{"taxonomy":"product_tag","embeddable":true,"href":"https:\/\/elektrotec.com.br\/loja\/wp-json\/wp\/v2\/product_tag?post=4354"}],"curies":[{"name":"wp","href":"https:\/\/api.w.org\/{rel}","templated":true}]}}