{"id":4051,"date":"2025-01-17T19:43:19","date_gmt":"2025-01-17T22:43:19","guid":{"rendered":"https:\/\/quioske.com.br\/?post_type=product&#038;p=4051"},"modified":"2025-01-17T20:29:31","modified_gmt":"2025-01-17T23:29:31","slug":"monitor-gamer-cooler-master-ga241-flat-23-8-fhd-va-1ms-100hz-hdmi-e-vga-vesa-preto","status":"publish","type":"product","link":"https:\/\/elektrotec.com.br\/loja\/produto\/monitor-gamer-cooler-master-ga241-flat-23-8-fhd-va-1ms-100hz-hdmi-e-vga-vesa-preto\/","title":{"rendered":"Monitor Gamer Cooler Master GA241 Flat 23.8&#8243; FHD, VA, 1MS, 100Hz, HDMI e VGA, Vesa, Preto"},"content":{"rendered":"<div class=\"wpb-content-wrapper\"><p>[vc_row woodmart_css_id=&#8221;678addb8e22ed&#8221; responsive_spacing=&#8221;eyJwYXJhbV90eXBlIjoid29vZG1hcnRfcmVzcG9uc2l2ZV9zcGFjaW5nIiwic2VsZWN0b3JfaWQiOiI2NzhhZGRiOGUyMmVkIiwic2hvcnRjb2RlIjoidmNfcm93IiwiZGF0YSI6eyJ0YWJsZXQiOnt9LCJtb2JpbGUiOnt9fX0=&#8221; mobile_bg_img_hidden=&#8221;no&#8221; tablet_bg_img_hidden=&#8221;no&#8221; woodmart_parallax=&#8221;0&#8243; woodmart_gradient_switch=&#8221;no&#8221; woodmart_box_shadow=&#8221;no&#8221; wd_z_index=&#8221;no&#8221; woodmart_disable_overflow=&#8221;0&#8243; row_reverse_mobile=&#8221;0&#8243; row_reverse_tablet=&#8221;0&#8243; el_id=&#8221;codigo-69575&#8243;][vc_column css=&#8221;.vc_custom_1666272391679{padding-top: 0px !important;}&#8221; woodmart_css_id=&#8221;63514c8260958&#8243; parallax_scroll=&#8221;no&#8221; woodmart_sticky_column=&#8221;false&#8221; wd_collapsible_content_switcher=&#8221;no&#8221; wd_column_role_offcanvas_desktop=&#8221;no&#8221; wd_column_role_offcanvas_tablet=&#8221;no&#8221; wd_column_role_offcanvas_mobile=&#8221;no&#8221; wd_column_role_content_desktop=&#8221;no&#8221; wd_column_role_content_tablet=&#8221;no&#8221; wd_column_role_content_mobile=&#8221;no&#8221; mobile_bg_img_hidden=&#8221;no&#8221; tablet_bg_img_hidden=&#8221;no&#8221; woodmart_parallax=&#8221;0&#8243; woodmart_box_shadow=&#8221;no&#8221; responsive_spacing=&#8221;eyJwYXJhbV90eXBlIjoid29vZG1hcnRfcmVzcG9uc2l2ZV9zcGFjaW5nIiwic2VsZWN0b3JfaWQiOiI2MzUxNGM4MjYwOTU4Iiwic2hvcnRjb2RlIjoidmNfY29sdW1uIiwiZGF0YSI6eyJ0YWJsZXQiOnt9LCJtb2JpbGUiOnt9fX0=&#8221; mobile_reset_margin=&#8221;no&#8221; tablet_reset_margin=&#8221;no&#8221; wd_z_index=&#8221;no&#8221;]\t\t<div id=\"wd-678ae43a6d6c4\" class=\"wd-text-block wd-wpb reset-last-child wd-rs-678ae43a6d6c4 text-center vc_custom_1737156008024\">\n\t\t\t<p><img data-recalc-dims=\"1\" loading=\"lazy\" decoding=\"async\" class=\"aligncenter wp-image-4060\" src=\"https:\/\/i0.wp.com\/elektrotec.com.br\/loja\/wp-content\/uploads\/2025\/01\/Monitor-Gamer-Cooler-Master-GA241-Flat-23-7.jpg?resize=1200%2C2674&#038;ssl=1\" alt=\"\" width=\"1200\" height=\"2674\" srcset=\"https:\/\/i0.wp.com\/elektrotec.com.br\/loja\/wp-content\/uploads\/2025\/01\/Monitor-Gamer-Cooler-Master-GA241-Flat-23-7-scaled.jpg?resize=135%2C300&amp;ssl=1 135w, https:\/\/i0.wp.com\/elektrotec.com.br\/loja\/wp-content\/uploads\/2025\/01\/Monitor-Gamer-Cooler-Master-GA241-Flat-23-7-scaled.jpg?resize=460%2C1024&amp;ssl=1 460w, https:\/\/i0.wp.com\/elektrotec.com.br\/loja\/wp-content\/uploads\/2025\/01\/Monitor-Gamer-Cooler-Master-GA241-Flat-23-7-scaled.jpg?resize=768%2C1711&amp;ssl=1 768w, https:\/\/i0.wp.com\/elektrotec.com.br\/loja\/wp-content\/uploads\/2025\/01\/Monitor-Gamer-Cooler-Master-GA241-Flat-23-7-scaled.jpg?resize=689%2C1536&amp;ssl=1 689w, https:\/\/i0.wp.com\/elektrotec.com.br\/loja\/wp-content\/uploads\/2025\/01\/Monitor-Gamer-Cooler-Master-GA241-Flat-23-7-scaled.jpg?resize=919%2C2048&amp;ssl=1 919w, https:\/\/i0.wp.com\/elektrotec.com.br\/loja\/wp-content\/uploads\/2025\/01\/Monitor-Gamer-Cooler-Master-GA241-Flat-23-7-scaled.jpg?resize=1320%2C2941&amp;ssl=1 1320w, https:\/\/i0.wp.com\/elektrotec.com.br\/loja\/wp-content\/uploads\/2025\/01\/Monitor-Gamer-Cooler-Master-GA241-Flat-23-7-scaled.jpg?resize=1200%2C2674&amp;ssl=1 1200w, https:\/\/i0.wp.com\/elektrotec.com.br\/loja\/wp-content\/uploads\/2025\/01\/Monitor-Gamer-Cooler-Master-GA241-Flat-23-7-scaled.jpg?resize=150%2C334&amp;ssl=1 150w, https:\/\/i0.wp.com\/elektrotec.com.br\/loja\/wp-content\/uploads\/2025\/01\/Monitor-Gamer-Cooler-Master-GA241-Flat-23-7-scaled.jpg?w=1149&amp;ssl=1 1149w\" sizes=\"auto, (max-width: 1000px) 100vw, 1000px\" \/><\/p>\n\t\t<\/div>\n\t\t[\/vc_column][\/vc_row][vc_row][vc_column woodmart_css_id=&#8221;667c81fba6236&#8243; parallax_scroll=&#8221;no&#8221; woodmart_sticky_column=&#8221;false&#8221; wd_collapsible_content_switcher=&#8221;no&#8221; wd_column_role_offcanvas_desktop=&#8221;no&#8221; wd_column_role_offcanvas_tablet=&#8221;no&#8221; wd_column_role_offcanvas_mobile=&#8221;no&#8221; wd_column_role_content_desktop=&#8221;no&#8221; wd_column_role_content_tablet=&#8221;no&#8221; wd_column_role_content_mobile=&#8221;no&#8221; mobile_bg_img_hidden=&#8221;no&#8221; tablet_bg_img_hidden=&#8221;no&#8221; woodmart_parallax=&#8221;0&#8243; woodmart_box_shadow=&#8221;no&#8221; responsive_spacing=&#8221;eyJwYXJhbV90eXBlIjoid29vZG1hcnRfcmVzcG9uc2l2ZV9zcGFjaW5nIiwic2VsZWN0b3JfaWQiOiI2NjdjODFmYmE2MjM2Iiwic2hvcnRjb2RlIjoidmNfY29sdW1uIiwiZGF0YSI6eyJ0YWJsZXQiOnt9LCJtb2JpbGUiOnt9fX0=&#8221; mobile_reset_margin=&#8221;no&#8221; tablet_reset_margin=&#8221;no&#8221; wd_z_index=&#8221;no&#8221; css=&#8221;.vc_custom_1719435784581{margin-top: -60px !important;}&#8221;][vc_separator border_width=&#8221;3&#8243; css=&#8221;.vc_custom_1731708518955{margin-top: 50px !important;margin-bottom: 50px !important;}&#8221; wd_hide_on_desktop=&#8221;no&#8221; wd_hide_on_tablet=&#8221;no&#8221; wd_hide_on_mobile=&#8221;no&#8221;][\/vc_column][\/vc_row][vc_row woodmart_css_id=&#8221;674bb5a3b48c6&#8243; responsive_spacing=&#8221;eyJwYXJhbV90eXBlIjoid29vZG1hcnRfcmVzcG9uc2l2ZV9zcGFjaW5nIiwic2VsZWN0b3JfaWQiOiI2NzRiYjVhM2I0OGM2Iiwic2hvcnRjb2RlIjoidmNfcm93IiwiZGF0YSI6eyJ0YWJsZXQiOnt9LCJtb2JpbGUiOnt9fX0=&#8221; mobile_bg_img_hidden=&#8221;no&#8221; tablet_bg_img_hidden=&#8221;no&#8221; woodmart_parallax=&#8221;0&#8243; woodmart_gradient_switch=&#8221;no&#8221; woodmart_box_shadow=&#8221;no&#8221; wd_z_index=&#8221;no&#8221; woodmart_disable_overflow=&#8221;0&#8243; row_reverse_mobile=&#8221;0&#8243; row_reverse_tablet=&#8221;0&#8243;][vc_column css=&#8221;.vc_custom_1669033735057{padding-top: 0px !important;}&#8221; woodmart_css_id=&#8221;637b6f036ef34&#8243; parallax_scroll=&#8221;no&#8221; woodmart_sticky_column=&#8221;false&#8221; wd_collapsible_content_switcher=&#8221;no&#8221; wd_column_role_offcanvas_desktop=&#8221;no&#8221; wd_column_role_offcanvas_tablet=&#8221;no&#8221; wd_column_role_offcanvas_mobile=&#8221;no&#8221; wd_column_role_content_desktop=&#8221;no&#8221; wd_column_role_content_tablet=&#8221;no&#8221; wd_column_role_content_mobile=&#8221;no&#8221; mobile_bg_img_hidden=&#8221;no&#8221; tablet_bg_img_hidden=&#8221;no&#8221; woodmart_parallax=&#8221;0&#8243; woodmart_box_shadow=&#8221;no&#8221; responsive_spacing=&#8221;eyJwYXJhbV90eXBlIjoid29vZG1hcnRfcmVzcG9uc2l2ZV9zcGFjaW5nIiwic2VsZWN0b3JfaWQiOiI2MzdiNmYwMzZlZjM0Iiwic2hvcnRjb2RlIjoidmNfY29sdW1uIiwiZGF0YSI6eyJ0YWJsZXQiOnt9LCJtb2JpbGUiOnt9fX0=&#8221; mobile_reset_margin=&#8221;no&#8221; tablet_reset_margin=&#8221;no&#8221; wd_z_index=&#8221;no&#8221;]\n\t\t<div id=\"wd-667ca27edb170\" class=\"title-wrapper wd-wpb wd-set-mb reset-last-child  wd-rs-667ca27edb170 wd-title-color-default wd-title-style-default text-left vc_custom_1719444410298 wd-underline-colored\">\n\t\t\t\n\t\t\t<div class=\"liner-continer\">\n\t\t\t\t<h4 class=\"woodmart-title-container title  wd-font-weight-700 wd-fontsize-l\" >\ud83d\udccc Especifica\u00e7\u00f5es T\u00e9cnicas:<\/h4>\n\t\t\t\t\t\t\t<\/div>\n\t\t\t\n\t\t\t\n\t\t\t\n\t\t<\/div>\n\t\t\n\t\t\t\t<div id=\"wd-678ae45087c00\" class=\"wd-text-block wd-wpb reset-last-child wd-rs-678ae45087c00 text-left vc_custom_1737155758602\">\n\t\t\t<h4>Especifica\u00e7\u00f5es:<\/h4>\n<ul>\n<li>Tipo de painel: S\u00e9rie plana<\/li>\n<li>Raz\u00e3o: 16:9<\/li>\n<li>Tamanho da Tela: 23,8&#8243; (23,8&#8243;)<\/li>\n<li>Painel: VA 16,7 milh\u00f5es<\/li>\n<li>Resolu\u00e7\u00e3o: Resolu\u00e7\u00e3o Full HD 1920&#215;1080<\/li>\n<li>Taxa de Quadros: 100 Hz<\/li>\n<li>Rela\u00e7\u00e3o de contraste: 4000:1<\/li>\n<li>\u00c2ngulo de vis\u00e3o (H\/V): 178\u00b0\/178\u00b0<\/li>\n<li>Brilho: 250 nits (t\u00edpico)<\/li>\n<li>Gama de cores: sRGB 95%<\/li>\n<li>E\/S &#8211; VGA: 1<\/li>\n<li>E\/S &#8211; HDMI: 1<\/li>\n<li>DCR (Taxa de contraste din\u00e2mico): Sim<\/li>\n<li>Tecnologia VRR: Sincroniza\u00e7\u00e3o adapt\u00e1vel<\/li>\n<li>Tempo de Resposta: 1 ms (MPRT)<\/li>\n<li>Prote\u00e7\u00e3o para os olhos: Baixa luz azul<\/li>\n<li>Anti-cintila\u00e7\u00e3o: Sim<\/li>\n<li>Tecnologia Overdrive: Sim<\/li>\n<li>Consumo de energia: 13W<\/li>\n<li>VESA: 100&#215;100 mil\u00edmetros<\/li>\n<li>Ajuste de queda: -5\u00b0~+20\u00b0<\/li>\n<li>S\u00e9rie Monitor: S\u00e9rie GA<\/li>\n<li>Produto: Monitores<\/li>\n<li>Tipo de painel: VA<\/li>\n<\/ul>\n<p>&nbsp;<\/p>\n<p>&nbsp;<\/p>\n<h4>Conte\u00fado Da Embalagem:<\/h4>\n<ul>\n<li>Monitor Gamer Cooler Master<\/li>\n<\/ul>\n<p>&nbsp;<\/p>\n<h4>Garantia:<\/h4>\n<ul>\n<li>3 anos de garantia (3 meses de garantia legal + 33 meses de garantia contratual junto ao fabricante)<\/li>\n<\/ul>\n<p>&nbsp;<\/p>\n<p>&nbsp;<\/p>\n<h4>Peso:<\/h4>\n<ul>\n<li>5125 gramas (bruto com embalagem)<\/li>\n<\/ul>\n\t\t<\/div>\n\t\t[\/vc_column][\/vc_row]<\/p>\n<\/div>","protected":false},"excerpt":{"rendered":"<p><strong>C\u00f3digo:<\/strong> <span style=\"color: #2a2a2a;\"><strong>69575<\/strong><\/span>\u00a0 \u00a0|\u00a0 \u00a0<strong>Mais produtos:<\/strong> <a href=\"https:\/\/elektrotec.com.br\/loja\/loja\/?filter_marcas=cooler-master\"><span style=\"color: #000;\"><strong>Cooler Master<\/strong><\/span><\/a>\u00a0 \u00a0|\u00a0 \u00a0<a href=\"https:\/\/elektrotec.com.br\/loja\/produto\/monitor-gamer-cooler-master-ga241-flat-23-8-fhd-va-1ms-100hz-hdmi-e-vga-vesa-preto\/#codigo-69575\"><strong>Descri\u00e7\u00e3o do produto<\/strong><\/a><\/p>\n","protected":false},"featured_media":4053,"comment_status":"open","ping_status":"closed","template":"","meta":{"pagelayer_contact_templates":[],"_pagelayer_content":"","_mbp_gutenberg_autopost":false},"pwb-brand":[],"product_brand":[],"product_cat":[291,69,25],"product_tag":[],"class_list":{"0":"post-4051","1":"product","2":"type-product","3":"status-publish","4":"has-post-thumbnail","6":"product_cat-automacao-comercial","7":"product_cat-monitor","8":"product_cat-tecnologia-e-informatica","9":"product_shipping_class-logistica-quioske","11":"first","12":"instock","13":"featured","14":"shipping-taxable","15":"purchasable","16":"product-type-simple"},"yoast_head":"<!-- This site is optimized with the Yoast SEO plugin v27.2 - https:\/\/yoast.com\/product\/yoast-seo-wordpress\/ -->\n<title>Monitor Gamer Cooler Master GA241 Flat 23.8&quot; FHD, VA, 1MS, 100Hz, HDMI e VGA, Vesa, Preto | Elektrotec Store<\/title>\n<meta name=\"description\" content=\"Monitor GA241 FHD com taxa de atualiza\u00e7\u00e3o de at\u00e9 100Hz e suporte Adaptive Sync. Ideal para jogos e trabalho, oferece desempenho excepcional. Confira j\u00e1!\" \/>\n<meta name=\"robots\" content=\"index, follow, max-snippet:-1, max-image-preview:large, max-video-preview:-1\" \/>\n<link rel=\"canonical\" href=\"https:\/\/elektrotec.com.br\/loja\/produto\/monitor-gamer-cooler-master-ga241-flat-23-8-fhd-va-1ms-100hz-hdmi-e-vga-vesa-preto\/\" \/>\n<meta property=\"og:locale\" content=\"pt_BR\" \/>\n<meta property=\"og:type\" content=\"article\" \/>\n<meta property=\"og:title\" content=\"Monitor Gamer Cooler Master GA241 Flat 23.8&quot; FHD, VA, 1MS, 100Hz, HDMI e VGA, Vesa, Preto | Elektrotec Store\" \/>\n<meta property=\"og:description\" content=\"Monitor GA241 FHD com taxa de atualiza\u00e7\u00e3o de at\u00e9 100Hz e suporte Adaptive Sync. Ideal para jogos e trabalho, oferece desempenho excepcional. Confira j\u00e1!\" \/>\n<meta property=\"og:url\" content=\"https:\/\/elektrotec.com.br\/loja\/produto\/monitor-gamer-cooler-master-ga241-flat-23-8-fhd-va-1ms-100hz-hdmi-e-vga-vesa-preto\/\" \/>\n<meta property=\"og:site_name\" content=\"Elektrotec Store\" \/>\n<meta property=\"article:modified_time\" content=\"2025-01-17T23:29:31+00:00\" \/>\n<meta property=\"og:image\" content=\"https:\/\/elektrotec.com.br\/loja\/wp-content\/uploads\/2025\/01\/Monitor-Gamer-Cooler-Master-GA241-Flat-23-0.jpg\" \/>\n\t<meta property=\"og:image:width\" content=\"700\" \/>\n\t<meta property=\"og:image:height\" content=\"800\" \/>\n\t<meta property=\"og:image:type\" content=\"image\/jpeg\" \/>\n<meta name=\"twitter:card\" content=\"summary_large_image\" \/>\n<meta name=\"twitter:label1\" content=\"Est. tempo de leitura\" \/>\n\t<meta name=\"twitter:data1\" content=\"2 minutos\" \/>\n<script type=\"application\/ld+json\" class=\"yoast-schema-graph\">{\"@context\":\"https:\/\/schema.org\",\"@graph\":[{\"@type\":\"WebPage\",\"@id\":\"https:\/\/elektrotec.com.br\/loja\/produto\/monitor-gamer-cooler-master-ga241-flat-23-8-fhd-va-1ms-100hz-hdmi-e-vga-vesa-preto\/\",\"url\":\"https:\/\/elektrotec.com.br\/loja\/produto\/monitor-gamer-cooler-master-ga241-flat-23-8-fhd-va-1ms-100hz-hdmi-e-vga-vesa-preto\/\",\"name\":\"Monitor Gamer Cooler Master GA241 Flat 23.8\\\" FHD, VA, 1MS, 100Hz, HDMI e VGA, Vesa, Preto | Elektrotec Store\",\"isPartOf\":{\"@id\":\"https:\/\/elektrotec.com.br\/loja\/#website\"},\"primaryImageOfPage\":{\"@id\":\"https:\/\/elektrotec.com.br\/loja\/produto\/monitor-gamer-cooler-master-ga241-flat-23-8-fhd-va-1ms-100hz-hdmi-e-vga-vesa-preto\/#primaryimage\"},\"image\":{\"@id\":\"https:\/\/elektrotec.com.br\/loja\/produto\/monitor-gamer-cooler-master-ga241-flat-23-8-fhd-va-1ms-100hz-hdmi-e-vga-vesa-preto\/#primaryimage\"},\"thumbnailUrl\":\"https:\/\/i0.wp.com\/elektrotec.com.br\/loja\/wp-content\/uploads\/2025\/01\/Monitor-Gamer-Cooler-Master-GA241-Flat-23-0.jpg?fit=700%2C800&ssl=1\",\"datePublished\":\"2025-01-17T22:43:19+00:00\",\"dateModified\":\"2025-01-17T23:29:31+00:00\",\"description\":\"Monitor GA241 FHD com taxa de atualiza\u00e7\u00e3o de at\u00e9 100Hz e suporte Adaptive Sync. Ideal para jogos e trabalho, oferece desempenho excepcional. Confira j\u00e1!\",\"breadcrumb\":{\"@id\":\"https:\/\/elektrotec.com.br\/loja\/produto\/monitor-gamer-cooler-master-ga241-flat-23-8-fhd-va-1ms-100hz-hdmi-e-vga-vesa-preto\/#breadcrumb\"},\"inLanguage\":\"pt-BR\",\"potentialAction\":[{\"@type\":\"ReadAction\",\"target\":[\"https:\/\/elektrotec.com.br\/loja\/produto\/monitor-gamer-cooler-master-ga241-flat-23-8-fhd-va-1ms-100hz-hdmi-e-vga-vesa-preto\/\"]}]},{\"@type\":\"ImageObject\",\"inLanguage\":\"pt-BR\",\"@id\":\"https:\/\/elektrotec.com.br\/loja\/produto\/monitor-gamer-cooler-master-ga241-flat-23-8-fhd-va-1ms-100hz-hdmi-e-vga-vesa-preto\/#primaryimage\",\"url\":\"https:\/\/i0.wp.com\/elektrotec.com.br\/loja\/wp-content\/uploads\/2025\/01\/Monitor-Gamer-Cooler-Master-GA241-Flat-23-0.jpg?fit=700%2C800&ssl=1\",\"contentUrl\":\"https:\/\/i0.wp.com\/elektrotec.com.br\/loja\/wp-content\/uploads\/2025\/01\/Monitor-Gamer-Cooler-Master-GA241-Flat-23-0.jpg?fit=700%2C800&ssl=1\",\"width\":700,\"height\":800},{\"@type\":\"BreadcrumbList\",\"@id\":\"https:\/\/elektrotec.com.br\/loja\/produto\/monitor-gamer-cooler-master-ga241-flat-23-8-fhd-va-1ms-100hz-hdmi-e-vga-vesa-preto\/#breadcrumb\",\"itemListElement\":[{\"@type\":\"ListItem\",\"position\":1,\"name\":\"Home\",\"item\":\"https:\/\/elektrotec.com.br\/loja\/\"},{\"@type\":\"ListItem\",\"position\":2,\"name\":\"Ofertas do dia \u26a1\",\"item\":\"https:\/\/elektrotec.com.br\/loja\/loja\/\"},{\"@type\":\"ListItem\",\"position\":3,\"name\":\"Monitor Gamer Cooler Master GA241 Flat 23.8&#8243; FHD, VA, 1MS, 100Hz, HDMI e VGA, Vesa, Preto\"}]},{\"@type\":\"WebSite\",\"@id\":\"https:\/\/elektrotec.com.br\/loja\/#website\",\"url\":\"https:\/\/elektrotec.com.br\/loja\/\",\"name\":\"Elektrotec Store\",\"description\":\"Solu\u00e7\u00f5es em Energia e Automa\u00e7\u00e3o Industrial\",\"publisher\":{\"@id\":\"https:\/\/elektrotec.com.br\/loja\/#organization\"},\"potentialAction\":[{\"@type\":\"SearchAction\",\"target\":{\"@type\":\"EntryPoint\",\"urlTemplate\":\"https:\/\/elektrotec.com.br\/loja\/?s={search_term_string}\"},\"query-input\":{\"@type\":\"PropertyValueSpecification\",\"valueRequired\":true,\"valueName\":\"search_term_string\"}}],\"inLanguage\":\"pt-BR\"},{\"@type\":\"Organization\",\"@id\":\"https:\/\/elektrotec.com.br\/loja\/#organization\",\"name\":\"Elektrotec\",\"url\":\"https:\/\/elektrotec.com.br\/loja\/\",\"logo\":{\"@type\":\"ImageObject\",\"inLanguage\":\"pt-BR\",\"@id\":\"https:\/\/elektrotec.com.br\/loja\/#\/schema\/logo\/image\/\",\"url\":\"https:\/\/i0.wp.com\/elektrotec.com.br\/loja\/wp-content\/uploads\/2025\/05\/Logo-site-Elektrotec-Energy-1.webp?fit=270%2C70&ssl=1\",\"contentUrl\":\"https:\/\/i0.wp.com\/elektrotec.com.br\/loja\/wp-content\/uploads\/2025\/05\/Logo-site-Elektrotec-Energy-1.webp?fit=270%2C70&ssl=1\",\"width\":270,\"height\":70,\"caption\":\"Elektrotec\"},\"image\":{\"@id\":\"https:\/\/elektrotec.com.br\/loja\/#\/schema\/logo\/image\/\"}}]}<\/script>\n<!-- \/ Yoast SEO plugin. -->","yoast_head_json":{"title":"Monitor Gamer Cooler Master GA241 Flat 23.8\" FHD, VA, 1MS, 100Hz, HDMI e VGA, Vesa, Preto | Elektrotec Store","description":"Monitor GA241 FHD com taxa de atualiza\u00e7\u00e3o de at\u00e9 100Hz e suporte Adaptive Sync. Ideal para jogos e trabalho, oferece desempenho excepcional. Confira j\u00e1!","robots":{"index":"index","follow":"follow","max-snippet":"max-snippet:-1","max-image-preview":"max-image-preview:large","max-video-preview":"max-video-preview:-1"},"canonical":"https:\/\/elektrotec.com.br\/loja\/produto\/monitor-gamer-cooler-master-ga241-flat-23-8-fhd-va-1ms-100hz-hdmi-e-vga-vesa-preto\/","og_locale":"pt_BR","og_type":"article","og_title":"Monitor Gamer Cooler Master GA241 Flat 23.8\" FHD, VA, 1MS, 100Hz, HDMI e VGA, Vesa, Preto | Elektrotec Store","og_description":"Monitor GA241 FHD com taxa de atualiza\u00e7\u00e3o de at\u00e9 100Hz e suporte Adaptive Sync. Ideal para jogos e trabalho, oferece desempenho excepcional. Confira j\u00e1!","og_url":"https:\/\/elektrotec.com.br\/loja\/produto\/monitor-gamer-cooler-master-ga241-flat-23-8-fhd-va-1ms-100hz-hdmi-e-vga-vesa-preto\/","og_site_name":"Elektrotec Store","article_modified_time":"2025-01-17T23:29:31+00:00","og_image":[{"width":700,"height":800,"url":"https:\/\/elektrotec.com.br\/loja\/wp-content\/uploads\/2025\/01\/Monitor-Gamer-Cooler-Master-GA241-Flat-23-0.jpg","type":"image\/jpeg"}],"twitter_card":"summary_large_image","twitter_misc":{"Est. tempo de leitura":"2 minutos"},"schema":{"@context":"https:\/\/schema.org","@graph":[{"@type":"WebPage","@id":"https:\/\/elektrotec.com.br\/loja\/produto\/monitor-gamer-cooler-master-ga241-flat-23-8-fhd-va-1ms-100hz-hdmi-e-vga-vesa-preto\/","url":"https:\/\/elektrotec.com.br\/loja\/produto\/monitor-gamer-cooler-master-ga241-flat-23-8-fhd-va-1ms-100hz-hdmi-e-vga-vesa-preto\/","name":"Monitor Gamer Cooler Master GA241 Flat 23.8\" FHD, VA, 1MS, 100Hz, HDMI e VGA, Vesa, Preto | Elektrotec Store","isPartOf":{"@id":"https:\/\/elektrotec.com.br\/loja\/#website"},"primaryImageOfPage":{"@id":"https:\/\/elektrotec.com.br\/loja\/produto\/monitor-gamer-cooler-master-ga241-flat-23-8-fhd-va-1ms-100hz-hdmi-e-vga-vesa-preto\/#primaryimage"},"image":{"@id":"https:\/\/elektrotec.com.br\/loja\/produto\/monitor-gamer-cooler-master-ga241-flat-23-8-fhd-va-1ms-100hz-hdmi-e-vga-vesa-preto\/#primaryimage"},"thumbnailUrl":"https:\/\/i0.wp.com\/elektrotec.com.br\/loja\/wp-content\/uploads\/2025\/01\/Monitor-Gamer-Cooler-Master-GA241-Flat-23-0.jpg?fit=700%2C800&ssl=1","datePublished":"2025-01-17T22:43:19+00:00","dateModified":"2025-01-17T23:29:31+00:00","description":"Monitor GA241 FHD com taxa de atualiza\u00e7\u00e3o de at\u00e9 100Hz e suporte Adaptive Sync. Ideal para jogos e trabalho, oferece desempenho excepcional. Confira j\u00e1!","breadcrumb":{"@id":"https:\/\/elektrotec.com.br\/loja\/produto\/monitor-gamer-cooler-master-ga241-flat-23-8-fhd-va-1ms-100hz-hdmi-e-vga-vesa-preto\/#breadcrumb"},"inLanguage":"pt-BR","potentialAction":[{"@type":"ReadAction","target":["https:\/\/elektrotec.com.br\/loja\/produto\/monitor-gamer-cooler-master-ga241-flat-23-8-fhd-va-1ms-100hz-hdmi-e-vga-vesa-preto\/"]}]},{"@type":"ImageObject","inLanguage":"pt-BR","@id":"https:\/\/elektrotec.com.br\/loja\/produto\/monitor-gamer-cooler-master-ga241-flat-23-8-fhd-va-1ms-100hz-hdmi-e-vga-vesa-preto\/#primaryimage","url":"https:\/\/i0.wp.com\/elektrotec.com.br\/loja\/wp-content\/uploads\/2025\/01\/Monitor-Gamer-Cooler-Master-GA241-Flat-23-0.jpg?fit=700%2C800&ssl=1","contentUrl":"https:\/\/i0.wp.com\/elektrotec.com.br\/loja\/wp-content\/uploads\/2025\/01\/Monitor-Gamer-Cooler-Master-GA241-Flat-23-0.jpg?fit=700%2C800&ssl=1","width":700,"height":800},{"@type":"BreadcrumbList","@id":"https:\/\/elektrotec.com.br\/loja\/produto\/monitor-gamer-cooler-master-ga241-flat-23-8-fhd-va-1ms-100hz-hdmi-e-vga-vesa-preto\/#breadcrumb","itemListElement":[{"@type":"ListItem","position":1,"name":"Home","item":"https:\/\/elektrotec.com.br\/loja\/"},{"@type":"ListItem","position":2,"name":"Ofertas do dia \u26a1","item":"https:\/\/elektrotec.com.br\/loja\/loja\/"},{"@type":"ListItem","position":3,"name":"Monitor Gamer Cooler Master GA241 Flat 23.8&#8243; FHD, VA, 1MS, 100Hz, HDMI e VGA, Vesa, Preto"}]},{"@type":"WebSite","@id":"https:\/\/elektrotec.com.br\/loja\/#website","url":"https:\/\/elektrotec.com.br\/loja\/","name":"Elektrotec Store","description":"Solu\u00e7\u00f5es em Energia e Automa\u00e7\u00e3o Industrial","publisher":{"@id":"https:\/\/elektrotec.com.br\/loja\/#organization"},"potentialAction":[{"@type":"SearchAction","target":{"@type":"EntryPoint","urlTemplate":"https:\/\/elektrotec.com.br\/loja\/?s={search_term_string}"},"query-input":{"@type":"PropertyValueSpecification","valueRequired":true,"valueName":"search_term_string"}}],"inLanguage":"pt-BR"},{"@type":"Organization","@id":"https:\/\/elektrotec.com.br\/loja\/#organization","name":"Elektrotec","url":"https:\/\/elektrotec.com.br\/loja\/","logo":{"@type":"ImageObject","inLanguage":"pt-BR","@id":"https:\/\/elektrotec.com.br\/loja\/#\/schema\/logo\/image\/","url":"https:\/\/i0.wp.com\/elektrotec.com.br\/loja\/wp-content\/uploads\/2025\/05\/Logo-site-Elektrotec-Energy-1.webp?fit=270%2C70&ssl=1","contentUrl":"https:\/\/i0.wp.com\/elektrotec.com.br\/loja\/wp-content\/uploads\/2025\/05\/Logo-site-Elektrotec-Energy-1.webp?fit=270%2C70&ssl=1","width":270,"height":70,"caption":"Elektrotec"},"image":{"@id":"https:\/\/elektrotec.com.br\/loja\/#\/schema\/logo\/image\/"}}]}},"jetpack_sharing_enabled":true,"brands":[],"_links":{"self":[{"href":"https:\/\/elektrotec.com.br\/loja\/wp-json\/wp\/v2\/product\/4051","targetHints":{"allow":["GET"]}}],"collection":[{"href":"https:\/\/elektrotec.com.br\/loja\/wp-json\/wp\/v2\/product"}],"about":[{"href":"https:\/\/elektrotec.com.br\/loja\/wp-json\/wp\/v2\/types\/product"}],"replies":[{"embeddable":true,"href":"https:\/\/elektrotec.com.br\/loja\/wp-json\/wp\/v2\/comments?post=4051"}],"wp:featuredmedia":[{"embeddable":true,"href":"https:\/\/elektrotec.com.br\/loja\/wp-json\/wp\/v2\/media\/4053"}],"wp:attachment":[{"href":"https:\/\/elektrotec.com.br\/loja\/wp-json\/wp\/v2\/media?parent=4051"}],"wp:term":[{"taxonomy":"pwb-brand","embeddable":true,"href":"https:\/\/elektrotec.com.br\/loja\/wp-json\/wp\/v2\/pwb-brand?post=4051"},{"taxonomy":"product_brand","embeddable":true,"href":"https:\/\/elektrotec.com.br\/loja\/wp-json\/wp\/v2\/product_brand?post=4051"},{"taxonomy":"product_cat","embeddable":true,"href":"https:\/\/elektrotec.com.br\/loja\/wp-json\/wp\/v2\/product_cat?post=4051"},{"taxonomy":"product_tag","embeddable":true,"href":"https:\/\/elektrotec.com.br\/loja\/wp-json\/wp\/v2\/product_tag?post=4051"}],"curies":[{"name":"wp","href":"https:\/\/api.w.org\/{rel}","templated":true}]}}