{"id":3675,"date":"2024-12-26T21:37:03","date_gmt":"2024-12-27T00:37:03","guid":{"rendered":"https:\/\/quioske.com.br\/?post_type=product&#038;p=3675"},"modified":"2025-02-27T19:19:40","modified_gmt":"2025-02-27T22:19:40","slug":"desktop-lenovo-thinkcentre-neo-50s-intel-core-i5-13400-16gb-ssd-512gb-windows-11-pro","status":"publish","type":"product","link":"https:\/\/elektrotec.com.br\/loja\/produto\/desktop-lenovo-thinkcentre-neo-50s-intel-core-i5-13400-16gb-ssd-512gb-windows-11-pro\/","title":{"rendered":"Desktop Lenovo Thinkcentre Neo 50s intel core I5 13400, 16GB, SSD 512GB, Windows 11 Pro"},"content":{"rendered":"<div class=\"wpb-content-wrapper\"><p>[vc_row woodmart_css_id=&#8221;676df95bd6b53&#8243; responsive_spacing=&#8221;eyJwYXJhbV90eXBlIjoid29vZG1hcnRfcmVzcG9uc2l2ZV9zcGFjaW5nIiwic2VsZWN0b3JfaWQiOiI2NzZkZjk1YmQ2YjUzIiwic2hvcnRjb2RlIjoidmNfcm93IiwiZGF0YSI6eyJ0YWJsZXQiOnt9LCJtb2JpbGUiOnt9fX0=&#8221; mobile_bg_img_hidden=&#8221;no&#8221; tablet_bg_img_hidden=&#8221;no&#8221; woodmart_parallax=&#8221;0&#8243; woodmart_gradient_switch=&#8221;no&#8221; woodmart_box_shadow=&#8221;no&#8221; wd_z_index=&#8221;no&#8221; woodmart_disable_overflow=&#8221;0&#8243; row_reverse_mobile=&#8221;0&#8243; row_reverse_tablet=&#8221;0&#8243; el_id=&#8221;codigo-77910&#8243;][vc_column css=&#8221;.vc_custom_1666272391679{padding-top: 0px !important;}&#8221; woodmart_css_id=&#8221;63514c8260958&#8243; parallax_scroll=&#8221;no&#8221; woodmart_sticky_column=&#8221;false&#8221; wd_collapsible_content_switcher=&#8221;no&#8221; wd_column_role_offcanvas_desktop=&#8221;no&#8221; wd_column_role_offcanvas_tablet=&#8221;no&#8221; wd_column_role_offcanvas_mobile=&#8221;no&#8221; wd_column_role_content_desktop=&#8221;no&#8221; wd_column_role_content_tablet=&#8221;no&#8221; wd_column_role_content_mobile=&#8221;no&#8221; mobile_bg_img_hidden=&#8221;no&#8221; tablet_bg_img_hidden=&#8221;no&#8221; woodmart_parallax=&#8221;0&#8243; woodmart_box_shadow=&#8221;no&#8221; responsive_spacing=&#8221;eyJwYXJhbV90eXBlIjoid29vZG1hcnRfcmVzcG9uc2l2ZV9zcGFjaW5nIiwic2VsZWN0b3JfaWQiOiI2MzUxNGM4MjYwOTU4Iiwic2hvcnRjb2RlIjoidmNfY29sdW1uIiwiZGF0YSI6eyJ0YWJsZXQiOnt9LCJtb2JpbGUiOnt9fX0=&#8221; mobile_reset_margin=&#8221;no&#8221; tablet_reset_margin=&#8221;no&#8221; wd_z_index=&#8221;no&#8221;][vc_column_text css=&#8221;&#8221; woodmart_inline=&#8221;no&#8221; text_larger=&#8221;no&#8221;]<img data-recalc-dims=\"1\" loading=\"lazy\" decoding=\"async\" class=\"aligncenter wp-image-3583 size-full\" src=\"https:\/\/i0.wp.com\/elektrotec.com.br\/loja\/wp-content\/uploads\/2024\/12\/Computador-Lenovo-Neo-50s-G4-Intel-Core-I3-8GB-RAM-SSD-256GB-Windows-11-Pro-9-scaled.jpg?resize=1502%2C2560&#038;ssl=1\" alt=\"\" width=\"1502\" height=\"2560\" srcset=\"https:\/\/i0.wp.com\/elektrotec.com.br\/loja\/wp-content\/uploads\/2024\/12\/Computador-Lenovo-Neo-50s-G4-Intel-Core-I3-8GB-RAM-SSD-256GB-Windows-11-Pro-9-scaled.jpg?w=1502&amp;ssl=1 1502w, https:\/\/i0.wp.com\/elektrotec.com.br\/loja\/wp-content\/uploads\/2024\/12\/Computador-Lenovo-Neo-50s-G4-Intel-Core-I3-8GB-RAM-SSD-256GB-Windows-11-Pro-9-scaled.jpg?resize=176%2C300&amp;ssl=1 176w, https:\/\/i0.wp.com\/elektrotec.com.br\/loja\/wp-content\/uploads\/2024\/12\/Computador-Lenovo-Neo-50s-G4-Intel-Core-I3-8GB-RAM-SSD-256GB-Windows-11-Pro-9-scaled.jpg?resize=601%2C1024&amp;ssl=1 601w, https:\/\/i0.wp.com\/elektrotec.com.br\/loja\/wp-content\/uploads\/2024\/12\/Computador-Lenovo-Neo-50s-G4-Intel-Core-I3-8GB-RAM-SSD-256GB-Windows-11-Pro-9-scaled.jpg?resize=768%2C1309&amp;ssl=1 768w, https:\/\/i0.wp.com\/elektrotec.com.br\/loja\/wp-content\/uploads\/2024\/12\/Computador-Lenovo-Neo-50s-G4-Intel-Core-I3-8GB-RAM-SSD-256GB-Windows-11-Pro-9-scaled.jpg?resize=901%2C1536&amp;ssl=1 901w, https:\/\/i0.wp.com\/elektrotec.com.br\/loja\/wp-content\/uploads\/2024\/12\/Computador-Lenovo-Neo-50s-G4-Intel-Core-I3-8GB-RAM-SSD-256GB-Windows-11-Pro-9-scaled.jpg?resize=1202%2C2048&amp;ssl=1 1202w, https:\/\/i0.wp.com\/elektrotec.com.br\/loja\/wp-content\/uploads\/2024\/12\/Computador-Lenovo-Neo-50s-G4-Intel-Core-I3-8GB-RAM-SSD-256GB-Windows-11-Pro-9-scaled.jpg?resize=1320%2C2249&amp;ssl=1 1320w, https:\/\/i0.wp.com\/elektrotec.com.br\/loja\/wp-content\/uploads\/2024\/12\/Computador-Lenovo-Neo-50s-G4-Intel-Core-I3-8GB-RAM-SSD-256GB-Windows-11-Pro-9-scaled.jpg?resize=1200%2C2045&amp;ssl=1 1200w, https:\/\/i0.wp.com\/elektrotec.com.br\/loja\/wp-content\/uploads\/2024\/12\/Computador-Lenovo-Neo-50s-G4-Intel-Core-I3-8GB-RAM-SSD-256GB-Windows-11-Pro-9-scaled.jpg?resize=150%2C256&amp;ssl=1 150w\" sizes=\"auto, (max-width: 1000px) 100vw, 1000px\" \/>[\/vc_column_text][\/vc_column][\/vc_row][vc_row][vc_column woodmart_css_id=&#8221;667c81fba6236&#8243; parallax_scroll=&#8221;no&#8221; woodmart_sticky_column=&#8221;false&#8221; wd_collapsible_content_switcher=&#8221;no&#8221; wd_column_role_offcanvas_desktop=&#8221;no&#8221; wd_column_role_offcanvas_tablet=&#8221;no&#8221; wd_column_role_offcanvas_mobile=&#8221;no&#8221; wd_column_role_content_desktop=&#8221;no&#8221; wd_column_role_content_tablet=&#8221;no&#8221; wd_column_role_content_mobile=&#8221;no&#8221; mobile_bg_img_hidden=&#8221;no&#8221; tablet_bg_img_hidden=&#8221;no&#8221; woodmart_parallax=&#8221;0&#8243; woodmart_box_shadow=&#8221;no&#8221; responsive_spacing=&#8221;eyJwYXJhbV90eXBlIjoid29vZG1hcnRfcmVzcG9uc2l2ZV9zcGFjaW5nIiwic2VsZWN0b3JfaWQiOiI2NjdjODFmYmE2MjM2Iiwic2hvcnRjb2RlIjoidmNfY29sdW1uIiwiZGF0YSI6eyJ0YWJsZXQiOnt9LCJtb2JpbGUiOnt9fX0=&#8221; mobile_reset_margin=&#8221;no&#8221; tablet_reset_margin=&#8221;no&#8221; wd_z_index=&#8221;no&#8221; css=&#8221;.vc_custom_1719435784581{margin-top: -60px !important;}&#8221;][vc_separator border_width=&#8221;3&#8243; css=&#8221;.vc_custom_1731708518955{margin-top: 50px !important;margin-bottom: 50px !important;}&#8221; wd_hide_on_desktop=&#8221;no&#8221; wd_hide_on_tablet=&#8221;no&#8221; wd_hide_on_mobile=&#8221;no&#8221;][\/vc_column][\/vc_row][vc_row woodmart_css_id=&#8221;6351519a61682&#8243; responsive_spacing=&#8221;eyJwYXJhbV90eXBlIjoid29vZG1hcnRfcmVzcG9uc2l2ZV9zcGFjaW5nIiwic2VsZWN0b3JfaWQiOiI2MzUxNTE5YTYxNjgyIiwic2hvcnRjb2RlIjoidmNfcm93IiwiZGF0YSI6eyJ0YWJsZXQiOnt9LCJtb2JpbGUiOnt9fX0=&#8221; mobile_bg_img_hidden=&#8221;no&#8221; tablet_bg_img_hidden=&#8221;no&#8221; woodmart_parallax=&#8221;0&#8243; woodmart_gradient_switch=&#8221;no&#8221; woodmart_box_shadow=&#8221;no&#8221; wd_z_index=&#8221;no&#8221; woodmart_disable_overflow=&#8221;0&#8243; row_reverse_mobile=&#8221;0&#8243; row_reverse_tablet=&#8221;0&#8243;][vc_column css=&#8221;.vc_custom_1669033735057{padding-top: 0px !important;}&#8221; woodmart_css_id=&#8221;637b6f036ef34&#8243; parallax_scroll=&#8221;no&#8221; woodmart_sticky_column=&#8221;false&#8221; wd_collapsible_content_switcher=&#8221;no&#8221; wd_column_role_offcanvas_desktop=&#8221;no&#8221; wd_column_role_offcanvas_tablet=&#8221;no&#8221; wd_column_role_offcanvas_mobile=&#8221;no&#8221; wd_column_role_content_desktop=&#8221;no&#8221; wd_column_role_content_tablet=&#8221;no&#8221; wd_column_role_content_mobile=&#8221;no&#8221; mobile_bg_img_hidden=&#8221;no&#8221; tablet_bg_img_hidden=&#8221;no&#8221; woodmart_parallax=&#8221;0&#8243; woodmart_box_shadow=&#8221;no&#8221; responsive_spacing=&#8221;eyJwYXJhbV90eXBlIjoid29vZG1hcnRfcmVzcG9uc2l2ZV9zcGFjaW5nIiwic2VsZWN0b3JfaWQiOiI2MzdiNmYwMzZlZjM0Iiwic2hvcnRjb2RlIjoidmNfY29sdW1uIiwiZGF0YSI6eyJ0YWJsZXQiOnt9LCJtb2JpbGUiOnt9fX0=&#8221; mobile_reset_margin=&#8221;no&#8221; tablet_reset_margin=&#8221;no&#8221; wd_z_index=&#8221;no&#8221;]\n\t\t<div id=\"wd-667ca27edb170\" class=\"title-wrapper wd-wpb wd-set-mb reset-last-child  wd-rs-667ca27edb170 wd-title-color-default wd-title-style-default text-left vc_custom_1719444410298 wd-underline-colored\">\n\t\t\t\n\t\t\t<div class=\"liner-continer\">\n\t\t\t\t<h4 class=\"woodmart-title-container title  wd-font-weight-700 wd-fontsize-l\" >\ud83d\udccc Especifica\u00e7\u00f5es T\u00e9cnicas:<\/h4>\n\t\t\t\t\t\t\t<\/div>\n\t\t\t\n\t\t\t\n\t\t\t\n\t\t<\/div>\n\t\t\n\t\t\t\t<div id=\"wd-67bf42ba4cabb\" class=\"wd-text-block wd-wpb reset-last-child wd-rs-67bf42ba4cabb text-left vc_custom_1740587723273\">\n\t\t\t<ul>\n<li>Poderoso\u2014processamento de 13\u00aa gera\u00e7\u00e3o intel core<\/li>\n<li>Gr\u00e1ficos discretos intel\u00ae iris\u00ae xe max 100 dispon\u00edveis<\/li>\n<li>Certifica\u00e7\u00f5es ecol\u00f3gicas<\/li>\n<li>Armazenamento h\u00edbrido hdd-ssd opcional<\/li>\n<li>Ferramentas para guardar e. Proteger dados cr\u00edticos de neg\u00f3cios<\/li>\n<li>Sistema operacional: windows 11 pro 64<\/li>\n<li>Processador: intel\u00ae core\u2122 i5-13400<\/li>\n<li>Modelo do processador: i5-13400<\/li>\n<li>Cache: 20mb<\/li>\n<li>Chipset: intel\u00ae b660 chipset<\/li>\n<li>Mem\u00f3ria ram: 16gb<\/li>\n<li>SSD: 512gb ssd<\/li>\n<li>Placa de som: 1wx1<\/li>\n<li>Placa de v\u00eddeo: integrated intel\u00ae uhd graphics 730<\/li>\n<li>Placa de rede: intel\u00ae wi-fi\u00ae 6e ax211, 802.11ax 2&#215;2<\/li>\n<li>Garantia do fornecedor: 1 ano premier suporte<\/li>\n<li>Drives: n\u00e3o tem<\/li>\n<li>Conex\u00f5es: portas frontais: 1x usb-c 3.2 gen 1| 2x usb 3.2 gen 1| 1x entrada headphone (3.5mm)| 1x microphone (3.5mm) portas<\/li>\n<li>Traseiras: 2x usb 2.0| 2x usb 3.2 gen 1| 1x hdmi\u00ae 2.1 tmds| 1x displayport\u2122 1.4| 1x vga| 1x ethernet (rj-45)| 1x line-out<\/li>\n<li>Teclado: teclado traditional usb, preto, padr\u00e3o brasileiro<\/li>\n<li>Softwares inclusos: lenovo vantage<\/li>\n<li>Alimenta\u00e7\u00e3o: bivolt<\/li>\n<li>Conte\u00fado da embalagem: 1 desktop, 1 mouse e. 1 teclado usb<\/li>\n<li>Dimens\u00f5es (axlxp): 100 x. 308 x. 274.8 mm<\/li>\n<li>Peso l\u00edquido: 4.5 kg<\/li>\n<li>Refer\u00eancia do modelo: 12jg0012bo<\/li>\n<li>C\u00f3digo de barras: 0198155019708<\/li>\n<li>Mais informa\u00e7\u00f5es: imagens meramentes ilustrativas<\/li>\n<li>Cor: preto<\/li>\n<li>Wi-fi\/wlan: intel\u00ae wi-fi\u00ae 6e ax211, 802.11ax 2&#215;2<\/li>\n<li>Bluetooth: bluetooth 5.1<\/li>\n<li>Anatel: 120692104423<\/li>\n<li>Linha do processador: core i5<\/li>\n<li>Marca do processador: intel<\/li>\n<\/ul>\n\t\t<\/div>\n\t\t[\/vc_column][\/vc_row]<\/p>\n<\/div>","protected":false},"excerpt":{"rendered":"<p><strong>C\u00f3digo:<\/strong><a href=\"#\"> 77910<\/a>\u00a0 \u00a0<strong>|<\/strong>\u00a0 \u00a0<strong>Mais produtos:<\/strong> <a href=\"https:\/\/elektrotec.com.br\/loja\/loja\/?filter_marcas=lenovo\">Lenovo<\/a>\u00a0 \u00a0<strong>|<\/strong>\u00a0 \u00a0<a href=\"https:\/\/elektrotec.com.br\/loja\/produto\/desktop-lenovo-thinkcentre-neo-50s-intel-core-i5-13400-16gb-512gb-ssd-windows-11-pro-preto\/#codigo-77910\"><strong>Descri\u00e7\u00e3o do produto<\/strong><\/a><\/p>\n","protected":false},"featured_media":3576,"comment_status":"open","ping_status":"closed","template":"","meta":{"pagelayer_contact_templates":[],"_pagelayer_content":"","_mbp_gutenberg_autopost":false},"pwb-brand":[],"product_brand":[],"product_cat":[58,25],"product_tag":[],"class_list":{"0":"post-3675","1":"product","2":"type-product","3":"status-publish","4":"has-post-thumbnail","6":"product_cat-desktop","7":"product_cat-tecnologia-e-informatica","8":"product_shipping_class-logistica-quioske","10":"first","11":"instock","12":"featured","13":"shipping-taxable","14":"purchasable","15":"product-type-simple"},"yoast_head":"<!-- This site is optimized with the Yoast SEO plugin v27.2 - https:\/\/yoast.com\/product\/yoast-seo-wordpress\/ -->\n<title>Desktop Lenovo Thinkcentre Neo 50s I5 13400 16GB SSD 512GB<\/title>\n<meta name=\"description\" content=\"Desktop Lenovo Neo50s SFF Gen4 com Intel i5, 16GB RAM e 512GB SSD. Desempenho eficiente em um design compacto, ideal para produtividade com Windows 11 Pro.\" \/>\n<meta name=\"robots\" content=\"index, follow, max-snippet:-1, max-image-preview:large, max-video-preview:-1\" \/>\n<link rel=\"canonical\" href=\"https:\/\/elektrotec.com.br\/loja\/produto\/desktop-lenovo-thinkcentre-neo-50s-intel-core-i5-13400-16gb-ssd-512gb-windows-11-pro\/\" \/>\n<meta property=\"og:locale\" content=\"pt_BR\" \/>\n<meta property=\"og:type\" content=\"article\" \/>\n<meta property=\"og:title\" content=\"Desktop Lenovo Thinkcentre Neo 50s I5 13400 16GB SSD 512GB\" \/>\n<meta property=\"og:description\" content=\"Desktop Lenovo Neo50s SFF Gen4 com Intel i5, 16GB RAM e 512GB SSD. Desempenho eficiente em um design compacto, ideal para produtividade com Windows 11 Pro.\" \/>\n<meta property=\"og:url\" content=\"https:\/\/elektrotec.com.br\/loja\/produto\/desktop-lenovo-thinkcentre-neo-50s-intel-core-i5-13400-16gb-ssd-512gb-windows-11-pro\/\" \/>\n<meta property=\"og:site_name\" content=\"Elektrotec Store\" \/>\n<meta property=\"article:modified_time\" content=\"2025-02-27T22:19:40+00:00\" \/>\n<meta property=\"og:image\" content=\"https:\/\/elektrotec.com.br\/loja\/wp-content\/uploads\/2024\/12\/Computador-Lenovo-Neo-50s-G4-Intel-Core-I3-8GB-RAM-SSD-256GB-Windows-11-Pro-0.jpg\" \/>\n\t<meta property=\"og:image:width\" content=\"700\" \/>\n\t<meta property=\"og:image:height\" content=\"800\" \/>\n\t<meta property=\"og:image:type\" content=\"image\/jpeg\" \/>\n<meta name=\"twitter:card\" content=\"summary_large_image\" \/>\n<meta name=\"twitter:label1\" content=\"Est. tempo de leitura\" \/>\n\t<meta name=\"twitter:data1\" content=\"3 minutos\" \/>\n<script type=\"application\/ld+json\" class=\"yoast-schema-graph\">{\"@context\":\"https:\/\/schema.org\",\"@graph\":[{\"@type\":\"WebPage\",\"@id\":\"https:\/\/elektrotec.com.br\/loja\/produto\/desktop-lenovo-thinkcentre-neo-50s-intel-core-i5-13400-16gb-ssd-512gb-windows-11-pro\/\",\"url\":\"https:\/\/elektrotec.com.br\/loja\/produto\/desktop-lenovo-thinkcentre-neo-50s-intel-core-i5-13400-16gb-ssd-512gb-windows-11-pro\/\",\"name\":\"Desktop Lenovo Thinkcentre Neo 50s I5 13400 16GB SSD 512GB\",\"isPartOf\":{\"@id\":\"https:\/\/elektrotec.com.br\/loja\/#website\"},\"primaryImageOfPage\":{\"@id\":\"https:\/\/elektrotec.com.br\/loja\/produto\/desktop-lenovo-thinkcentre-neo-50s-intel-core-i5-13400-16gb-ssd-512gb-windows-11-pro\/#primaryimage\"},\"image\":{\"@id\":\"https:\/\/elektrotec.com.br\/loja\/produto\/desktop-lenovo-thinkcentre-neo-50s-intel-core-i5-13400-16gb-ssd-512gb-windows-11-pro\/#primaryimage\"},\"thumbnailUrl\":\"https:\/\/i0.wp.com\/elektrotec.com.br\/loja\/wp-content\/uploads\/2024\/12\/Computador-Lenovo-Neo-50s-G4-Intel-Core-I3-8GB-RAM-SSD-256GB-Windows-11-Pro-0.jpg?fit=700%2C800&ssl=1\",\"datePublished\":\"2024-12-27T00:37:03+00:00\",\"dateModified\":\"2025-02-27T22:19:40+00:00\",\"description\":\"Desktop Lenovo Neo50s SFF Gen4 com Intel i5, 16GB RAM e 512GB SSD. Desempenho eficiente em um design compacto, ideal para produtividade com Windows 11 Pro.\",\"breadcrumb\":{\"@id\":\"https:\/\/elektrotec.com.br\/loja\/produto\/desktop-lenovo-thinkcentre-neo-50s-intel-core-i5-13400-16gb-ssd-512gb-windows-11-pro\/#breadcrumb\"},\"inLanguage\":\"pt-BR\",\"potentialAction\":[{\"@type\":\"ReadAction\",\"target\":[\"https:\/\/elektrotec.com.br\/loja\/produto\/desktop-lenovo-thinkcentre-neo-50s-intel-core-i5-13400-16gb-ssd-512gb-windows-11-pro\/\"]}]},{\"@type\":\"ImageObject\",\"inLanguage\":\"pt-BR\",\"@id\":\"https:\/\/elektrotec.com.br\/loja\/produto\/desktop-lenovo-thinkcentre-neo-50s-intel-core-i5-13400-16gb-ssd-512gb-windows-11-pro\/#primaryimage\",\"url\":\"https:\/\/i0.wp.com\/elektrotec.com.br\/loja\/wp-content\/uploads\/2024\/12\/Computador-Lenovo-Neo-50s-G4-Intel-Core-I3-8GB-RAM-SSD-256GB-Windows-11-Pro-0.jpg?fit=700%2C800&ssl=1\",\"contentUrl\":\"https:\/\/i0.wp.com\/elektrotec.com.br\/loja\/wp-content\/uploads\/2024\/12\/Computador-Lenovo-Neo-50s-G4-Intel-Core-I3-8GB-RAM-SSD-256GB-Windows-11-Pro-0.jpg?fit=700%2C800&ssl=1\",\"width\":700,\"height\":800},{\"@type\":\"BreadcrumbList\",\"@id\":\"https:\/\/elektrotec.com.br\/loja\/produto\/desktop-lenovo-thinkcentre-neo-50s-intel-core-i5-13400-16gb-ssd-512gb-windows-11-pro\/#breadcrumb\",\"itemListElement\":[{\"@type\":\"ListItem\",\"position\":1,\"name\":\"Home\",\"item\":\"https:\/\/elektrotec.com.br\/loja\/\"},{\"@type\":\"ListItem\",\"position\":2,\"name\":\"Ofertas do dia \u26a1\",\"item\":\"https:\/\/elektrotec.com.br\/loja\/loja\/\"},{\"@type\":\"ListItem\",\"position\":3,\"name\":\"Desktop Lenovo Thinkcentre Neo 50s intel core I5 13400, 16GB, SSD 512GB, Windows 11 Pro\"}]},{\"@type\":\"WebSite\",\"@id\":\"https:\/\/elektrotec.com.br\/loja\/#website\",\"url\":\"https:\/\/elektrotec.com.br\/loja\/\",\"name\":\"Elektrotec Store\",\"description\":\"Solu\u00e7\u00f5es em Energia e Automa\u00e7\u00e3o Industrial\",\"publisher\":{\"@id\":\"https:\/\/elektrotec.com.br\/loja\/#organization\"},\"potentialAction\":[{\"@type\":\"SearchAction\",\"target\":{\"@type\":\"EntryPoint\",\"urlTemplate\":\"https:\/\/elektrotec.com.br\/loja\/?s={search_term_string}\"},\"query-input\":{\"@type\":\"PropertyValueSpecification\",\"valueRequired\":true,\"valueName\":\"search_term_string\"}}],\"inLanguage\":\"pt-BR\"},{\"@type\":\"Organization\",\"@id\":\"https:\/\/elektrotec.com.br\/loja\/#organization\",\"name\":\"Elektrotec\",\"url\":\"https:\/\/elektrotec.com.br\/loja\/\",\"logo\":{\"@type\":\"ImageObject\",\"inLanguage\":\"pt-BR\",\"@id\":\"https:\/\/elektrotec.com.br\/loja\/#\/schema\/logo\/image\/\",\"url\":\"https:\/\/i0.wp.com\/elektrotec.com.br\/loja\/wp-content\/uploads\/2025\/05\/Logo-site-Elektrotec-Energy-1.webp?fit=270%2C70&ssl=1\",\"contentUrl\":\"https:\/\/i0.wp.com\/elektrotec.com.br\/loja\/wp-content\/uploads\/2025\/05\/Logo-site-Elektrotec-Energy-1.webp?fit=270%2C70&ssl=1\",\"width\":270,\"height\":70,\"caption\":\"Elektrotec\"},\"image\":{\"@id\":\"https:\/\/elektrotec.com.br\/loja\/#\/schema\/logo\/image\/\"}}]}<\/script>\n<!-- \/ Yoast SEO plugin. -->","yoast_head_json":{"title":"Desktop Lenovo Thinkcentre Neo 50s I5 13400 16GB SSD 512GB","description":"Desktop Lenovo Neo50s SFF Gen4 com Intel i5, 16GB RAM e 512GB SSD. Desempenho eficiente em um design compacto, ideal para produtividade com Windows 11 Pro.","robots":{"index":"index","follow":"follow","max-snippet":"max-snippet:-1","max-image-preview":"max-image-preview:large","max-video-preview":"max-video-preview:-1"},"canonical":"https:\/\/elektrotec.com.br\/loja\/produto\/desktop-lenovo-thinkcentre-neo-50s-intel-core-i5-13400-16gb-ssd-512gb-windows-11-pro\/","og_locale":"pt_BR","og_type":"article","og_title":"Desktop Lenovo Thinkcentre Neo 50s I5 13400 16GB SSD 512GB","og_description":"Desktop Lenovo Neo50s SFF Gen4 com Intel i5, 16GB RAM e 512GB SSD. Desempenho eficiente em um design compacto, ideal para produtividade com Windows 11 Pro.","og_url":"https:\/\/elektrotec.com.br\/loja\/produto\/desktop-lenovo-thinkcentre-neo-50s-intel-core-i5-13400-16gb-ssd-512gb-windows-11-pro\/","og_site_name":"Elektrotec Store","article_modified_time":"2025-02-27T22:19:40+00:00","og_image":[{"width":700,"height":800,"url":"https:\/\/elektrotec.com.br\/loja\/wp-content\/uploads\/2024\/12\/Computador-Lenovo-Neo-50s-G4-Intel-Core-I3-8GB-RAM-SSD-256GB-Windows-11-Pro-0.jpg","type":"image\/jpeg"}],"twitter_card":"summary_large_image","twitter_misc":{"Est. tempo de leitura":"3 minutos"},"schema":{"@context":"https:\/\/schema.org","@graph":[{"@type":"WebPage","@id":"https:\/\/elektrotec.com.br\/loja\/produto\/desktop-lenovo-thinkcentre-neo-50s-intel-core-i5-13400-16gb-ssd-512gb-windows-11-pro\/","url":"https:\/\/elektrotec.com.br\/loja\/produto\/desktop-lenovo-thinkcentre-neo-50s-intel-core-i5-13400-16gb-ssd-512gb-windows-11-pro\/","name":"Desktop Lenovo Thinkcentre Neo 50s I5 13400 16GB SSD 512GB","isPartOf":{"@id":"https:\/\/elektrotec.com.br\/loja\/#website"},"primaryImageOfPage":{"@id":"https:\/\/elektrotec.com.br\/loja\/produto\/desktop-lenovo-thinkcentre-neo-50s-intel-core-i5-13400-16gb-ssd-512gb-windows-11-pro\/#primaryimage"},"image":{"@id":"https:\/\/elektrotec.com.br\/loja\/produto\/desktop-lenovo-thinkcentre-neo-50s-intel-core-i5-13400-16gb-ssd-512gb-windows-11-pro\/#primaryimage"},"thumbnailUrl":"https:\/\/i0.wp.com\/elektrotec.com.br\/loja\/wp-content\/uploads\/2024\/12\/Computador-Lenovo-Neo-50s-G4-Intel-Core-I3-8GB-RAM-SSD-256GB-Windows-11-Pro-0.jpg?fit=700%2C800&ssl=1","datePublished":"2024-12-27T00:37:03+00:00","dateModified":"2025-02-27T22:19:40+00:00","description":"Desktop Lenovo Neo50s SFF Gen4 com Intel i5, 16GB RAM e 512GB SSD. Desempenho eficiente em um design compacto, ideal para produtividade com Windows 11 Pro.","breadcrumb":{"@id":"https:\/\/elektrotec.com.br\/loja\/produto\/desktop-lenovo-thinkcentre-neo-50s-intel-core-i5-13400-16gb-ssd-512gb-windows-11-pro\/#breadcrumb"},"inLanguage":"pt-BR","potentialAction":[{"@type":"ReadAction","target":["https:\/\/elektrotec.com.br\/loja\/produto\/desktop-lenovo-thinkcentre-neo-50s-intel-core-i5-13400-16gb-ssd-512gb-windows-11-pro\/"]}]},{"@type":"ImageObject","inLanguage":"pt-BR","@id":"https:\/\/elektrotec.com.br\/loja\/produto\/desktop-lenovo-thinkcentre-neo-50s-intel-core-i5-13400-16gb-ssd-512gb-windows-11-pro\/#primaryimage","url":"https:\/\/i0.wp.com\/elektrotec.com.br\/loja\/wp-content\/uploads\/2024\/12\/Computador-Lenovo-Neo-50s-G4-Intel-Core-I3-8GB-RAM-SSD-256GB-Windows-11-Pro-0.jpg?fit=700%2C800&ssl=1","contentUrl":"https:\/\/i0.wp.com\/elektrotec.com.br\/loja\/wp-content\/uploads\/2024\/12\/Computador-Lenovo-Neo-50s-G4-Intel-Core-I3-8GB-RAM-SSD-256GB-Windows-11-Pro-0.jpg?fit=700%2C800&ssl=1","width":700,"height":800},{"@type":"BreadcrumbList","@id":"https:\/\/elektrotec.com.br\/loja\/produto\/desktop-lenovo-thinkcentre-neo-50s-intel-core-i5-13400-16gb-ssd-512gb-windows-11-pro\/#breadcrumb","itemListElement":[{"@type":"ListItem","position":1,"name":"Home","item":"https:\/\/elektrotec.com.br\/loja\/"},{"@type":"ListItem","position":2,"name":"Ofertas do dia \u26a1","item":"https:\/\/elektrotec.com.br\/loja\/loja\/"},{"@type":"ListItem","position":3,"name":"Desktop Lenovo Thinkcentre Neo 50s intel core I5 13400, 16GB, SSD 512GB, Windows 11 Pro"}]},{"@type":"WebSite","@id":"https:\/\/elektrotec.com.br\/loja\/#website","url":"https:\/\/elektrotec.com.br\/loja\/","name":"Elektrotec Store","description":"Solu\u00e7\u00f5es em Energia e Automa\u00e7\u00e3o Industrial","publisher":{"@id":"https:\/\/elektrotec.com.br\/loja\/#organization"},"potentialAction":[{"@type":"SearchAction","target":{"@type":"EntryPoint","urlTemplate":"https:\/\/elektrotec.com.br\/loja\/?s={search_term_string}"},"query-input":{"@type":"PropertyValueSpecification","valueRequired":true,"valueName":"search_term_string"}}],"inLanguage":"pt-BR"},{"@type":"Organization","@id":"https:\/\/elektrotec.com.br\/loja\/#organization","name":"Elektrotec","url":"https:\/\/elektrotec.com.br\/loja\/","logo":{"@type":"ImageObject","inLanguage":"pt-BR","@id":"https:\/\/elektrotec.com.br\/loja\/#\/schema\/logo\/image\/","url":"https:\/\/i0.wp.com\/elektrotec.com.br\/loja\/wp-content\/uploads\/2025\/05\/Logo-site-Elektrotec-Energy-1.webp?fit=270%2C70&ssl=1","contentUrl":"https:\/\/i0.wp.com\/elektrotec.com.br\/loja\/wp-content\/uploads\/2025\/05\/Logo-site-Elektrotec-Energy-1.webp?fit=270%2C70&ssl=1","width":270,"height":70,"caption":"Elektrotec"},"image":{"@id":"https:\/\/elektrotec.com.br\/loja\/#\/schema\/logo\/image\/"}}]}},"jetpack_sharing_enabled":true,"brands":[],"_links":{"self":[{"href":"https:\/\/elektrotec.com.br\/loja\/wp-json\/wp\/v2\/product\/3675","targetHints":{"allow":["GET"]}}],"collection":[{"href":"https:\/\/elektrotec.com.br\/loja\/wp-json\/wp\/v2\/product"}],"about":[{"href":"https:\/\/elektrotec.com.br\/loja\/wp-json\/wp\/v2\/types\/product"}],"replies":[{"embeddable":true,"href":"https:\/\/elektrotec.com.br\/loja\/wp-json\/wp\/v2\/comments?post=3675"}],"wp:featuredmedia":[{"embeddable":true,"href":"https:\/\/elektrotec.com.br\/loja\/wp-json\/wp\/v2\/media\/3576"}],"wp:attachment":[{"href":"https:\/\/elektrotec.com.br\/loja\/wp-json\/wp\/v2\/media?parent=3675"}],"wp:term":[{"taxonomy":"pwb-brand","embeddable":true,"href":"https:\/\/elektrotec.com.br\/loja\/wp-json\/wp\/v2\/pwb-brand?post=3675"},{"taxonomy":"product_brand","embeddable":true,"href":"https:\/\/elektrotec.com.br\/loja\/wp-json\/wp\/v2\/product_brand?post=3675"},{"taxonomy":"product_cat","embeddable":true,"href":"https:\/\/elektrotec.com.br\/loja\/wp-json\/wp\/v2\/product_cat?post=3675"},{"taxonomy":"product_tag","embeddable":true,"href":"https:\/\/elektrotec.com.br\/loja\/wp-json\/wp\/v2\/product_tag?post=3675"}],"curies":[{"name":"wp","href":"https:\/\/api.w.org\/{rel}","templated":true}]}}