{"id":3632,"date":"2025-04-01T15:00:26","date_gmt":"2025-04-01T18:00:26","guid":{"rendered":"https:\/\/quioske.com.br\/?post_type=product&#038;p=3632"},"modified":"2025-04-01T20:53:55","modified_gmt":"2025-04-01T23:53:55","slug":"notebook-acer-aspire-5-core-i5-8gb-ram-ssd-256gb-tela-15-6-linux","status":"publish","type":"product","link":"https:\/\/elektrotec.com.br\/loja\/produto\/notebook-acer-aspire-5-core-i5-8gb-ram-ssd-256gb-tela-15-6-linux\/","title":{"rendered":"Notebook Acer Aspire 5 Core I5, 8GB RAM, SSD 256GB, Tela 15.6 polegadas, Linux"},"content":{"rendered":"<div class=\"wpb-content-wrapper\"><p>[vc_row woodmart_css_id=&#8221;6764b434e749a&#8221; responsive_spacing=&#8221;eyJwYXJhbV90eXBlIjoid29vZG1hcnRfcmVzcG9uc2l2ZV9zcGFjaW5nIiwic2VsZWN0b3JfaWQiOiI2NzY0YjQzNGU3NDlhIiwic2hvcnRjb2RlIjoidmNfcm93IiwiZGF0YSI6eyJ0YWJsZXQiOnt9LCJtb2JpbGUiOnt9fX0=&#8221; mobile_bg_img_hidden=&#8221;no&#8221; tablet_bg_img_hidden=&#8221;no&#8221; woodmart_parallax=&#8221;0&#8243; woodmart_gradient_switch=&#8221;no&#8221; woodmart_box_shadow=&#8221;no&#8221; wd_z_index=&#8221;no&#8221; woodmart_disable_overflow=&#8221;0&#8243; row_reverse_mobile=&#8221;0&#8243; row_reverse_tablet=&#8221;0&#8243; el_id=&#8221;codigo-76827&#8243;][vc_column css=&#8221;.vc_custom_1666272391679{padding-top: 0px !important;}&#8221; woodmart_css_id=&#8221;63514c8260958&#8243; parallax_scroll=&#8221;no&#8221; woodmart_sticky_column=&#8221;false&#8221; wd_collapsible_content_switcher=&#8221;no&#8221; wd_column_role_offcanvas_desktop=&#8221;no&#8221; wd_column_role_offcanvas_tablet=&#8221;no&#8221; wd_column_role_offcanvas_mobile=&#8221;no&#8221; wd_column_role_content_desktop=&#8221;no&#8221; wd_column_role_content_tablet=&#8221;no&#8221; wd_column_role_content_mobile=&#8221;no&#8221; mobile_bg_img_hidden=&#8221;no&#8221; tablet_bg_img_hidden=&#8221;no&#8221; woodmart_parallax=&#8221;0&#8243; woodmart_box_shadow=&#8221;no&#8221; responsive_spacing=&#8221;eyJwYXJhbV90eXBlIjoid29vZG1hcnRfcmVzcG9uc2l2ZV9zcGFjaW5nIiwic2VsZWN0b3JfaWQiOiI2MzUxNGM4MjYwOTU4Iiwic2hvcnRjb2RlIjoidmNfY29sdW1uIiwiZGF0YSI6eyJ0YWJsZXQiOnt9LCJtb2JpbGUiOnt9fX0=&#8221; mobile_reset_margin=&#8221;no&#8221; tablet_reset_margin=&#8221;no&#8221; wd_z_index=&#8221;no&#8221;]\t\t<div id=\"wd-6764b9d6be9bf\" class=\"wd-text-block wd-wpb reset-last-child wd-rs-6764b9d6be9bf text-center vc_custom_1734654467309\">\n\t\t\t<p><img data-recalc-dims=\"1\" loading=\"lazy\" decoding=\"async\" class=\"aligncenter wp-image-3638 size-full\" src=\"https:\/\/i0.wp.com\/elektrotec.com.br\/loja\/wp-content\/uploads\/2024\/12\/Notebook-Acer-Aspire-5-Core-I5-8GB-RAM-SSD-256GB-Tela-15-5.jpg?resize=666%2C2462&#038;ssl=1\" alt=\"\" width=\"666\" height=\"2462\" srcset=\"https:\/\/i0.wp.com\/elektrotec.com.br\/loja\/wp-content\/uploads\/2024\/12\/Notebook-Acer-Aspire-5-Core-I5-8GB-RAM-SSD-256GB-Tela-15-5.jpg?w=666&amp;ssl=1 666w, https:\/\/i0.wp.com\/elektrotec.com.br\/loja\/wp-content\/uploads\/2024\/12\/Notebook-Acer-Aspire-5-Core-I5-8GB-RAM-SSD-256GB-Tela-15-5.jpg?resize=81%2C300&amp;ssl=1 81w, https:\/\/i0.wp.com\/elektrotec.com.br\/loja\/wp-content\/uploads\/2024\/12\/Notebook-Acer-Aspire-5-Core-I5-8GB-RAM-SSD-256GB-Tela-15-5.jpg?resize=277%2C1024&amp;ssl=1 277w, https:\/\/i0.wp.com\/elektrotec.com.br\/loja\/wp-content\/uploads\/2024\/12\/Notebook-Acer-Aspire-5-Core-I5-8GB-RAM-SSD-256GB-Tela-15-5.jpg?resize=554%2C2048&amp;ssl=1 554w, https:\/\/i0.wp.com\/elektrotec.com.br\/loja\/wp-content\/uploads\/2024\/12\/Notebook-Acer-Aspire-5-Core-I5-8GB-RAM-SSD-256GB-Tela-15-5.jpg?resize=150%2C555&amp;ssl=1 150w\" sizes=\"auto, (max-width: 666px) 100vw, 666px\" \/><\/p>\n\t\t<\/div>\n\t\t[\/vc_column][\/vc_row][vc_row][vc_column woodmart_css_id=&#8221;667c81fba6236&#8243; parallax_scroll=&#8221;no&#8221; woodmart_sticky_column=&#8221;false&#8221; wd_collapsible_content_switcher=&#8221;no&#8221; wd_column_role_offcanvas_desktop=&#8221;no&#8221; wd_column_role_offcanvas_tablet=&#8221;no&#8221; wd_column_role_offcanvas_mobile=&#8221;no&#8221; wd_column_role_content_desktop=&#8221;no&#8221; wd_column_role_content_tablet=&#8221;no&#8221; wd_column_role_content_mobile=&#8221;no&#8221; mobile_bg_img_hidden=&#8221;no&#8221; tablet_bg_img_hidden=&#8221;no&#8221; woodmart_parallax=&#8221;0&#8243; woodmart_box_shadow=&#8221;no&#8221; responsive_spacing=&#8221;eyJwYXJhbV90eXBlIjoid29vZG1hcnRfcmVzcG9uc2l2ZV9zcGFjaW5nIiwic2VsZWN0b3JfaWQiOiI2NjdjODFmYmE2MjM2Iiwic2hvcnRjb2RlIjoidmNfY29sdW1uIiwiZGF0YSI6eyJ0YWJsZXQiOnt9LCJtb2JpbGUiOnt9fX0=&#8221; mobile_reset_margin=&#8221;no&#8221; tablet_reset_margin=&#8221;no&#8221; wd_z_index=&#8221;no&#8221; css=&#8221;.vc_custom_1719435784581{margin-top: -60px !important;}&#8221;][vc_separator border_width=&#8221;3&#8243; css=&#8221;.vc_custom_1731708518955{margin-top: 50px !important;margin-bottom: 50px !important;}&#8221; wd_hide_on_desktop=&#8221;no&#8221; wd_hide_on_tablet=&#8221;no&#8221; wd_hide_on_mobile=&#8221;no&#8221;][\/vc_column][\/vc_row][vc_row woodmart_css_id=&#8221;6351519a61682&#8243; responsive_spacing=&#8221;eyJwYXJhbV90eXBlIjoid29vZG1hcnRfcmVzcG9uc2l2ZV9zcGFjaW5nIiwic2VsZWN0b3JfaWQiOiI2MzUxNTE5YTYxNjgyIiwic2hvcnRjb2RlIjoidmNfcm93IiwiZGF0YSI6eyJ0YWJsZXQiOnt9LCJtb2JpbGUiOnt9fX0=&#8221; mobile_bg_img_hidden=&#8221;no&#8221; tablet_bg_img_hidden=&#8221;no&#8221; woodmart_parallax=&#8221;0&#8243; woodmart_gradient_switch=&#8221;no&#8221; woodmart_box_shadow=&#8221;no&#8221; wd_z_index=&#8221;no&#8221; woodmart_disable_overflow=&#8221;0&#8243; row_reverse_mobile=&#8221;0&#8243; row_reverse_tablet=&#8221;0&#8243;][vc_column css=&#8221;.vc_custom_1669033735057{padding-top: 0px !important;}&#8221; woodmart_css_id=&#8221;637b6f036ef34&#8243; parallax_scroll=&#8221;no&#8221; woodmart_sticky_column=&#8221;false&#8221; wd_collapsible_content_switcher=&#8221;no&#8221; wd_column_role_offcanvas_desktop=&#8221;no&#8221; wd_column_role_offcanvas_tablet=&#8221;no&#8221; wd_column_role_offcanvas_mobile=&#8221;no&#8221; wd_column_role_content_desktop=&#8221;no&#8221; wd_column_role_content_tablet=&#8221;no&#8221; wd_column_role_content_mobile=&#8221;no&#8221; mobile_bg_img_hidden=&#8221;no&#8221; tablet_bg_img_hidden=&#8221;no&#8221; woodmart_parallax=&#8221;0&#8243; woodmart_box_shadow=&#8221;no&#8221; responsive_spacing=&#8221;eyJwYXJhbV90eXBlIjoid29vZG1hcnRfcmVzcG9uc2l2ZV9zcGFjaW5nIiwic2VsZWN0b3JfaWQiOiI2MzdiNmYwMzZlZjM0Iiwic2hvcnRjb2RlIjoidmNfY29sdW1uIiwiZGF0YSI6eyJ0YWJsZXQiOnt9LCJtb2JpbGUiOnt9fX0=&#8221; mobile_reset_margin=&#8221;no&#8221; tablet_reset_margin=&#8221;no&#8221; wd_z_index=&#8221;no&#8221;]\n\t\t<div id=\"wd-667ca27edb170\" class=\"title-wrapper wd-wpb wd-set-mb reset-last-child  wd-rs-667ca27edb170 wd-title-color-default wd-title-style-default text-left vc_custom_1719444410298 wd-underline-colored\">\n\t\t\t\n\t\t\t<div class=\"liner-continer\">\n\t\t\t\t<h4 class=\"woodmart-title-container title  wd-font-weight-700 wd-fontsize-l\" >\ud83d\udccc Especifica\u00e7\u00f5es T\u00e9cnicas:<\/h4>\n\t\t\t\t\t\t\t<\/div>\n\t\t\t\n\t\t\t\n\t\t\t\n\t\t<\/div>\n\t\t\n\t\t\t\t<div id=\"wd-67bf70bddd391\" class=\"wd-text-block wd-wpb reset-last-child wd-rs-67bf70bddd391 text-left vc_custom_1740599590479\">\n\t\t\t<h4>Caracter\u00edsticas:<\/h4>\n<ul>\n<li>Marca: Acer<\/li>\n<li>Modelo: A515-57-51W5<\/li>\n<\/ul>\n<h4>Especifica\u00e7\u00f5es T\u00e9cnicas:<\/h4>\n<ul>\n<li>Modelo: 12450H<\/li>\n<li>Frequ\u00eancia: 4.40GHz<\/li>\n<li>Cache: 12MB<\/li>\n<li>N\u00facleos: 4P+4E<\/li>\n<li>Threads: 12TH<\/li>\n<\/ul>\n<h4>Sistema Operacional:<\/h4>\n<ul>\n<li>Linux<\/li>\n<\/ul>\n<h4>Mem\u00f3ria:<\/h4>\n<ul>\n<li>8GB<\/li>\n<li>DDR4 3200MHz SODIMM<\/li>\n<li>Expans\u00edvel at\u00e9 32GB<\/li>\n<\/ul>\n<h4>Armazenamento:<\/h4>\n<ul>\n<li>SSD 256GB M.2 PCIe NVMe 2280<\/li>\n<\/ul>\n<h4>Armazenamento m\u00e1ximo:<\/h4>\n<ul>\n<li>1 Slot ocupado: compat\u00edvel com SSD M.2 2280<\/li>\n<li>PCIe 4.0 NVMe x2\/x4 at\u00e9 1TB<\/li>\n<li>1 Slot livre compat\u00edvel com SSD M.2 2280<\/li>\n<li>PCIe 3.0 NVMe x2\/x4 at\u00e9 1TB<\/li>\n<\/ul>\n<h4>Webcam:<\/h4>\n<ul>\n<li>1.0MP (1280&#215;720)<\/li>\n<\/ul>\n<h4>Placa de v\u00eddeo:<\/h4>\n<ul>\n<li>Placa de v\u00eddeo dedicada: N\u00e3o<\/li>\n<li>Placa de v\u00eddeo Modelo: Intel HD Graphics 730<\/li>\n<\/ul>\n<h4>Placa m\u00e3e:<\/h4>\n<ul>\n<li>Chipset Intel SoC (System on Chip) platform<\/li>\n<\/ul>\n<h4>Rede:<\/h4>\n<ul>\n<li>Rede RJ45: 10\/100\/1000<\/li>\n<li>Rede Wireless: Intel Wi-Fi6 &#8211; 802.11 a\/b\/g\/n\/ac R2+ ax &#8211; 2.4 GHz e 5 GHz<\/li>\n<\/ul>\n<h4>Tela:<\/h4>\n<ul>\n<li>15,6&#8243;<\/li>\n<li>Resolu\u00e7\u00e3o da Tela: 1920&#215;1080<\/li>\n<li>Cor: Cinza A\u00e7o<\/li>\n<\/ul>\n<h4>Teclado:<\/h4>\n<ul>\n<li>Portugu\u00eas (BR) com teclado num\u00e9rico<\/li>\n<\/ul>\n<h4>Bateria:<\/h4>\n<ul>\n<li>3 C\u00e9lulas (Li-\u00cdon) 50Wh<\/li>\n<\/ul>\n<h4>Informa\u00e7\u00f5es:<\/h4>\n<ul>\n<li>Leitor Biom\u00e9trico: N\u00e3o<\/li>\n<li>Criptografia: Firmware TPM (fTPM)<\/li>\n<li>Gerenciamento e Virtualiza\u00e7\u00e3o (Vpro\/Dash): N\u00e3o<\/li>\n<li>Bluetooth: 5.0<\/li>\n<li>Leitor de Cart\u00f5es: N\u00e3o<\/li>\n<li>Drive \u00d3ptico: N\u00e3o<\/li>\n<\/ul>\n<h4>Conex\u00f5es:<\/h4>\n<ul>\n<li>Conex\u00f5es HDMI: 1x HDMI 2.1<\/li>\n<li>Conex\u00f5es USB-C: 1 x Thunderbolt 4 (USB Tipo-C)<\/li>\n<li>Conex\u00f5es USB 2.0: N\u00e3o<\/li>\n<li>Conex\u00f5es USB 3.0: 3x USB 3.2 Gen 1<\/li>\n<li>Conex\u00f5es Display Port: N\u00e3o<\/li>\n<li>Conex\u00f5es VGA: N\u00e3o<\/li>\n<\/ul>\n<h4>Conte\u00fado da Embalagem:<\/h4>\n<ul>\n<li>\u00a0Notebook Acer Aspire 5 Core i5<\/li>\n<\/ul>\n<h4>Garantia do Fornecedor:<\/h4>\n<ul>\n<li>12 Meses<\/li>\n<\/ul>\n<h4>Peso:<\/h4>\n<ul>\n<li>2610 gramas (bruto com embalagem)<\/li>\n<\/ul>\n\t\t<\/div>\n\t\t[\/vc_column][\/vc_row]<\/p>\n<\/div>","protected":false},"excerpt":{"rendered":"<p><strong>C\u00f3digo:<\/strong> <a href=\"#\">76827<\/a>\u00a0 \u00a0<strong>|<\/strong>\u00a0 \u00a0<strong>Mais produtos:<\/strong> <a href=\"https:\/\/elektrotec.com.br\/loja\/loja\/?filter_marcas=acer\">Acer<\/a>\u00a0 \u00a0<strong>|<\/strong>\u00a0 \u00a0<a href=\"https:\/\/elektrotec.com.br\/loja\/produto\/notebook-lenovo-v15-g3-iap-intel-core-i5-1235u-8gb-ssd-256gb-156-fhd-free-dos-windows-11-pro-preto\/#codigo-76827\"><strong>Descri\u00e7\u00e3o do produto<\/strong><\/a><\/p>\n","protected":false},"featured_media":3633,"comment_status":"open","ping_status":"closed","template":"","meta":{"pagelayer_contact_templates":[],"_pagelayer_content":"","_mbp_gutenberg_autopost":false},"pwb-brand":[],"product_brand":[],"product_cat":[62,56,25],"product_tag":[],"class_list":{"0":"post-3632","1":"product","2":"type-product","3":"status-publish","4":"has-post-thumbnail","6":"product_cat-notebook-intel","7":"product_cat-notebooks","8":"product_cat-tecnologia-e-informatica","9":"product_shipping_class-logistica-quioske","11":"first","12":"instock","13":"featured","14":"shipping-taxable","15":"purchasable","16":"product-type-simple"},"yoast_head":"<!-- This site is optimized with the Yoast SEO plugin v27.2 - https:\/\/yoast.com\/product\/yoast-seo-wordpress\/ -->\n<title>Notebook Acer Aspire 5 Core I5, 8GB SSD 256GB 15.6&quot; Linux<\/title>\n<meta name=\"description\" content=\"Notebooks Acer com as melhores configura\u00e7\u00f5es. Aproveite e Compare Diversos Modelos. Escolha seu notebook com Processadores Intel\u00ae Core\u2122. At\u00e9 12x\" \/>\n<meta name=\"robots\" content=\"index, follow, max-snippet:-1, max-image-preview:large, max-video-preview:-1\" \/>\n<link rel=\"canonical\" href=\"https:\/\/elektrotec.com.br\/loja\/produto\/notebook-acer-aspire-5-core-i5-8gb-ram-ssd-256gb-tela-15-6-linux\/\" \/>\n<meta property=\"og:locale\" content=\"pt_BR\" \/>\n<meta property=\"og:type\" content=\"article\" \/>\n<meta property=\"og:title\" content=\"Notebook Acer Aspire 5 Core I5, 8GB SSD 256GB 15.6&quot; Linux\" \/>\n<meta property=\"og:description\" content=\"Notebooks Acer com as melhores configura\u00e7\u00f5es. Aproveite e Compare Diversos Modelos. Escolha seu notebook com Processadores Intel\u00ae Core\u2122. At\u00e9 12x\" \/>\n<meta property=\"og:url\" content=\"https:\/\/elektrotec.com.br\/loja\/produto\/notebook-acer-aspire-5-core-i5-8gb-ram-ssd-256gb-tela-15-6-linux\/\" \/>\n<meta property=\"og:site_name\" content=\"Elektrotec Store\" \/>\n<meta property=\"article:modified_time\" content=\"2025-04-01T23:53:55+00:00\" \/>\n<meta property=\"og:image\" content=\"https:\/\/elektrotec.com.br\/loja\/wp-content\/uploads\/2024\/12\/Notebook-Acer-Aspire-5-Core-I5-8GB-RAM-SSD-256GB-Tela-15-0.jpg\" \/>\n\t<meta property=\"og:image:width\" content=\"700\" \/>\n\t<meta property=\"og:image:height\" content=\"800\" \/>\n\t<meta property=\"og:image:type\" content=\"image\/jpeg\" \/>\n<meta name=\"twitter:card\" content=\"summary_large_image\" \/>\n<meta name=\"twitter:label1\" content=\"Est. tempo de leitura\" \/>\n\t<meta name=\"twitter:data1\" content=\"3 minutos\" \/>\n<script type=\"application\/ld+json\" class=\"yoast-schema-graph\">{\"@context\":\"https:\/\/schema.org\",\"@graph\":[{\"@type\":\"WebPage\",\"@id\":\"https:\/\/elektrotec.com.br\/loja\/produto\/notebook-acer-aspire-5-core-i5-8gb-ram-ssd-256gb-tela-15-6-linux\/\",\"url\":\"https:\/\/elektrotec.com.br\/loja\/produto\/notebook-acer-aspire-5-core-i5-8gb-ram-ssd-256gb-tela-15-6-linux\/\",\"name\":\"Notebook Acer Aspire 5 Core I5, 8GB SSD 256GB 15.6\\\" Linux\",\"isPartOf\":{\"@id\":\"https:\/\/elektrotec.com.br\/loja\/#website\"},\"primaryImageOfPage\":{\"@id\":\"https:\/\/elektrotec.com.br\/loja\/produto\/notebook-acer-aspire-5-core-i5-8gb-ram-ssd-256gb-tela-15-6-linux\/#primaryimage\"},\"image\":{\"@id\":\"https:\/\/elektrotec.com.br\/loja\/produto\/notebook-acer-aspire-5-core-i5-8gb-ram-ssd-256gb-tela-15-6-linux\/#primaryimage\"},\"thumbnailUrl\":\"https:\/\/i0.wp.com\/elektrotec.com.br\/loja\/wp-content\/uploads\/2024\/12\/Notebook-Acer-Aspire-5-Core-I5-8GB-RAM-SSD-256GB-Tela-15-0.jpg?fit=700%2C800&ssl=1\",\"datePublished\":\"2025-04-01T18:00:26+00:00\",\"dateModified\":\"2025-04-01T23:53:55+00:00\",\"description\":\"Notebooks Acer com as melhores configura\u00e7\u00f5es. Aproveite e Compare Diversos Modelos. Escolha seu notebook com Processadores Intel\u00ae Core\u2122. At\u00e9 12x\",\"breadcrumb\":{\"@id\":\"https:\/\/elektrotec.com.br\/loja\/produto\/notebook-acer-aspire-5-core-i5-8gb-ram-ssd-256gb-tela-15-6-linux\/#breadcrumb\"},\"inLanguage\":\"pt-BR\",\"potentialAction\":[{\"@type\":\"ReadAction\",\"target\":[\"https:\/\/elektrotec.com.br\/loja\/produto\/notebook-acer-aspire-5-core-i5-8gb-ram-ssd-256gb-tela-15-6-linux\/\"]}]},{\"@type\":\"ImageObject\",\"inLanguage\":\"pt-BR\",\"@id\":\"https:\/\/elektrotec.com.br\/loja\/produto\/notebook-acer-aspire-5-core-i5-8gb-ram-ssd-256gb-tela-15-6-linux\/#primaryimage\",\"url\":\"https:\/\/i0.wp.com\/elektrotec.com.br\/loja\/wp-content\/uploads\/2024\/12\/Notebook-Acer-Aspire-5-Core-I5-8GB-RAM-SSD-256GB-Tela-15-0.jpg?fit=700%2C800&ssl=1\",\"contentUrl\":\"https:\/\/i0.wp.com\/elektrotec.com.br\/loja\/wp-content\/uploads\/2024\/12\/Notebook-Acer-Aspire-5-Core-I5-8GB-RAM-SSD-256GB-Tela-15-0.jpg?fit=700%2C800&ssl=1\",\"width\":700,\"height\":800},{\"@type\":\"BreadcrumbList\",\"@id\":\"https:\/\/elektrotec.com.br\/loja\/produto\/notebook-acer-aspire-5-core-i5-8gb-ram-ssd-256gb-tela-15-6-linux\/#breadcrumb\",\"itemListElement\":[{\"@type\":\"ListItem\",\"position\":1,\"name\":\"Home\",\"item\":\"https:\/\/elektrotec.com.br\/loja\/\"},{\"@type\":\"ListItem\",\"position\":2,\"name\":\"Ofertas do dia \u26a1\",\"item\":\"https:\/\/elektrotec.com.br\/loja\/loja\/\"},{\"@type\":\"ListItem\",\"position\":3,\"name\":\"Notebook Acer Aspire 5 Core I5, 8GB RAM, SSD 256GB, Tela 15.6 polegadas, Linux\"}]},{\"@type\":\"WebSite\",\"@id\":\"https:\/\/elektrotec.com.br\/loja\/#website\",\"url\":\"https:\/\/elektrotec.com.br\/loja\/\",\"name\":\"Elektrotec Store\",\"description\":\"Solu\u00e7\u00f5es em Energia e Automa\u00e7\u00e3o Industrial\",\"publisher\":{\"@id\":\"https:\/\/elektrotec.com.br\/loja\/#organization\"},\"potentialAction\":[{\"@type\":\"SearchAction\",\"target\":{\"@type\":\"EntryPoint\",\"urlTemplate\":\"https:\/\/elektrotec.com.br\/loja\/?s={search_term_string}\"},\"query-input\":{\"@type\":\"PropertyValueSpecification\",\"valueRequired\":true,\"valueName\":\"search_term_string\"}}],\"inLanguage\":\"pt-BR\"},{\"@type\":\"Organization\",\"@id\":\"https:\/\/elektrotec.com.br\/loja\/#organization\",\"name\":\"Elektrotec\",\"url\":\"https:\/\/elektrotec.com.br\/loja\/\",\"logo\":{\"@type\":\"ImageObject\",\"inLanguage\":\"pt-BR\",\"@id\":\"https:\/\/elektrotec.com.br\/loja\/#\/schema\/logo\/image\/\",\"url\":\"https:\/\/i0.wp.com\/elektrotec.com.br\/loja\/wp-content\/uploads\/2025\/05\/Logo-site-Elektrotec-Energy-1.webp?fit=270%2C70&ssl=1\",\"contentUrl\":\"https:\/\/i0.wp.com\/elektrotec.com.br\/loja\/wp-content\/uploads\/2025\/05\/Logo-site-Elektrotec-Energy-1.webp?fit=270%2C70&ssl=1\",\"width\":270,\"height\":70,\"caption\":\"Elektrotec\"},\"image\":{\"@id\":\"https:\/\/elektrotec.com.br\/loja\/#\/schema\/logo\/image\/\"}}]}<\/script>\n<!-- \/ Yoast SEO plugin. -->","yoast_head_json":{"title":"Notebook Acer Aspire 5 Core I5, 8GB SSD 256GB 15.6\" Linux","description":"Notebooks Acer com as melhores configura\u00e7\u00f5es. Aproveite e Compare Diversos Modelos. Escolha seu notebook com Processadores Intel\u00ae Core\u2122. At\u00e9 12x","robots":{"index":"index","follow":"follow","max-snippet":"max-snippet:-1","max-image-preview":"max-image-preview:large","max-video-preview":"max-video-preview:-1"},"canonical":"https:\/\/elektrotec.com.br\/loja\/produto\/notebook-acer-aspire-5-core-i5-8gb-ram-ssd-256gb-tela-15-6-linux\/","og_locale":"pt_BR","og_type":"article","og_title":"Notebook Acer Aspire 5 Core I5, 8GB SSD 256GB 15.6\" Linux","og_description":"Notebooks Acer com as melhores configura\u00e7\u00f5es. Aproveite e Compare Diversos Modelos. Escolha seu notebook com Processadores Intel\u00ae Core\u2122. At\u00e9 12x","og_url":"https:\/\/elektrotec.com.br\/loja\/produto\/notebook-acer-aspire-5-core-i5-8gb-ram-ssd-256gb-tela-15-6-linux\/","og_site_name":"Elektrotec Store","article_modified_time":"2025-04-01T23:53:55+00:00","og_image":[{"width":700,"height":800,"url":"https:\/\/elektrotec.com.br\/loja\/wp-content\/uploads\/2024\/12\/Notebook-Acer-Aspire-5-Core-I5-8GB-RAM-SSD-256GB-Tela-15-0.jpg","type":"image\/jpeg"}],"twitter_card":"summary_large_image","twitter_misc":{"Est. tempo de leitura":"3 minutos"},"schema":{"@context":"https:\/\/schema.org","@graph":[{"@type":"WebPage","@id":"https:\/\/elektrotec.com.br\/loja\/produto\/notebook-acer-aspire-5-core-i5-8gb-ram-ssd-256gb-tela-15-6-linux\/","url":"https:\/\/elektrotec.com.br\/loja\/produto\/notebook-acer-aspire-5-core-i5-8gb-ram-ssd-256gb-tela-15-6-linux\/","name":"Notebook Acer Aspire 5 Core I5, 8GB SSD 256GB 15.6\" Linux","isPartOf":{"@id":"https:\/\/elektrotec.com.br\/loja\/#website"},"primaryImageOfPage":{"@id":"https:\/\/elektrotec.com.br\/loja\/produto\/notebook-acer-aspire-5-core-i5-8gb-ram-ssd-256gb-tela-15-6-linux\/#primaryimage"},"image":{"@id":"https:\/\/elektrotec.com.br\/loja\/produto\/notebook-acer-aspire-5-core-i5-8gb-ram-ssd-256gb-tela-15-6-linux\/#primaryimage"},"thumbnailUrl":"https:\/\/i0.wp.com\/elektrotec.com.br\/loja\/wp-content\/uploads\/2024\/12\/Notebook-Acer-Aspire-5-Core-I5-8GB-RAM-SSD-256GB-Tela-15-0.jpg?fit=700%2C800&ssl=1","datePublished":"2025-04-01T18:00:26+00:00","dateModified":"2025-04-01T23:53:55+00:00","description":"Notebooks Acer com as melhores configura\u00e7\u00f5es. Aproveite e Compare Diversos Modelos. Escolha seu notebook com Processadores Intel\u00ae Core\u2122. At\u00e9 12x","breadcrumb":{"@id":"https:\/\/elektrotec.com.br\/loja\/produto\/notebook-acer-aspire-5-core-i5-8gb-ram-ssd-256gb-tela-15-6-linux\/#breadcrumb"},"inLanguage":"pt-BR","potentialAction":[{"@type":"ReadAction","target":["https:\/\/elektrotec.com.br\/loja\/produto\/notebook-acer-aspire-5-core-i5-8gb-ram-ssd-256gb-tela-15-6-linux\/"]}]},{"@type":"ImageObject","inLanguage":"pt-BR","@id":"https:\/\/elektrotec.com.br\/loja\/produto\/notebook-acer-aspire-5-core-i5-8gb-ram-ssd-256gb-tela-15-6-linux\/#primaryimage","url":"https:\/\/i0.wp.com\/elektrotec.com.br\/loja\/wp-content\/uploads\/2024\/12\/Notebook-Acer-Aspire-5-Core-I5-8GB-RAM-SSD-256GB-Tela-15-0.jpg?fit=700%2C800&ssl=1","contentUrl":"https:\/\/i0.wp.com\/elektrotec.com.br\/loja\/wp-content\/uploads\/2024\/12\/Notebook-Acer-Aspire-5-Core-I5-8GB-RAM-SSD-256GB-Tela-15-0.jpg?fit=700%2C800&ssl=1","width":700,"height":800},{"@type":"BreadcrumbList","@id":"https:\/\/elektrotec.com.br\/loja\/produto\/notebook-acer-aspire-5-core-i5-8gb-ram-ssd-256gb-tela-15-6-linux\/#breadcrumb","itemListElement":[{"@type":"ListItem","position":1,"name":"Home","item":"https:\/\/elektrotec.com.br\/loja\/"},{"@type":"ListItem","position":2,"name":"Ofertas do dia \u26a1","item":"https:\/\/elektrotec.com.br\/loja\/loja\/"},{"@type":"ListItem","position":3,"name":"Notebook Acer Aspire 5 Core I5, 8GB RAM, SSD 256GB, Tela 15.6 polegadas, Linux"}]},{"@type":"WebSite","@id":"https:\/\/elektrotec.com.br\/loja\/#website","url":"https:\/\/elektrotec.com.br\/loja\/","name":"Elektrotec Store","description":"Solu\u00e7\u00f5es em Energia e Automa\u00e7\u00e3o Industrial","publisher":{"@id":"https:\/\/elektrotec.com.br\/loja\/#organization"},"potentialAction":[{"@type":"SearchAction","target":{"@type":"EntryPoint","urlTemplate":"https:\/\/elektrotec.com.br\/loja\/?s={search_term_string}"},"query-input":{"@type":"PropertyValueSpecification","valueRequired":true,"valueName":"search_term_string"}}],"inLanguage":"pt-BR"},{"@type":"Organization","@id":"https:\/\/elektrotec.com.br\/loja\/#organization","name":"Elektrotec","url":"https:\/\/elektrotec.com.br\/loja\/","logo":{"@type":"ImageObject","inLanguage":"pt-BR","@id":"https:\/\/elektrotec.com.br\/loja\/#\/schema\/logo\/image\/","url":"https:\/\/i0.wp.com\/elektrotec.com.br\/loja\/wp-content\/uploads\/2025\/05\/Logo-site-Elektrotec-Energy-1.webp?fit=270%2C70&ssl=1","contentUrl":"https:\/\/i0.wp.com\/elektrotec.com.br\/loja\/wp-content\/uploads\/2025\/05\/Logo-site-Elektrotec-Energy-1.webp?fit=270%2C70&ssl=1","width":270,"height":70,"caption":"Elektrotec"},"image":{"@id":"https:\/\/elektrotec.com.br\/loja\/#\/schema\/logo\/image\/"}}]}},"jetpack_sharing_enabled":true,"brands":[],"_links":{"self":[{"href":"https:\/\/elektrotec.com.br\/loja\/wp-json\/wp\/v2\/product\/3632","targetHints":{"allow":["GET"]}}],"collection":[{"href":"https:\/\/elektrotec.com.br\/loja\/wp-json\/wp\/v2\/product"}],"about":[{"href":"https:\/\/elektrotec.com.br\/loja\/wp-json\/wp\/v2\/types\/product"}],"replies":[{"embeddable":true,"href":"https:\/\/elektrotec.com.br\/loja\/wp-json\/wp\/v2\/comments?post=3632"}],"wp:featuredmedia":[{"embeddable":true,"href":"https:\/\/elektrotec.com.br\/loja\/wp-json\/wp\/v2\/media\/3633"}],"wp:attachment":[{"href":"https:\/\/elektrotec.com.br\/loja\/wp-json\/wp\/v2\/media?parent=3632"}],"wp:term":[{"taxonomy":"pwb-brand","embeddable":true,"href":"https:\/\/elektrotec.com.br\/loja\/wp-json\/wp\/v2\/pwb-brand?post=3632"},{"taxonomy":"product_brand","embeddable":true,"href":"https:\/\/elektrotec.com.br\/loja\/wp-json\/wp\/v2\/product_brand?post=3632"},{"taxonomy":"product_cat","embeddable":true,"href":"https:\/\/elektrotec.com.br\/loja\/wp-json\/wp\/v2\/product_cat?post=3632"},{"taxonomy":"product_tag","embeddable":true,"href":"https:\/\/elektrotec.com.br\/loja\/wp-json\/wp\/v2\/product_tag?post=3632"}],"curies":[{"name":"wp","href":"https:\/\/api.w.org\/{rel}","templated":true}]}}