{"id":3621,"date":"2024-12-16T20:12:54","date_gmt":"2024-12-16T23:12:54","guid":{"rendered":"https:\/\/quioske.com.br\/?post_type=product&#038;p=3621"},"modified":"2025-02-27T18:48:05","modified_gmt":"2025-02-27T21:48:05","slug":"computador-lenovo-tiny-thinkcentre-neo-50q-g4-intel-core-i3-1215u-8gb-ssd-256gb-windows-11-pro","status":"publish","type":"product","link":"https:\/\/elektrotec.com.br\/loja\/produto\/computador-lenovo-tiny-thinkcentre-neo-50q-g4-intel-core-i3-1215u-8gb-ssd-256gb-windows-11-pro\/","title":{"rendered":"Computador Lenovo Tiny Thinkcentre NEO 50Q G4 Intel Core I3 1215U 8GB SSD 256GB Windows 11 PRO"},"content":{"rendered":"<div class=\"wpb-content-wrapper\"><p>[vc_row woodmart_css_id=&#8221;6760b519284c6&#8243; responsive_spacing=&#8221;eyJwYXJhbV90eXBlIjoid29vZG1hcnRfcmVzcG9uc2l2ZV9zcGFjaW5nIiwic2VsZWN0b3JfaWQiOiI2NzYwYjUxOTI4NGM2Iiwic2hvcnRjb2RlIjoidmNfcm93IiwiZGF0YSI6eyJ0YWJsZXQiOnt9LCJtb2JpbGUiOnt9fX0=&#8221; mobile_bg_img_hidden=&#8221;no&#8221; tablet_bg_img_hidden=&#8221;no&#8221; woodmart_parallax=&#8221;0&#8243; woodmart_gradient_switch=&#8221;no&#8221; woodmart_box_shadow=&#8221;no&#8221; wd_z_index=&#8221;no&#8221; woodmart_disable_overflow=&#8221;0&#8243; row_reverse_mobile=&#8221;0&#8243; row_reverse_tablet=&#8221;0&#8243; el_id=&#8221;codigo-74057&#8243;][vc_column css=&#8221;.vc_custom_1666272391679{padding-top: 0px !important;}&#8221; woodmart_css_id=&#8221;63514c8260958&#8243; parallax_scroll=&#8221;no&#8221; woodmart_sticky_column=&#8221;false&#8221; wd_collapsible_content_switcher=&#8221;no&#8221; wd_column_role_offcanvas_desktop=&#8221;no&#8221; wd_column_role_offcanvas_tablet=&#8221;no&#8221; wd_column_role_offcanvas_mobile=&#8221;no&#8221; wd_column_role_content_desktop=&#8221;no&#8221; wd_column_role_content_tablet=&#8221;no&#8221; wd_column_role_content_mobile=&#8221;no&#8221; mobile_bg_img_hidden=&#8221;no&#8221; tablet_bg_img_hidden=&#8221;no&#8221; woodmart_parallax=&#8221;0&#8243; woodmart_box_shadow=&#8221;no&#8221; responsive_spacing=&#8221;eyJwYXJhbV90eXBlIjoid29vZG1hcnRfcmVzcG9uc2l2ZV9zcGFjaW5nIiwic2VsZWN0b3JfaWQiOiI2MzUxNGM4MjYwOTU4Iiwic2hvcnRjb2RlIjoidmNfY29sdW1uIiwiZGF0YSI6eyJ0YWJsZXQiOnt9LCJtb2JpbGUiOnt9fX0=&#8221; mobile_reset_margin=&#8221;no&#8221; tablet_reset_margin=&#8221;no&#8221; wd_z_index=&#8221;no&#8221;]\t\t<div id=\"wd-67bf7d75f38fb\" class=\"wd-text-block wd-wpb reset-last-child wd-rs-67bf7d75f38fb text-center vc_custom_1740602780971\">\n\t\t\t<p><img data-recalc-dims=\"1\" loading=\"lazy\" decoding=\"async\" class=\"aligncenter wp-image-4499 size-full\" src=\"https:\/\/i0.wp.com\/elektrotec.com.br\/loja\/wp-content\/uploads\/2024\/12\/Tiny-ThinkCentre-Neo-50q.png?resize=1421%2C2512&#038;ssl=1\" alt=\"\" width=\"1421\" height=\"2512\" srcset=\"https:\/\/i0.wp.com\/elektrotec.com.br\/loja\/wp-content\/uploads\/2024\/12\/Tiny-ThinkCentre-Neo-50q.png?w=1421&amp;ssl=1 1421w, https:\/\/i0.wp.com\/elektrotec.com.br\/loja\/wp-content\/uploads\/2024\/12\/Tiny-ThinkCentre-Neo-50q.png?resize=170%2C300&amp;ssl=1 170w, https:\/\/i0.wp.com\/elektrotec.com.br\/loja\/wp-content\/uploads\/2024\/12\/Tiny-ThinkCentre-Neo-50q.png?resize=579%2C1024&amp;ssl=1 579w, https:\/\/i0.wp.com\/elektrotec.com.br\/loja\/wp-content\/uploads\/2024\/12\/Tiny-ThinkCentre-Neo-50q.png?resize=768%2C1358&amp;ssl=1 768w, https:\/\/i0.wp.com\/elektrotec.com.br\/loja\/wp-content\/uploads\/2024\/12\/Tiny-ThinkCentre-Neo-50q.png?resize=869%2C1536&amp;ssl=1 869w, https:\/\/i0.wp.com\/elektrotec.com.br\/loja\/wp-content\/uploads\/2024\/12\/Tiny-ThinkCentre-Neo-50q.png?resize=1159%2C2048&amp;ssl=1 1159w, https:\/\/i0.wp.com\/elektrotec.com.br\/loja\/wp-content\/uploads\/2024\/12\/Tiny-ThinkCentre-Neo-50q.png?resize=1320%2C2333&amp;ssl=1 1320w, https:\/\/i0.wp.com\/elektrotec.com.br\/loja\/wp-content\/uploads\/2024\/12\/Tiny-ThinkCentre-Neo-50q.png?resize=1200%2C2121&amp;ssl=1 1200w, https:\/\/i0.wp.com\/elektrotec.com.br\/loja\/wp-content\/uploads\/2024\/12\/Tiny-ThinkCentre-Neo-50q.png?resize=150%2C265&amp;ssl=1 150w\" sizes=\"auto, (max-width: 1000px) 100vw, 1000px\" \/><\/p>\n\t\t<\/div>\n\t\t[\/vc_column][\/vc_row][vc_row][vc_column woodmart_css_id=&#8221;667c81fba6236&#8243; parallax_scroll=&#8221;no&#8221; woodmart_sticky_column=&#8221;false&#8221; wd_collapsible_content_switcher=&#8221;no&#8221; wd_column_role_offcanvas_desktop=&#8221;no&#8221; wd_column_role_offcanvas_tablet=&#8221;no&#8221; wd_column_role_offcanvas_mobile=&#8221;no&#8221; wd_column_role_content_desktop=&#8221;no&#8221; wd_column_role_content_tablet=&#8221;no&#8221; wd_column_role_content_mobile=&#8221;no&#8221; mobile_bg_img_hidden=&#8221;no&#8221; tablet_bg_img_hidden=&#8221;no&#8221; woodmart_parallax=&#8221;0&#8243; woodmart_box_shadow=&#8221;no&#8221; responsive_spacing=&#8221;eyJwYXJhbV90eXBlIjoid29vZG1hcnRfcmVzcG9uc2l2ZV9zcGFjaW5nIiwic2VsZWN0b3JfaWQiOiI2NjdjODFmYmE2MjM2Iiwic2hvcnRjb2RlIjoidmNfY29sdW1uIiwiZGF0YSI6eyJ0YWJsZXQiOnt9LCJtb2JpbGUiOnt9fX0=&#8221; mobile_reset_margin=&#8221;no&#8221; tablet_reset_margin=&#8221;no&#8221; wd_z_index=&#8221;no&#8221; css=&#8221;.vc_custom_1719435784581{margin-top: -60px !important;}&#8221;][vc_separator border_width=&#8221;3&#8243; css=&#8221;.vc_custom_1731708518955{margin-top: 50px !important;margin-bottom: 50px !important;}&#8221; wd_hide_on_desktop=&#8221;no&#8221; wd_hide_on_tablet=&#8221;no&#8221; wd_hide_on_mobile=&#8221;no&#8221;][\/vc_column][\/vc_row][vc_row woodmart_css_id=&#8221;6351519a61682&#8243; responsive_spacing=&#8221;eyJwYXJhbV90eXBlIjoid29vZG1hcnRfcmVzcG9uc2l2ZV9zcGFjaW5nIiwic2VsZWN0b3JfaWQiOiI2MzUxNTE5YTYxNjgyIiwic2hvcnRjb2RlIjoidmNfcm93IiwiZGF0YSI6eyJ0YWJsZXQiOnt9LCJtb2JpbGUiOnt9fX0=&#8221; mobile_bg_img_hidden=&#8221;no&#8221; tablet_bg_img_hidden=&#8221;no&#8221; woodmart_parallax=&#8221;0&#8243; woodmart_gradient_switch=&#8221;no&#8221; woodmart_box_shadow=&#8221;no&#8221; wd_z_index=&#8221;no&#8221; woodmart_disable_overflow=&#8221;0&#8243; row_reverse_mobile=&#8221;0&#8243; row_reverse_tablet=&#8221;0&#8243;][vc_column css=&#8221;.vc_custom_1669033735057{padding-top: 0px !important;}&#8221; woodmart_css_id=&#8221;637b6f036ef34&#8243; parallax_scroll=&#8221;no&#8221; woodmart_sticky_column=&#8221;false&#8221; wd_collapsible_content_switcher=&#8221;no&#8221; wd_column_role_offcanvas_desktop=&#8221;no&#8221; wd_column_role_offcanvas_tablet=&#8221;no&#8221; wd_column_role_offcanvas_mobile=&#8221;no&#8221; wd_column_role_content_desktop=&#8221;no&#8221; wd_column_role_content_tablet=&#8221;no&#8221; wd_column_role_content_mobile=&#8221;no&#8221; mobile_bg_img_hidden=&#8221;no&#8221; tablet_bg_img_hidden=&#8221;no&#8221; woodmart_parallax=&#8221;0&#8243; woodmart_box_shadow=&#8221;no&#8221; responsive_spacing=&#8221;eyJwYXJhbV90eXBlIjoid29vZG1hcnRfcmVzcG9uc2l2ZV9zcGFjaW5nIiwic2VsZWN0b3JfaWQiOiI2MzdiNmYwMzZlZjM0Iiwic2hvcnRjb2RlIjoidmNfY29sdW1uIiwiZGF0YSI6eyJ0YWJsZXQiOnt9LCJtb2JpbGUiOnt9fX0=&#8221; mobile_reset_margin=&#8221;no&#8221; tablet_reset_margin=&#8221;no&#8221; wd_z_index=&#8221;no&#8221;]\n\t\t<div id=\"wd-667ca27edb170\" class=\"title-wrapper wd-wpb wd-set-mb reset-last-child  wd-rs-667ca27edb170 wd-title-color-default wd-title-style-default text-left vc_custom_1719444410298 wd-underline-colored\">\n\t\t\t\n\t\t\t<div class=\"liner-continer\">\n\t\t\t\t<h4 class=\"woodmart-title-container title  wd-font-weight-700 wd-fontsize-l\" >\ud83d\udccc Especifica\u00e7\u00f5es T\u00e9cnicas:<\/h4>\n\t\t\t\t\t\t\t<\/div>\n\t\t\t\n\t\t\t\n\t\t\t\n\t\t<\/div>\n\t\t\n\t\t\t\t<div id=\"wd-67bf76206ecce\" class=\"wd-text-block wd-wpb reset-last-child wd-rs-67bf76206ecce text-left vc_custom_1740600899103\">\n\t\t\t<div>\n<ul>\n<li>Processador: Processador Intel\u00ae Core\u2122 i3-1215U de 12\u00aa gera\u00e7\u00e3o (n\u00facleos de efici\u00eancia de at\u00e9 3,30 GHz N\u00facleos de desempenho de at\u00e9 4,40 GHz);<\/li>\n<li>Mem\u00f3ria: 8 GB (1 x 8 GB) DDR4 UDIMM 3200MHz;<\/li>\n<li>Slots de mem\u00f3ria: Dois slots DDR4 SO-DIMM, capacidade de canal duplo<\/li>\n<li>Mem\u00f3ria m\u00e1xima: At\u00e9 32GB DDR4-3200;<\/li>\n<li>Armazenamento: 256GB SSD M.2 2280 PCIe\u00ae 4.0&#215;4 NVMe\u00ae Opal 2.0;<\/li>\n<li>Unidade \u00d3tica: N\u00e3o possui;<\/li>\n<li>Leitor de cart\u00e3o: N\u00e3o possui<\/li>\n<li>Placa de V\u00eddeo: Gr\u00e1ficos integrados Intel\u00ae UHD;<\/li>\n<li>\u00c1udio: \u00c1udio de alta defini\u00e7\u00e3o (HD), codec Realtek\u00ae ALC256;<\/li>\n<li>Ethernet: Integrado 100\/1000M;<\/li>\n<li>WLAN + Bluetooth: Intel\u00ae Wi-Fi\u00ae 6 AX201, 11ax 2&#215;2 + BT5.1;<\/li>\n<li>Chip de seguran\u00e7a: Firmware TPM 2.0 integrado no SoC;<\/li>\n<li>Interruptor de Intrus\u00e3o do Chassi: Interruptor de Intrus\u00e3o do Chassi;<\/li>\n<\/ul>\n<h4><strong>Certifica\u00e7\u00f5es Verdes:<\/strong><\/h4>\n<ul>\n<li>Registro Ouro EPEAT\u2122<\/li>\n<li>ENERGY STAR\u00ae 8.0<\/li>\n<li>ErP Lote 3 e Lote 7<\/li>\n<li>Certificado TCO 9.0<\/li>\n<li>Compat\u00edvel com RoHS<\/li>\n<li>Sistema Operacional: Windows\u00ae 11 Pro, Portugu\u00eas (Brasil)<\/li>\n<\/ul>\n<h4><strong>Portas frontais:<\/strong><\/h4>\n<ul>\n<li>1x USB 3.2 Gen 2 (sempre ligado e carregamento 5V@2.1A);<\/li>\n<li>1x USB-C\u00ae 3.2 Gen 2 (suporta transfer\u00eancia de dados e carregamento de 5V a 0,9A);<\/li>\n<li>1x conector combinado de fone de ouvido\/microfone (3,5 mm);<\/li>\n<\/ul>\n<h4><strong>Portas Traseiras:<\/strong><\/h4>\n<ul>\n<li>1x HDMI\u00ae 2.1 TMDS;<\/li>\n<li>1x DisplayPort\u2122 1.4;<\/li>\n<li>2 x USB 2.0;<\/li>\n<li>2x USB 3.2 Gen 2;<\/li>\n<li>1 x Ethernet (RJ-45).<\/li>\n<li>Fonte de energia: Adaptador de 65 W 89%<\/li>\n<\/ul>\n<\/div>\n\t\t<\/div>\n\t\t[\/vc_column][\/vc_row]<\/p>\n<\/div>","protected":false},"excerpt":{"rendered":"<p><strong>C\u00f3digo:<\/strong> <a href=\"#\">74057<\/a>\u00a0 \u00a0<strong>|<\/strong>\u00a0 \u00a0<strong>Mais produtos:<\/strong> <a href=\"https:\/\/elektrotec.com.br\/loja\/loja\/?filter_marcas=lenovo\">Lenovo<\/a>\u00a0 \u00a0<strong>|<\/strong>\u00a0 \u00a0<a href=\"https:\/\/elektrotec.com.br\/loja\/produto\/desktop-lenovo-thinkcentre-neo-50q-gen4-intel-core-i3-1215u-8gb-ssd-256gb-freedos\/#codigo-74057\"><strong>Descri\u00e7\u00e3o do produto<\/strong><\/a><\/p>\n","protected":false},"featured_media":3623,"comment_status":"open","ping_status":"closed","template":"","meta":{"pagelayer_contact_templates":[],"_pagelayer_content":"","_mbp_gutenberg_autopost":false},"pwb-brand":[],"product_brand":[],"product_cat":[58,25],"product_tag":[],"class_list":{"0":"post-3621","1":"product","2":"type-product","3":"status-publish","4":"has-post-thumbnail","6":"product_cat-desktop","7":"product_cat-tecnologia-e-informatica","8":"product_shipping_class-logistica-quioske","10":"first","11":"instock","12":"featured","13":"shipping-taxable","14":"purchasable","15":"product-type-simple"},"yoast_head":"<!-- This site is optimized with the Yoast SEO plugin v27.2 - https:\/\/yoast.com\/product\/yoast-seo-wordpress\/ -->\n<title>Computador Lenovo Thinkcentre NEO 50Q I3 1215U 8GB 256GB<\/title>\n<meta name=\"description\" content=\"Computadores Lenovo com as melhores configura\u00e7\u00f5es. Aproveite e Compare Diversos Modelos. Escolha seu desktop com Processadores Intel\u00ae Core\u2122. At\u00e9 12x\" \/>\n<meta name=\"robots\" content=\"index, follow, max-snippet:-1, max-image-preview:large, max-video-preview:-1\" \/>\n<link rel=\"canonical\" href=\"https:\/\/elektrotec.com.br\/loja\/produto\/computador-lenovo-tiny-thinkcentre-neo-50q-g4-intel-core-i3-1215u-8gb-ssd-256gb-windows-11-pro\/\" \/>\n<meta property=\"og:locale\" content=\"pt_BR\" \/>\n<meta property=\"og:type\" content=\"article\" \/>\n<meta property=\"og:title\" content=\"Computador Lenovo Thinkcentre NEO 50Q I3 1215U 8GB 256GB\" \/>\n<meta property=\"og:description\" content=\"Computadores Lenovo com as melhores configura\u00e7\u00f5es. Aproveite e Compare Diversos Modelos. Escolha seu desktop com Processadores Intel\u00ae Core\u2122. At\u00e9 12x\" \/>\n<meta property=\"og:url\" content=\"https:\/\/elektrotec.com.br\/loja\/produto\/computador-lenovo-tiny-thinkcentre-neo-50q-g4-intel-core-i3-1215u-8gb-ssd-256gb-windows-11-pro\/\" \/>\n<meta property=\"og:site_name\" content=\"Elektrotec Store\" \/>\n<meta property=\"article:modified_time\" content=\"2025-02-27T21:48:05+00:00\" \/>\n<meta property=\"og:image\" content=\"https:\/\/elektrotec.com.br\/loja\/wp-content\/uploads\/2024\/12\/Desktop-Lenovo-Thinkcentre-Neo-50q-Gen4-Intel-Core-I3-1215u-8GB-SSD-256gb-FreeDos-0.jpg\" \/>\n\t<meta property=\"og:image:width\" content=\"700\" \/>\n\t<meta property=\"og:image:height\" content=\"800\" \/>\n\t<meta property=\"og:image:type\" content=\"image\/jpeg\" \/>\n<meta name=\"twitter:card\" content=\"summary_large_image\" \/>\n<meta name=\"twitter:label1\" content=\"Est. tempo de leitura\" \/>\n\t<meta name=\"twitter:data1\" content=\"3 minutos\" \/>\n<script type=\"application\/ld+json\" class=\"yoast-schema-graph\">{\"@context\":\"https:\/\/schema.org\",\"@graph\":[{\"@type\":\"WebPage\",\"@id\":\"https:\/\/elektrotec.com.br\/loja\/produto\/computador-lenovo-tiny-thinkcentre-neo-50q-g4-intel-core-i3-1215u-8gb-ssd-256gb-windows-11-pro\/\",\"url\":\"https:\/\/elektrotec.com.br\/loja\/produto\/computador-lenovo-tiny-thinkcentre-neo-50q-g4-intel-core-i3-1215u-8gb-ssd-256gb-windows-11-pro\/\",\"name\":\"Computador Lenovo Thinkcentre NEO 50Q I3 1215U 8GB 256GB\",\"isPartOf\":{\"@id\":\"https:\/\/elektrotec.com.br\/loja\/#website\"},\"primaryImageOfPage\":{\"@id\":\"https:\/\/elektrotec.com.br\/loja\/produto\/computador-lenovo-tiny-thinkcentre-neo-50q-g4-intel-core-i3-1215u-8gb-ssd-256gb-windows-11-pro\/#primaryimage\"},\"image\":{\"@id\":\"https:\/\/elektrotec.com.br\/loja\/produto\/computador-lenovo-tiny-thinkcentre-neo-50q-g4-intel-core-i3-1215u-8gb-ssd-256gb-windows-11-pro\/#primaryimage\"},\"thumbnailUrl\":\"https:\/\/i0.wp.com\/elektrotec.com.br\/loja\/wp-content\/uploads\/2024\/12\/Desktop-Lenovo-Thinkcentre-Neo-50q-Gen4-Intel-Core-I3-1215u-8GB-SSD-256gb-FreeDos-0.jpg?fit=700%2C800&ssl=1\",\"datePublished\":\"2024-12-16T23:12:54+00:00\",\"dateModified\":\"2025-02-27T21:48:05+00:00\",\"description\":\"Computadores Lenovo com as melhores configura\u00e7\u00f5es. Aproveite e Compare Diversos Modelos. Escolha seu desktop com Processadores Intel\u00ae Core\u2122. At\u00e9 12x\",\"breadcrumb\":{\"@id\":\"https:\/\/elektrotec.com.br\/loja\/produto\/computador-lenovo-tiny-thinkcentre-neo-50q-g4-intel-core-i3-1215u-8gb-ssd-256gb-windows-11-pro\/#breadcrumb\"},\"inLanguage\":\"pt-BR\",\"potentialAction\":[{\"@type\":\"ReadAction\",\"target\":[\"https:\/\/elektrotec.com.br\/loja\/produto\/computador-lenovo-tiny-thinkcentre-neo-50q-g4-intel-core-i3-1215u-8gb-ssd-256gb-windows-11-pro\/\"]}]},{\"@type\":\"ImageObject\",\"inLanguage\":\"pt-BR\",\"@id\":\"https:\/\/elektrotec.com.br\/loja\/produto\/computador-lenovo-tiny-thinkcentre-neo-50q-g4-intel-core-i3-1215u-8gb-ssd-256gb-windows-11-pro\/#primaryimage\",\"url\":\"https:\/\/i0.wp.com\/elektrotec.com.br\/loja\/wp-content\/uploads\/2024\/12\/Desktop-Lenovo-Thinkcentre-Neo-50q-Gen4-Intel-Core-I3-1215u-8GB-SSD-256gb-FreeDos-0.jpg?fit=700%2C800&ssl=1\",\"contentUrl\":\"https:\/\/i0.wp.com\/elektrotec.com.br\/loja\/wp-content\/uploads\/2024\/12\/Desktop-Lenovo-Thinkcentre-Neo-50q-Gen4-Intel-Core-I3-1215u-8GB-SSD-256gb-FreeDos-0.jpg?fit=700%2C800&ssl=1\",\"width\":700,\"height\":800},{\"@type\":\"BreadcrumbList\",\"@id\":\"https:\/\/elektrotec.com.br\/loja\/produto\/computador-lenovo-tiny-thinkcentre-neo-50q-g4-intel-core-i3-1215u-8gb-ssd-256gb-windows-11-pro\/#breadcrumb\",\"itemListElement\":[{\"@type\":\"ListItem\",\"position\":1,\"name\":\"Home\",\"item\":\"https:\/\/elektrotec.com.br\/loja\/\"},{\"@type\":\"ListItem\",\"position\":2,\"name\":\"Ofertas do dia \u26a1\",\"item\":\"https:\/\/elektrotec.com.br\/loja\/loja\/\"},{\"@type\":\"ListItem\",\"position\":3,\"name\":\"Computador Lenovo Tiny Thinkcentre NEO 50Q G4 Intel Core I3 1215U 8GB SSD 256GB Windows 11 PRO\"}]},{\"@type\":\"WebSite\",\"@id\":\"https:\/\/elektrotec.com.br\/loja\/#website\",\"url\":\"https:\/\/elektrotec.com.br\/loja\/\",\"name\":\"Elektrotec Store\",\"description\":\"Solu\u00e7\u00f5es em Energia e Automa\u00e7\u00e3o Industrial\",\"publisher\":{\"@id\":\"https:\/\/elektrotec.com.br\/loja\/#organization\"},\"potentialAction\":[{\"@type\":\"SearchAction\",\"target\":{\"@type\":\"EntryPoint\",\"urlTemplate\":\"https:\/\/elektrotec.com.br\/loja\/?s={search_term_string}\"},\"query-input\":{\"@type\":\"PropertyValueSpecification\",\"valueRequired\":true,\"valueName\":\"search_term_string\"}}],\"inLanguage\":\"pt-BR\"},{\"@type\":\"Organization\",\"@id\":\"https:\/\/elektrotec.com.br\/loja\/#organization\",\"name\":\"Elektrotec\",\"url\":\"https:\/\/elektrotec.com.br\/loja\/\",\"logo\":{\"@type\":\"ImageObject\",\"inLanguage\":\"pt-BR\",\"@id\":\"https:\/\/elektrotec.com.br\/loja\/#\/schema\/logo\/image\/\",\"url\":\"https:\/\/i0.wp.com\/elektrotec.com.br\/loja\/wp-content\/uploads\/2025\/05\/Logo-site-Elektrotec-Energy-1.webp?fit=270%2C70&ssl=1\",\"contentUrl\":\"https:\/\/i0.wp.com\/elektrotec.com.br\/loja\/wp-content\/uploads\/2025\/05\/Logo-site-Elektrotec-Energy-1.webp?fit=270%2C70&ssl=1\",\"width\":270,\"height\":70,\"caption\":\"Elektrotec\"},\"image\":{\"@id\":\"https:\/\/elektrotec.com.br\/loja\/#\/schema\/logo\/image\/\"}}]}<\/script>\n<!-- \/ Yoast SEO plugin. -->","yoast_head_json":{"title":"Computador Lenovo Thinkcentre NEO 50Q I3 1215U 8GB 256GB","description":"Computadores Lenovo com as melhores configura\u00e7\u00f5es. Aproveite e Compare Diversos Modelos. Escolha seu desktop com Processadores Intel\u00ae Core\u2122. At\u00e9 12x","robots":{"index":"index","follow":"follow","max-snippet":"max-snippet:-1","max-image-preview":"max-image-preview:large","max-video-preview":"max-video-preview:-1"},"canonical":"https:\/\/elektrotec.com.br\/loja\/produto\/computador-lenovo-tiny-thinkcentre-neo-50q-g4-intel-core-i3-1215u-8gb-ssd-256gb-windows-11-pro\/","og_locale":"pt_BR","og_type":"article","og_title":"Computador Lenovo Thinkcentre NEO 50Q I3 1215U 8GB 256GB","og_description":"Computadores Lenovo com as melhores configura\u00e7\u00f5es. Aproveite e Compare Diversos Modelos. Escolha seu desktop com Processadores Intel\u00ae Core\u2122. At\u00e9 12x","og_url":"https:\/\/elektrotec.com.br\/loja\/produto\/computador-lenovo-tiny-thinkcentre-neo-50q-g4-intel-core-i3-1215u-8gb-ssd-256gb-windows-11-pro\/","og_site_name":"Elektrotec Store","article_modified_time":"2025-02-27T21:48:05+00:00","og_image":[{"width":700,"height":800,"url":"https:\/\/elektrotec.com.br\/loja\/wp-content\/uploads\/2024\/12\/Desktop-Lenovo-Thinkcentre-Neo-50q-Gen4-Intel-Core-I3-1215u-8GB-SSD-256gb-FreeDos-0.jpg","type":"image\/jpeg"}],"twitter_card":"summary_large_image","twitter_misc":{"Est. tempo de leitura":"3 minutos"},"schema":{"@context":"https:\/\/schema.org","@graph":[{"@type":"WebPage","@id":"https:\/\/elektrotec.com.br\/loja\/produto\/computador-lenovo-tiny-thinkcentre-neo-50q-g4-intel-core-i3-1215u-8gb-ssd-256gb-windows-11-pro\/","url":"https:\/\/elektrotec.com.br\/loja\/produto\/computador-lenovo-tiny-thinkcentre-neo-50q-g4-intel-core-i3-1215u-8gb-ssd-256gb-windows-11-pro\/","name":"Computador Lenovo Thinkcentre NEO 50Q I3 1215U 8GB 256GB","isPartOf":{"@id":"https:\/\/elektrotec.com.br\/loja\/#website"},"primaryImageOfPage":{"@id":"https:\/\/elektrotec.com.br\/loja\/produto\/computador-lenovo-tiny-thinkcentre-neo-50q-g4-intel-core-i3-1215u-8gb-ssd-256gb-windows-11-pro\/#primaryimage"},"image":{"@id":"https:\/\/elektrotec.com.br\/loja\/produto\/computador-lenovo-tiny-thinkcentre-neo-50q-g4-intel-core-i3-1215u-8gb-ssd-256gb-windows-11-pro\/#primaryimage"},"thumbnailUrl":"https:\/\/i0.wp.com\/elektrotec.com.br\/loja\/wp-content\/uploads\/2024\/12\/Desktop-Lenovo-Thinkcentre-Neo-50q-Gen4-Intel-Core-I3-1215u-8GB-SSD-256gb-FreeDos-0.jpg?fit=700%2C800&ssl=1","datePublished":"2024-12-16T23:12:54+00:00","dateModified":"2025-02-27T21:48:05+00:00","description":"Computadores Lenovo com as melhores configura\u00e7\u00f5es. Aproveite e Compare Diversos Modelos. Escolha seu desktop com Processadores Intel\u00ae Core\u2122. At\u00e9 12x","breadcrumb":{"@id":"https:\/\/elektrotec.com.br\/loja\/produto\/computador-lenovo-tiny-thinkcentre-neo-50q-g4-intel-core-i3-1215u-8gb-ssd-256gb-windows-11-pro\/#breadcrumb"},"inLanguage":"pt-BR","potentialAction":[{"@type":"ReadAction","target":["https:\/\/elektrotec.com.br\/loja\/produto\/computador-lenovo-tiny-thinkcentre-neo-50q-g4-intel-core-i3-1215u-8gb-ssd-256gb-windows-11-pro\/"]}]},{"@type":"ImageObject","inLanguage":"pt-BR","@id":"https:\/\/elektrotec.com.br\/loja\/produto\/computador-lenovo-tiny-thinkcentre-neo-50q-g4-intel-core-i3-1215u-8gb-ssd-256gb-windows-11-pro\/#primaryimage","url":"https:\/\/i0.wp.com\/elektrotec.com.br\/loja\/wp-content\/uploads\/2024\/12\/Desktop-Lenovo-Thinkcentre-Neo-50q-Gen4-Intel-Core-I3-1215u-8GB-SSD-256gb-FreeDos-0.jpg?fit=700%2C800&ssl=1","contentUrl":"https:\/\/i0.wp.com\/elektrotec.com.br\/loja\/wp-content\/uploads\/2024\/12\/Desktop-Lenovo-Thinkcentre-Neo-50q-Gen4-Intel-Core-I3-1215u-8GB-SSD-256gb-FreeDos-0.jpg?fit=700%2C800&ssl=1","width":700,"height":800},{"@type":"BreadcrumbList","@id":"https:\/\/elektrotec.com.br\/loja\/produto\/computador-lenovo-tiny-thinkcentre-neo-50q-g4-intel-core-i3-1215u-8gb-ssd-256gb-windows-11-pro\/#breadcrumb","itemListElement":[{"@type":"ListItem","position":1,"name":"Home","item":"https:\/\/elektrotec.com.br\/loja\/"},{"@type":"ListItem","position":2,"name":"Ofertas do dia \u26a1","item":"https:\/\/elektrotec.com.br\/loja\/loja\/"},{"@type":"ListItem","position":3,"name":"Computador Lenovo Tiny Thinkcentre NEO 50Q G4 Intel Core I3 1215U 8GB SSD 256GB Windows 11 PRO"}]},{"@type":"WebSite","@id":"https:\/\/elektrotec.com.br\/loja\/#website","url":"https:\/\/elektrotec.com.br\/loja\/","name":"Elektrotec Store","description":"Solu\u00e7\u00f5es em Energia e Automa\u00e7\u00e3o Industrial","publisher":{"@id":"https:\/\/elektrotec.com.br\/loja\/#organization"},"potentialAction":[{"@type":"SearchAction","target":{"@type":"EntryPoint","urlTemplate":"https:\/\/elektrotec.com.br\/loja\/?s={search_term_string}"},"query-input":{"@type":"PropertyValueSpecification","valueRequired":true,"valueName":"search_term_string"}}],"inLanguage":"pt-BR"},{"@type":"Organization","@id":"https:\/\/elektrotec.com.br\/loja\/#organization","name":"Elektrotec","url":"https:\/\/elektrotec.com.br\/loja\/","logo":{"@type":"ImageObject","inLanguage":"pt-BR","@id":"https:\/\/elektrotec.com.br\/loja\/#\/schema\/logo\/image\/","url":"https:\/\/i0.wp.com\/elektrotec.com.br\/loja\/wp-content\/uploads\/2025\/05\/Logo-site-Elektrotec-Energy-1.webp?fit=270%2C70&ssl=1","contentUrl":"https:\/\/i0.wp.com\/elektrotec.com.br\/loja\/wp-content\/uploads\/2025\/05\/Logo-site-Elektrotec-Energy-1.webp?fit=270%2C70&ssl=1","width":270,"height":70,"caption":"Elektrotec"},"image":{"@id":"https:\/\/elektrotec.com.br\/loja\/#\/schema\/logo\/image\/"}}]}},"jetpack_sharing_enabled":true,"brands":[],"_links":{"self":[{"href":"https:\/\/elektrotec.com.br\/loja\/wp-json\/wp\/v2\/product\/3621","targetHints":{"allow":["GET"]}}],"collection":[{"href":"https:\/\/elektrotec.com.br\/loja\/wp-json\/wp\/v2\/product"}],"about":[{"href":"https:\/\/elektrotec.com.br\/loja\/wp-json\/wp\/v2\/types\/product"}],"replies":[{"embeddable":true,"href":"https:\/\/elektrotec.com.br\/loja\/wp-json\/wp\/v2\/comments?post=3621"}],"wp:featuredmedia":[{"embeddable":true,"href":"https:\/\/elektrotec.com.br\/loja\/wp-json\/wp\/v2\/media\/3623"}],"wp:attachment":[{"href":"https:\/\/elektrotec.com.br\/loja\/wp-json\/wp\/v2\/media?parent=3621"}],"wp:term":[{"taxonomy":"pwb-brand","embeddable":true,"href":"https:\/\/elektrotec.com.br\/loja\/wp-json\/wp\/v2\/pwb-brand?post=3621"},{"taxonomy":"product_brand","embeddable":true,"href":"https:\/\/elektrotec.com.br\/loja\/wp-json\/wp\/v2\/product_brand?post=3621"},{"taxonomy":"product_cat","embeddable":true,"href":"https:\/\/elektrotec.com.br\/loja\/wp-json\/wp\/v2\/product_cat?post=3621"},{"taxonomy":"product_tag","embeddable":true,"href":"https:\/\/elektrotec.com.br\/loja\/wp-json\/wp\/v2\/product_tag?post=3621"}],"curies":[{"name":"wp","href":"https:\/\/api.w.org\/{rel}","templated":true}]}}