{"id":3388,"date":"2024-11-18T20:24:52","date_gmt":"2024-11-18T23:24:52","guid":{"rendered":"https:\/\/quioske.com.br\/?post_type=product&#038;p=3388"},"modified":"2025-02-27T18:15:08","modified_gmt":"2025-02-27T21:15:08","slug":"impressora-termica-nao-fiscal-tm-t20x-usb-com-guilhotina-epson","status":"publish","type":"product","link":"https:\/\/elektrotec.com.br\/loja\/produto\/impressora-termica-nao-fiscal-tm-t20x-usb-com-guilhotina-epson\/","title":{"rendered":"Impressora t\u00e9rmica n\u00e3o fiscal TM-T20X USB com guilhotina Epson"},"content":{"rendered":"<div class=\"wpb-content-wrapper\"><p>[vc_row woodmart_css_id=&#8221;6738c549cbf22&#8243; responsive_spacing=&#8221;eyJwYXJhbV90eXBlIjoid29vZG1hcnRfcmVzcG9uc2l2ZV9zcGFjaW5nIiwic2VsZWN0b3JfaWQiOiI2NzM4YzU0OWNiZjIyIiwic2hvcnRjb2RlIjoidmNfcm93IiwiZGF0YSI6eyJ0YWJsZXQiOnt9LCJtb2JpbGUiOnt9fX0=&#8221; mobile_bg_img_hidden=&#8221;no&#8221; tablet_bg_img_hidden=&#8221;no&#8221; woodmart_parallax=&#8221;0&#8243; woodmart_gradient_switch=&#8221;no&#8221; woodmart_box_shadow=&#8221;no&#8221; wd_z_index=&#8221;no&#8221; woodmart_disable_overflow=&#8221;0&#8243; row_reverse_mobile=&#8221;0&#8243; row_reverse_tablet=&#8221;0&#8243; el_id=&#8221;codigo-52845&#8243;][vc_column css=&#8221;.vc_custom_1666272391679{padding-top: 0px !important;}&#8221; woodmart_css_id=&#8221;63514c8260958&#8243; parallax_scroll=&#8221;no&#8221; woodmart_sticky_column=&#8221;false&#8221; wd_collapsible_content_switcher=&#8221;no&#8221; wd_column_role_offcanvas_desktop=&#8221;no&#8221; wd_column_role_offcanvas_tablet=&#8221;no&#8221; wd_column_role_offcanvas_mobile=&#8221;no&#8221; wd_column_role_content_desktop=&#8221;no&#8221; wd_column_role_content_tablet=&#8221;no&#8221; wd_column_role_content_mobile=&#8221;no&#8221; mobile_bg_img_hidden=&#8221;no&#8221; tablet_bg_img_hidden=&#8221;no&#8221; woodmart_parallax=&#8221;0&#8243; woodmart_box_shadow=&#8221;no&#8221; responsive_spacing=&#8221;eyJwYXJhbV90eXBlIjoid29vZG1hcnRfcmVzcG9uc2l2ZV9zcGFjaW5nIiwic2VsZWN0b3JfaWQiOiI2MzUxNGM4MjYwOTU4Iiwic2hvcnRjb2RlIjoidmNfY29sdW1uIiwiZGF0YSI6eyJ0YWJsZXQiOnt9LCJtb2JpbGUiOnt9fX0=&#8221; mobile_reset_margin=&#8221;no&#8221; tablet_reset_margin=&#8221;no&#8221; wd_z_index=&#8221;no&#8221;]\t\t<div id=\"wd-67be613f49dd3\" class=\"wd-text-block wd-wpb reset-last-child wd-rs-67be613f49dd3 text-left vc_custom_1740530212720\">\n\t\t\t<h4>A robustez que voc\u00ea conhece, agora ainda mais veloz<\/h4>\n<ul>\n<li>A econ\u00f4mica impressora t\u00e9rmica TM-T20X da Epson \u00e9 vers\u00e1til, possui alta confiabilidade e fun\u00e7\u00f5es f\u00e1ceis de usar, como carga r\u00e1pida de papel (drop-in), guilhotina inclusa e muito mais.<\/li>\n<li>Alguns dos benef\u00edcios da TM-T20X s\u00e3o: baixo consumo de energia, monitoramento de status da impressora, al\u00e9m de contadores de manuten\u00e7\u00e3o, que s\u00e3o excelentes ferramentas de controle.<\/li>\n<li>Al\u00e9m disso, \u00e9 fabricada no Brasil e est\u00e1 dispon\u00edvel para financiamento no BNDES.<\/li>\n<li>N\u00e3o possui Buzzer.<\/li>\n<\/ul>\n\t\t<\/div>\n\t\t[\/vc_column][\/vc_row][vc_row][vc_column woodmart_css_id=&#8221;667c81fba6236&#8243; parallax_scroll=&#8221;no&#8221; woodmart_sticky_column=&#8221;false&#8221; wd_collapsible_content_switcher=&#8221;no&#8221; wd_column_role_offcanvas_desktop=&#8221;no&#8221; wd_column_role_offcanvas_tablet=&#8221;no&#8221; wd_column_role_offcanvas_mobile=&#8221;no&#8221; wd_column_role_content_desktop=&#8221;no&#8221; wd_column_role_content_tablet=&#8221;no&#8221; wd_column_role_content_mobile=&#8221;no&#8221; mobile_bg_img_hidden=&#8221;no&#8221; tablet_bg_img_hidden=&#8221;no&#8221; woodmart_parallax=&#8221;0&#8243; woodmart_box_shadow=&#8221;no&#8221; responsive_spacing=&#8221;eyJwYXJhbV90eXBlIjoid29vZG1hcnRfcmVzcG9uc2l2ZV9zcGFjaW5nIiwic2VsZWN0b3JfaWQiOiI2NjdjODFmYmE2MjM2Iiwic2hvcnRjb2RlIjoidmNfY29sdW1uIiwiZGF0YSI6eyJ0YWJsZXQiOnt9LCJtb2JpbGUiOnt9fX0=&#8221; mobile_reset_margin=&#8221;no&#8221; tablet_reset_margin=&#8221;no&#8221; wd_z_index=&#8221;no&#8221; css=&#8221;.vc_custom_1719435784581{margin-top: -60px !important;}&#8221;][vc_separator border_width=&#8221;3&#8243; css=&#8221;.vc_custom_1731708518955{margin-top: 50px !important;margin-bottom: 50px !important;}&#8221; wd_hide_on_desktop=&#8221;no&#8221; wd_hide_on_tablet=&#8221;no&#8221; wd_hide_on_mobile=&#8221;no&#8221;][\/vc_column][\/vc_row][vc_row woodmart_css_id=&#8221;673bd4890517d&#8221; responsive_spacing=&#8221;eyJwYXJhbV90eXBlIjoid29vZG1hcnRfcmVzcG9uc2l2ZV9zcGFjaW5nIiwic2VsZWN0b3JfaWQiOiI2NzNiZDQ4OTA1MTdkIiwic2hvcnRjb2RlIjoidmNfcm93IiwiZGF0YSI6eyJ0YWJsZXQiOnt9LCJtb2JpbGUiOnt9fX0=&#8221; mobile_bg_img_hidden=&#8221;no&#8221; tablet_bg_img_hidden=&#8221;no&#8221; woodmart_parallax=&#8221;0&#8243; woodmart_gradient_switch=&#8221;no&#8221; woodmart_box_shadow=&#8221;no&#8221; wd_z_index=&#8221;no&#8221; woodmart_disable_overflow=&#8221;0&#8243; row_reverse_mobile=&#8221;0&#8243; row_reverse_tablet=&#8221;0&#8243; el_id=&#8221;codigo-33546&#8243;][vc_column css=&#8221;.vc_custom_1669033735057{padding-top: 0px !important;}&#8221; woodmart_css_id=&#8221;637b6f036ef34&#8243; parallax_scroll=&#8221;no&#8221; woodmart_sticky_column=&#8221;false&#8221; wd_collapsible_content_switcher=&#8221;no&#8221; wd_column_role_offcanvas_desktop=&#8221;no&#8221; wd_column_role_offcanvas_tablet=&#8221;no&#8221; wd_column_role_offcanvas_mobile=&#8221;no&#8221; wd_column_role_content_desktop=&#8221;no&#8221; wd_column_role_content_tablet=&#8221;no&#8221; wd_column_role_content_mobile=&#8221;no&#8221; mobile_bg_img_hidden=&#8221;no&#8221; tablet_bg_img_hidden=&#8221;no&#8221; woodmart_parallax=&#8221;0&#8243; woodmart_box_shadow=&#8221;no&#8221; responsive_spacing=&#8221;eyJwYXJhbV90eXBlIjoid29vZG1hcnRfcmVzcG9uc2l2ZV9zcGFjaW5nIiwic2VsZWN0b3JfaWQiOiI2MzdiNmYwMzZlZjM0Iiwic2hvcnRjb2RlIjoidmNfY29sdW1uIiwiZGF0YSI6eyJ0YWJsZXQiOnt9LCJtb2JpbGUiOnt9fX0=&#8221; mobile_reset_margin=&#8221;no&#8221; tablet_reset_margin=&#8221;no&#8221; wd_z_index=&#8221;no&#8221;]\n\t\t<div id=\"wd-667ca27edb170\" class=\"title-wrapper wd-wpb wd-set-mb reset-last-child  wd-rs-667ca27edb170 wd-title-color-default wd-title-style-default text-left vc_custom_1719444410298 wd-underline-colored\">\n\t\t\t\n\t\t\t<div class=\"liner-continer\">\n\t\t\t\t<h4 class=\"woodmart-title-container title  wd-font-weight-700 wd-fontsize-l\" >\ud83d\udccc Especifica\u00e7\u00f5es T\u00e9cnicas:<\/h4>\n\t\t\t\t\t\t\t<\/div>\n\t\t\t\n\t\t\t\n\t\t\t\n\t\t<\/div>\n\t\t\n\t\t\t\t<div id=\"wd-67bf283d20510\" class=\"wd-text-block wd-wpb reset-last-child wd-rs-67bf283d20510 text-left vc_custom_1740581046696\">\n\t\t\t<ul>\n<li><strong>Tecnologia de impress\u00e3o:<\/strong> Impress\u00e3o t\u00e9rmica de linhas<\/li>\n<li><strong>Resolu\u00e7\u00e3o de impress\u00e3o:<\/strong> 203 dpi x 203 dpi<\/li>\n<li><strong>Velocidade de impress\u00e3o:<\/strong> M\u00e1x. 200 mm\/s (textos e gr\u00e1ficos)<\/li>\n<li><strong style=\"color: #333333; font-size: 16px;\">Fontes de impress\u00e3o: <\/strong><span style=\"color: #333333; font-size: 16px;\"><span style=\"color: #333333; font-size: 16px;\"><span style=\"color: #333333; font-size: 16px;\">Fonte A: 12 pts. x 24 pts. | Fonte B: 9 pts. x 17 pts. (largura x altura)<\/span><\/span><\/span><\/li>\n<\/ul>\n<div class=\"product-classifications\">\n<div class=\"text-row\" data-classificationid=\"Media Handling\">\n<h4>Capacidade de colunas:<strong style=\"color: #333333; font-size: 16px;\"><br \/>\n<\/strong><\/h4>\n<ul>\n<li><strong>Padr\u00e3o:<\/strong> largura do papel 80 mm:<\/li>\n<li><strong>Fonte A:<\/strong> 48 colunas | Fonte B: 64 colunas;<\/li>\n<li><strong>Modo de 42 colunas:<\/strong> largura do papel 80 mm:<\/li>\n<li><strong>Fonte A:<\/strong> 42 colunas | Fonte B: 60 colunas<\/li>\n<\/ul>\n<\/div>\n<div class=\"product-classifications\">\n<h4>Tamanho dos caracteres:<strong><br \/>\n<\/strong><\/h4>\n<ul>\n<li><strong>Fonte A:<\/strong> 1,25 mm x 3 mm | Fonte B: 1,88 mm x 2,13 mm (largura x altura)<\/li>\n<li class=\"text-row\" data-classificationid=\"Print Fonts\"><strong>Fontes: <\/strong>9 x 17 y 12 x 24 puntos\/c\u00e1racter (ancho x altura)<\/li>\n<li class=\"text-row\" data-classificationid=\"Print Fonts\"><strong>Conjunto de caracteres: <\/strong>95 alfanum\u00e9rico, 18 conjuntos de caracteres internacionais, 128 x 43 gr\u00e1cos estendidos.<\/li>\n<li class=\"text-row\" data-classificationid=\"Print Fonts\"><strong>Caracteres por polegada: <\/strong>22.6 cpi \/ 16.9 cpi<\/li>\n<li class=\"text-row\" data-classificationid=\"Print Fonts\"><strong>C\u00f3digo de barras: <\/strong>UPC-A, UPC-E, JAN13 (EAN13), JAN8 (EAN8), CODE39, ITF, CODABAR (NW-7), CODE93, CODE128, GS1-128, GS1 DataBar. C\u00f3digo bidimensional: PDF417, QRCode, MaxiCode, 2D GS1 DataBar, simbologia composta.<\/li>\n<li data-classificationid=\"Print Fonts\"><strong>Temperatura: <\/strong>Operation 10% &#8211; 90%, Storage 10% &#8211; 90%<\/li>\n<li data-classificationid=\"Print Fonts\"><strong>Umidade: <\/strong>Operation 5\u00b0 C &#8211; 45\u00b0 C, Storage -10\u00b0 C &#8211; 50\u00b0 C<\/li>\n<li data-classificationid=\"Print Fonts\"><strong>N\u00edvel de ru\u00eddo: <\/strong>Operation: 55 dB (A)<\/li>\n<li data-classificationid=\"Print Fonts\"><strong>Dimens\u00f5es: <\/strong>14 cm x 19,2 cm x 13,7 cm (produto) \/ 23,5 cm x 19 cm x 22,8 cm (com embalagem)<\/li>\n<li data-classificationid=\"Print Fonts\"><strong>Peso: <\/strong>Aprox. 1,5 kg (produto) \/ Aprox. 2 kg (com embalagem)<\/li>\n<li data-classificationid=\"Print Fonts\"><strong>Cor da carca\u00e7a: <\/strong>Epson Black (Preta)<\/li>\n<\/ul>\n<\/div>\n<\/div>\n\t\t<\/div>\n\t\t[\/vc_column][\/vc_row]<\/p>\n<\/div>","protected":false},"excerpt":{"rendered":"<p><strong>C\u00f3digo:<\/strong> <a href=\"#\">33546<\/a>\u00a0 \u00a0<strong>|<\/strong>\u00a0 \u00a0<strong>Mais produtos:<\/strong> <a href=\"https:\/\/elektrotec.com.br\/loja\/loja\/?filter_marcas=epson\">Epson<\/a>\u00a0 \u00a0<strong>|<\/strong>\u00a0 \u00a0<a href=\"https:\/\/elektrotec.com.br\/loja\/produto\/impressora-termica-nao-fiscal-tm-t20x-usb-com-guilhotina-epson\/#codigo-33546\"><strong>Descri\u00e7\u00e3o do produto<\/strong><\/a><\/p>\n","protected":false},"featured_media":3389,"comment_status":"open","ping_status":"closed","template":"","meta":{"pagelayer_contact_templates":[],"_pagelayer_content":"","_mbp_gutenberg_autopost":false},"pwb-brand":[],"product_brand":[],"product_cat":[291,70,24],"product_tag":[],"class_list":{"0":"post-3388","1":"product","2":"type-product","3":"status-publish","4":"has-post-thumbnail","6":"product_cat-automacao-comercial","7":"product_cat-impressao-e-imagem","8":"product_cat-impressora-de-etiquetas","9":"product_shipping_class-logistica-quioske","11":"first","12":"instock","13":"shipping-taxable","14":"purchasable","15":"product-type-simple"},"yoast_head":"<!-- This site is optimized with the Yoast SEO plugin v27.2 - https:\/\/yoast.com\/product\/yoast-seo-wordpress\/ -->\n<title>Impressora t\u00e9rmica n\u00e3o fiscal TM-T20X USB com guilhotina Epson<\/title>\n<meta name=\"description\" content=\"A impressora t\u00e9rmica apresentada pela Epson possui uma velocidade de impress\u00e3o, vers\u00e1til, possui alta confiabilidade e fun\u00e7\u00f5es f\u00e1ceis de usar.\" \/>\n<meta name=\"robots\" content=\"index, follow, max-snippet:-1, max-image-preview:large, max-video-preview:-1\" \/>\n<link rel=\"canonical\" href=\"https:\/\/elektrotec.com.br\/loja\/produto\/impressora-termica-nao-fiscal-tm-t20x-usb-com-guilhotina-epson\/\" \/>\n<meta property=\"og:locale\" content=\"pt_BR\" \/>\n<meta property=\"og:type\" content=\"article\" \/>\n<meta property=\"og:title\" content=\"Impressora t\u00e9rmica n\u00e3o fiscal TM-T20X USB com guilhotina Epson\" \/>\n<meta property=\"og:description\" content=\"A impressora t\u00e9rmica apresentada pela Epson possui uma velocidade de impress\u00e3o, vers\u00e1til, possui alta confiabilidade e fun\u00e7\u00f5es f\u00e1ceis de usar.\" \/>\n<meta property=\"og:url\" content=\"https:\/\/elektrotec.com.br\/loja\/produto\/impressora-termica-nao-fiscal-tm-t20x-usb-com-guilhotina-epson\/\" \/>\n<meta property=\"og:site_name\" content=\"Elektrotec Store\" \/>\n<meta property=\"article:modified_time\" content=\"2025-02-27T21:15:08+00:00\" \/>\n<meta property=\"og:image\" content=\"https:\/\/elektrotec.com.br\/loja\/wp-content\/uploads\/2024\/11\/Impressora-Termica-Nao-Fiscal-TM-T20X-USB-Com-Guilhotina-Epson-0.jpg\" \/>\n\t<meta property=\"og:image:width\" content=\"700\" \/>\n\t<meta property=\"og:image:height\" content=\"800\" \/>\n\t<meta property=\"og:image:type\" content=\"image\/jpeg\" \/>\n<meta name=\"twitter:card\" content=\"summary_large_image\" \/>\n<meta name=\"twitter:label1\" content=\"Est. tempo de leitura\" \/>\n\t<meta name=\"twitter:data1\" content=\"3 minutos\" \/>\n<script type=\"application\/ld+json\" class=\"yoast-schema-graph\">{\"@context\":\"https:\/\/schema.org\",\"@graph\":[{\"@type\":\"WebPage\",\"@id\":\"https:\/\/elektrotec.com.br\/loja\/produto\/impressora-termica-nao-fiscal-tm-t20x-usb-com-guilhotina-epson\/\",\"url\":\"https:\/\/elektrotec.com.br\/loja\/produto\/impressora-termica-nao-fiscal-tm-t20x-usb-com-guilhotina-epson\/\",\"name\":\"Impressora t\u00e9rmica n\u00e3o fiscal TM-T20X USB com guilhotina Epson\",\"isPartOf\":{\"@id\":\"https:\/\/elektrotec.com.br\/loja\/#website\"},\"primaryImageOfPage\":{\"@id\":\"https:\/\/elektrotec.com.br\/loja\/produto\/impressora-termica-nao-fiscal-tm-t20x-usb-com-guilhotina-epson\/#primaryimage\"},\"image\":{\"@id\":\"https:\/\/elektrotec.com.br\/loja\/produto\/impressora-termica-nao-fiscal-tm-t20x-usb-com-guilhotina-epson\/#primaryimage\"},\"thumbnailUrl\":\"https:\/\/i0.wp.com\/elektrotec.com.br\/loja\/wp-content\/uploads\/2024\/11\/Impressora-Termica-Nao-Fiscal-TM-T20X-USB-Com-Guilhotina-Epson-0.jpg?fit=700%2C800&ssl=1\",\"datePublished\":\"2024-11-18T23:24:52+00:00\",\"dateModified\":\"2025-02-27T21:15:08+00:00\",\"description\":\"A impressora t\u00e9rmica apresentada pela Epson possui uma velocidade de impress\u00e3o, vers\u00e1til, possui alta confiabilidade e fun\u00e7\u00f5es f\u00e1ceis de usar.\",\"breadcrumb\":{\"@id\":\"https:\/\/elektrotec.com.br\/loja\/produto\/impressora-termica-nao-fiscal-tm-t20x-usb-com-guilhotina-epson\/#breadcrumb\"},\"inLanguage\":\"pt-BR\",\"potentialAction\":[{\"@type\":\"ReadAction\",\"target\":[\"https:\/\/elektrotec.com.br\/loja\/produto\/impressora-termica-nao-fiscal-tm-t20x-usb-com-guilhotina-epson\/\"]}]},{\"@type\":\"ImageObject\",\"inLanguage\":\"pt-BR\",\"@id\":\"https:\/\/elektrotec.com.br\/loja\/produto\/impressora-termica-nao-fiscal-tm-t20x-usb-com-guilhotina-epson\/#primaryimage\",\"url\":\"https:\/\/i0.wp.com\/elektrotec.com.br\/loja\/wp-content\/uploads\/2024\/11\/Impressora-Termica-Nao-Fiscal-TM-T20X-USB-Com-Guilhotina-Epson-0.jpg?fit=700%2C800&ssl=1\",\"contentUrl\":\"https:\/\/i0.wp.com\/elektrotec.com.br\/loja\/wp-content\/uploads\/2024\/11\/Impressora-Termica-Nao-Fiscal-TM-T20X-USB-Com-Guilhotina-Epson-0.jpg?fit=700%2C800&ssl=1\",\"width\":700,\"height\":800},{\"@type\":\"BreadcrumbList\",\"@id\":\"https:\/\/elektrotec.com.br\/loja\/produto\/impressora-termica-nao-fiscal-tm-t20x-usb-com-guilhotina-epson\/#breadcrumb\",\"itemListElement\":[{\"@type\":\"ListItem\",\"position\":1,\"name\":\"Home\",\"item\":\"https:\/\/elektrotec.com.br\/loja\/\"},{\"@type\":\"ListItem\",\"position\":2,\"name\":\"Ofertas do dia \u26a1\",\"item\":\"https:\/\/elektrotec.com.br\/loja\/loja\/\"},{\"@type\":\"ListItem\",\"position\":3,\"name\":\"Impressora t\u00e9rmica n\u00e3o fiscal TM-T20X USB com guilhotina Epson\"}]},{\"@type\":\"WebSite\",\"@id\":\"https:\/\/elektrotec.com.br\/loja\/#website\",\"url\":\"https:\/\/elektrotec.com.br\/loja\/\",\"name\":\"Elektrotec Store\",\"description\":\"Solu\u00e7\u00f5es em Energia e Automa\u00e7\u00e3o Industrial\",\"publisher\":{\"@id\":\"https:\/\/elektrotec.com.br\/loja\/#organization\"},\"potentialAction\":[{\"@type\":\"SearchAction\",\"target\":{\"@type\":\"EntryPoint\",\"urlTemplate\":\"https:\/\/elektrotec.com.br\/loja\/?s={search_term_string}\"},\"query-input\":{\"@type\":\"PropertyValueSpecification\",\"valueRequired\":true,\"valueName\":\"search_term_string\"}}],\"inLanguage\":\"pt-BR\"},{\"@type\":\"Organization\",\"@id\":\"https:\/\/elektrotec.com.br\/loja\/#organization\",\"name\":\"Elektrotec\",\"url\":\"https:\/\/elektrotec.com.br\/loja\/\",\"logo\":{\"@type\":\"ImageObject\",\"inLanguage\":\"pt-BR\",\"@id\":\"https:\/\/elektrotec.com.br\/loja\/#\/schema\/logo\/image\/\",\"url\":\"https:\/\/i0.wp.com\/elektrotec.com.br\/loja\/wp-content\/uploads\/2025\/05\/Logo-site-Elektrotec-Energy-1.webp?fit=270%2C70&ssl=1\",\"contentUrl\":\"https:\/\/i0.wp.com\/elektrotec.com.br\/loja\/wp-content\/uploads\/2025\/05\/Logo-site-Elektrotec-Energy-1.webp?fit=270%2C70&ssl=1\",\"width\":270,\"height\":70,\"caption\":\"Elektrotec\"},\"image\":{\"@id\":\"https:\/\/elektrotec.com.br\/loja\/#\/schema\/logo\/image\/\"}}]}<\/script>\n<!-- \/ Yoast SEO plugin. -->","yoast_head_json":{"title":"Impressora t\u00e9rmica n\u00e3o fiscal TM-T20X USB com guilhotina Epson","description":"A impressora t\u00e9rmica apresentada pela Epson possui uma velocidade de impress\u00e3o, vers\u00e1til, possui alta confiabilidade e fun\u00e7\u00f5es f\u00e1ceis de usar.","robots":{"index":"index","follow":"follow","max-snippet":"max-snippet:-1","max-image-preview":"max-image-preview:large","max-video-preview":"max-video-preview:-1"},"canonical":"https:\/\/elektrotec.com.br\/loja\/produto\/impressora-termica-nao-fiscal-tm-t20x-usb-com-guilhotina-epson\/","og_locale":"pt_BR","og_type":"article","og_title":"Impressora t\u00e9rmica n\u00e3o fiscal TM-T20X USB com guilhotina Epson","og_description":"A impressora t\u00e9rmica apresentada pela Epson possui uma velocidade de impress\u00e3o, vers\u00e1til, possui alta confiabilidade e fun\u00e7\u00f5es f\u00e1ceis de usar.","og_url":"https:\/\/elektrotec.com.br\/loja\/produto\/impressora-termica-nao-fiscal-tm-t20x-usb-com-guilhotina-epson\/","og_site_name":"Elektrotec Store","article_modified_time":"2025-02-27T21:15:08+00:00","og_image":[{"width":700,"height":800,"url":"https:\/\/elektrotec.com.br\/loja\/wp-content\/uploads\/2024\/11\/Impressora-Termica-Nao-Fiscal-TM-T20X-USB-Com-Guilhotina-Epson-0.jpg","type":"image\/jpeg"}],"twitter_card":"summary_large_image","twitter_misc":{"Est. tempo de leitura":"3 minutos"},"schema":{"@context":"https:\/\/schema.org","@graph":[{"@type":"WebPage","@id":"https:\/\/elektrotec.com.br\/loja\/produto\/impressora-termica-nao-fiscal-tm-t20x-usb-com-guilhotina-epson\/","url":"https:\/\/elektrotec.com.br\/loja\/produto\/impressora-termica-nao-fiscal-tm-t20x-usb-com-guilhotina-epson\/","name":"Impressora t\u00e9rmica n\u00e3o fiscal TM-T20X USB com guilhotina Epson","isPartOf":{"@id":"https:\/\/elektrotec.com.br\/loja\/#website"},"primaryImageOfPage":{"@id":"https:\/\/elektrotec.com.br\/loja\/produto\/impressora-termica-nao-fiscal-tm-t20x-usb-com-guilhotina-epson\/#primaryimage"},"image":{"@id":"https:\/\/elektrotec.com.br\/loja\/produto\/impressora-termica-nao-fiscal-tm-t20x-usb-com-guilhotina-epson\/#primaryimage"},"thumbnailUrl":"https:\/\/i0.wp.com\/elektrotec.com.br\/loja\/wp-content\/uploads\/2024\/11\/Impressora-Termica-Nao-Fiscal-TM-T20X-USB-Com-Guilhotina-Epson-0.jpg?fit=700%2C800&ssl=1","datePublished":"2024-11-18T23:24:52+00:00","dateModified":"2025-02-27T21:15:08+00:00","description":"A impressora t\u00e9rmica apresentada pela Epson possui uma velocidade de impress\u00e3o, vers\u00e1til, possui alta confiabilidade e fun\u00e7\u00f5es f\u00e1ceis de usar.","breadcrumb":{"@id":"https:\/\/elektrotec.com.br\/loja\/produto\/impressora-termica-nao-fiscal-tm-t20x-usb-com-guilhotina-epson\/#breadcrumb"},"inLanguage":"pt-BR","potentialAction":[{"@type":"ReadAction","target":["https:\/\/elektrotec.com.br\/loja\/produto\/impressora-termica-nao-fiscal-tm-t20x-usb-com-guilhotina-epson\/"]}]},{"@type":"ImageObject","inLanguage":"pt-BR","@id":"https:\/\/elektrotec.com.br\/loja\/produto\/impressora-termica-nao-fiscal-tm-t20x-usb-com-guilhotina-epson\/#primaryimage","url":"https:\/\/i0.wp.com\/elektrotec.com.br\/loja\/wp-content\/uploads\/2024\/11\/Impressora-Termica-Nao-Fiscal-TM-T20X-USB-Com-Guilhotina-Epson-0.jpg?fit=700%2C800&ssl=1","contentUrl":"https:\/\/i0.wp.com\/elektrotec.com.br\/loja\/wp-content\/uploads\/2024\/11\/Impressora-Termica-Nao-Fiscal-TM-T20X-USB-Com-Guilhotina-Epson-0.jpg?fit=700%2C800&ssl=1","width":700,"height":800},{"@type":"BreadcrumbList","@id":"https:\/\/elektrotec.com.br\/loja\/produto\/impressora-termica-nao-fiscal-tm-t20x-usb-com-guilhotina-epson\/#breadcrumb","itemListElement":[{"@type":"ListItem","position":1,"name":"Home","item":"https:\/\/elektrotec.com.br\/loja\/"},{"@type":"ListItem","position":2,"name":"Ofertas do dia \u26a1","item":"https:\/\/elektrotec.com.br\/loja\/loja\/"},{"@type":"ListItem","position":3,"name":"Impressora t\u00e9rmica n\u00e3o fiscal TM-T20X USB com guilhotina Epson"}]},{"@type":"WebSite","@id":"https:\/\/elektrotec.com.br\/loja\/#website","url":"https:\/\/elektrotec.com.br\/loja\/","name":"Elektrotec Store","description":"Solu\u00e7\u00f5es em Energia e Automa\u00e7\u00e3o Industrial","publisher":{"@id":"https:\/\/elektrotec.com.br\/loja\/#organization"},"potentialAction":[{"@type":"SearchAction","target":{"@type":"EntryPoint","urlTemplate":"https:\/\/elektrotec.com.br\/loja\/?s={search_term_string}"},"query-input":{"@type":"PropertyValueSpecification","valueRequired":true,"valueName":"search_term_string"}}],"inLanguage":"pt-BR"},{"@type":"Organization","@id":"https:\/\/elektrotec.com.br\/loja\/#organization","name":"Elektrotec","url":"https:\/\/elektrotec.com.br\/loja\/","logo":{"@type":"ImageObject","inLanguage":"pt-BR","@id":"https:\/\/elektrotec.com.br\/loja\/#\/schema\/logo\/image\/","url":"https:\/\/i0.wp.com\/elektrotec.com.br\/loja\/wp-content\/uploads\/2025\/05\/Logo-site-Elektrotec-Energy-1.webp?fit=270%2C70&ssl=1","contentUrl":"https:\/\/i0.wp.com\/elektrotec.com.br\/loja\/wp-content\/uploads\/2025\/05\/Logo-site-Elektrotec-Energy-1.webp?fit=270%2C70&ssl=1","width":270,"height":70,"caption":"Elektrotec"},"image":{"@id":"https:\/\/elektrotec.com.br\/loja\/#\/schema\/logo\/image\/"}}]}},"jetpack_sharing_enabled":true,"brands":[],"_links":{"self":[{"href":"https:\/\/elektrotec.com.br\/loja\/wp-json\/wp\/v2\/product\/3388","targetHints":{"allow":["GET"]}}],"collection":[{"href":"https:\/\/elektrotec.com.br\/loja\/wp-json\/wp\/v2\/product"}],"about":[{"href":"https:\/\/elektrotec.com.br\/loja\/wp-json\/wp\/v2\/types\/product"}],"replies":[{"embeddable":true,"href":"https:\/\/elektrotec.com.br\/loja\/wp-json\/wp\/v2\/comments?post=3388"}],"wp:featuredmedia":[{"embeddable":true,"href":"https:\/\/elektrotec.com.br\/loja\/wp-json\/wp\/v2\/media\/3389"}],"wp:attachment":[{"href":"https:\/\/elektrotec.com.br\/loja\/wp-json\/wp\/v2\/media?parent=3388"}],"wp:term":[{"taxonomy":"pwb-brand","embeddable":true,"href":"https:\/\/elektrotec.com.br\/loja\/wp-json\/wp\/v2\/pwb-brand?post=3388"},{"taxonomy":"product_brand","embeddable":true,"href":"https:\/\/elektrotec.com.br\/loja\/wp-json\/wp\/v2\/product_brand?post=3388"},{"taxonomy":"product_cat","embeddable":true,"href":"https:\/\/elektrotec.com.br\/loja\/wp-json\/wp\/v2\/product_cat?post=3388"},{"taxonomy":"product_tag","embeddable":true,"href":"https:\/\/elektrotec.com.br\/loja\/wp-json\/wp\/v2\/product_tag?post=3388"}],"curies":[{"name":"wp","href":"https:\/\/api.w.org\/{rel}","templated":true}]}}