{"id":3380,"date":"2024-11-17T13:30:41","date_gmt":"2024-11-17T16:30:41","guid":{"rendered":"https:\/\/quioske.com.br\/?post_type=product&#038;p=3380"},"modified":"2025-02-27T18:13:38","modified_gmt":"2025-02-27T21:13:38","slug":"cooler-master-masterliquid-ml240-illusion-rgb-240mm-amd-intel-water-cooler-branco","status":"publish","type":"product","link":"https:\/\/elektrotec.com.br\/loja\/produto\/cooler-master-masterliquid-ml240-illusion-rgb-240mm-amd-intel-water-cooler-branco\/","title":{"rendered":"Cooler Master Masterliquid ML240 illusion, RGB, 240mm, AMD\/Intel, Water Cooler branco"},"content":{"rendered":"<div class=\"wpb-content-wrapper\"><p>[vc_row woodmart_css_id=&#8221;6738c549cbf22&#8243; responsive_spacing=&#8221;eyJwYXJhbV90eXBlIjoid29vZG1hcnRfcmVzcG9uc2l2ZV9zcGFjaW5nIiwic2VsZWN0b3JfaWQiOiI2NzM4YzU0OWNiZjIyIiwic2hvcnRjb2RlIjoidmNfcm93IiwiZGF0YSI6eyJ0YWJsZXQiOnt9LCJtb2JpbGUiOnt9fX0=&#8221; mobile_bg_img_hidden=&#8221;no&#8221; tablet_bg_img_hidden=&#8221;no&#8221; woodmart_parallax=&#8221;0&#8243; woodmart_gradient_switch=&#8221;no&#8221; woodmart_box_shadow=&#8221;no&#8221; wd_z_index=&#8221;no&#8221; woodmart_disable_overflow=&#8221;0&#8243; row_reverse_mobile=&#8221;0&#8243; row_reverse_tablet=&#8221;0&#8243; el_id=&#8221;codigo-52845&#8243;][vc_column css=&#8221;.vc_custom_1666272391679{padding-top: 0px !important;}&#8221; woodmart_css_id=&#8221;63514c8260958&#8243; parallax_scroll=&#8221;no&#8221; woodmart_sticky_column=&#8221;false&#8221; wd_collapsible_content_switcher=&#8221;no&#8221; wd_column_role_offcanvas_desktop=&#8221;no&#8221; wd_column_role_offcanvas_tablet=&#8221;no&#8221; wd_column_role_offcanvas_mobile=&#8221;no&#8221; wd_column_role_content_desktop=&#8221;no&#8221; wd_column_role_content_tablet=&#8221;no&#8221; wd_column_role_content_mobile=&#8221;no&#8221; mobile_bg_img_hidden=&#8221;no&#8221; tablet_bg_img_hidden=&#8221;no&#8221; woodmart_parallax=&#8221;0&#8243; woodmart_box_shadow=&#8221;no&#8221; responsive_spacing=&#8221;eyJwYXJhbV90eXBlIjoid29vZG1hcnRfcmVzcG9uc2l2ZV9zcGFjaW5nIiwic2VsZWN0b3JfaWQiOiI2MzUxNGM4MjYwOTU4Iiwic2hvcnRjb2RlIjoidmNfY29sdW1uIiwiZGF0YSI6eyJ0YWJsZXQiOnt9LCJtb2JpbGUiOnt9fX0=&#8221; mobile_reset_margin=&#8221;no&#8221; tablet_reset_margin=&#8221;no&#8221; wd_z_index=&#8221;no&#8221;]\t\t<div id=\"wd-67be5bca0c4ac\" class=\"wd-text-block wd-wpb reset-last-child wd-rs-67be5bca0c4ac text-center vc_custom_1740528804799\">\n\t\t\t<article id=\"caracteristicas\" class=\"box-vitrine-destaque\"><img data-recalc-dims=\"1\" decoding=\"async\" class=\"aligncenter\" src=\"https:\/\/i0.wp.com\/mailmarketing.mazer.com.br\/mazer\/SITE-Conteudos-Comerciais\/cooler-master\/57712.png?w=948\" alt=\"\"  \/><\/article>\n<article id=\"informacoes\" class=\"box-vitrine-destaque\">\n<header class=\"box-vitrine sub-vitrine\"><\/header>\n<\/article>\n\t\t<\/div>\n\t\t[\/vc_column][\/vc_row][vc_row][vc_column woodmart_css_id=&#8221;667c81fba6236&#8243; parallax_scroll=&#8221;no&#8221; woodmart_sticky_column=&#8221;false&#8221; wd_collapsible_content_switcher=&#8221;no&#8221; wd_column_role_offcanvas_desktop=&#8221;no&#8221; wd_column_role_offcanvas_tablet=&#8221;no&#8221; wd_column_role_offcanvas_mobile=&#8221;no&#8221; wd_column_role_content_desktop=&#8221;no&#8221; wd_column_role_content_tablet=&#8221;no&#8221; wd_column_role_content_mobile=&#8221;no&#8221; mobile_bg_img_hidden=&#8221;no&#8221; tablet_bg_img_hidden=&#8221;no&#8221; woodmart_parallax=&#8221;0&#8243; woodmart_box_shadow=&#8221;no&#8221; responsive_spacing=&#8221;eyJwYXJhbV90eXBlIjoid29vZG1hcnRfcmVzcG9uc2l2ZV9zcGFjaW5nIiwic2VsZWN0b3JfaWQiOiI2NjdjODFmYmE2MjM2Iiwic2hvcnRjb2RlIjoidmNfY29sdW1uIiwiZGF0YSI6eyJ0YWJsZXQiOnt9LCJtb2JpbGUiOnt9fX0=&#8221; mobile_reset_margin=&#8221;no&#8221; tablet_reset_margin=&#8221;no&#8221; wd_z_index=&#8221;no&#8221; css=&#8221;.vc_custom_1719435784581{margin-top: -60px !important;}&#8221;][vc_separator border_width=&#8221;3&#8243; css=&#8221;.vc_custom_1731708518955{margin-top: 50px !important;margin-bottom: 50px !important;}&#8221; wd_hide_on_desktop=&#8221;no&#8221; wd_hide_on_tablet=&#8221;no&#8221; wd_hide_on_mobile=&#8221;no&#8221;][\/vc_column][\/vc_row][vc_row woodmart_css_id=&#8221;673a2680d5c1b&#8221; responsive_spacing=&#8221;eyJwYXJhbV90eXBlIjoid29vZG1hcnRfcmVzcG9uc2l2ZV9zcGFjaW5nIiwic2VsZWN0b3JfaWQiOiI2NzNhMjY4MGQ1YzFiIiwic2hvcnRjb2RlIjoidmNfcm93IiwiZGF0YSI6eyJ0YWJsZXQiOnt9LCJtb2JpbGUiOnt9fX0=&#8221; mobile_bg_img_hidden=&#8221;no&#8221; tablet_bg_img_hidden=&#8221;no&#8221; woodmart_parallax=&#8221;0&#8243; woodmart_gradient_switch=&#8221;no&#8221; woodmart_box_shadow=&#8221;no&#8221; wd_z_index=&#8221;no&#8221; woodmart_disable_overflow=&#8221;0&#8243; row_reverse_mobile=&#8221;0&#8243; row_reverse_tablet=&#8221;0&#8243; el_id=&#8221;codigo-57712&#8243;][vc_column css=&#8221;.vc_custom_1669033735057{padding-top: 0px !important;}&#8221; woodmart_css_id=&#8221;637b6f036ef34&#8243; parallax_scroll=&#8221;no&#8221; woodmart_sticky_column=&#8221;false&#8221; wd_collapsible_content_switcher=&#8221;no&#8221; wd_column_role_offcanvas_desktop=&#8221;no&#8221; wd_column_role_offcanvas_tablet=&#8221;no&#8221; wd_column_role_offcanvas_mobile=&#8221;no&#8221; wd_column_role_content_desktop=&#8221;no&#8221; wd_column_role_content_tablet=&#8221;no&#8221; wd_column_role_content_mobile=&#8221;no&#8221; mobile_bg_img_hidden=&#8221;no&#8221; tablet_bg_img_hidden=&#8221;no&#8221; woodmart_parallax=&#8221;0&#8243; woodmart_box_shadow=&#8221;no&#8221; responsive_spacing=&#8221;eyJwYXJhbV90eXBlIjoid29vZG1hcnRfcmVzcG9uc2l2ZV9zcGFjaW5nIiwic2VsZWN0b3JfaWQiOiI2MzdiNmYwMzZlZjM0Iiwic2hvcnRjb2RlIjoidmNfY29sdW1uIiwiZGF0YSI6eyJ0YWJsZXQiOnt9LCJtb2JpbGUiOnt9fX0=&#8221; mobile_reset_margin=&#8221;no&#8221; tablet_reset_margin=&#8221;no&#8221; wd_z_index=&#8221;no&#8221;]\n\t\t<div id=\"wd-667ca27edb170\" class=\"title-wrapper wd-wpb wd-set-mb reset-last-child  wd-rs-667ca27edb170 wd-title-color-default wd-title-style-default text-left vc_custom_1719444410298 wd-underline-colored\">\n\t\t\t\n\t\t\t<div class=\"liner-continer\">\n\t\t\t\t<h4 class=\"woodmart-title-container title  wd-font-weight-700 wd-fontsize-l\" >\ud83d\udccc Especifica\u00e7\u00f5es T\u00e9cnicas:<\/h4>\n\t\t\t\t\t\t\t<\/div>\n\t\t\t\n\t\t\t\n\t\t\t\n\t\t<\/div>\n\t\t\n\t\t\t\t<div id=\"wd-67be5ca3dee41\" class=\"wd-text-block wd-wpb reset-last-child wd-rs-67be5ca3dee41 text-left vc_custom_1740529024055\">\n\t\t\t<article id=\"informacoes\" class=\"box-vitrine-destaque\">\n<header class=\"box-vitrine sub-vitrine\">\n<h4 class=\"tt-sub-vitrine\"><span style=\"color: #333333; font-size: 16px;\">MASTERLIQUID ML240 ILLUSION WHITE EDITION<\/span><\/h4>\n<\/header>\n<dl>Bomba de c\u00e2mara dupla otimizada com c\u00fapula transl\u00facida<\/dl>\n<dl class=\"txt-detalhe-produto\">\u00c1rea de superf\u00edcie de dissipa\u00e7\u00e3o expandida<\/dl>\n<dl class=\"txt-detalhe-produto\">MasterFan MF120 Halo<\/dl>\n<dl class=\"txt-detalhe-produto\">MasterPlus+ Software<\/dl>\n<dl class=\"txt-detalhe-produto\">VER PARA ACREDITAR<\/dl>\n<dl class=\"txt-detalhe-produto\">A s\u00e9rie MasterLiquid ML-Illusion redefine os visuais de ilumina\u00e7\u00e3o com todos os novos recursos de design da s\u00e9rie MasterLiquid. Com 12 LEDs RGB endere\u00e7\u00e1veis. Gen 2 integrados \u00e0 nova bomba transl\u00facida, as op\u00e7\u00f5es de cores s\u00e3o espetacularmente personaliz\u00e1veis. Complementado com os recursos de ilumina\u00e7\u00e3o dos ventiladores MasterFan MF120 Halo s\u00e3o mais do que os entusiastas visuais podem suportar. A Illusion n\u00e3o \u00e9 apenas elegante, mas tamb\u00e9m extremamente capaz, apresentando a bomba de c\u00e2mara dupla de 3\u00aa gera\u00e7\u00e3o para excelente desempenho de refrigera\u00e7\u00e3o.<\/dl>\n<dl class=\"txt-detalhe-produto\">C\u00daPULA TRANSL\u00daCIDA<\/dl>\n<dl class=\"txt-detalhe-produto\">Visuais de ilumina\u00e7\u00e3o impressionantes com c\u00fapula transl\u00facida da c\u00e2mara de \u00e1gua e logotipo rotativo. Compat\u00edvel com personaliza\u00e7\u00e3o de software<\/dl>\n<dl class=\"txt-detalhe-produto\">NOVA BOMBA DE C\u00c2MARA DUPLA DE 3\u00aa GERA\u00c7\u00c3O<\/dl>\n<dl class=\"txt-detalhe-produto\">Experimente um desempenho de resfriamento mais silencioso com um design aprimorado no impulsor interno e na carca\u00e7a para aprimorar o desempenho e a efici\u00eancia do resfriamento enquanto reduz o n\u00edvel de ru\u00eddo.<\/dl>\n<dl class=\"txt-detalhe-produto\">\u00c1REA DE SUPERF\u00cdCIE DE DISSIPA\u00c7\u00c3O EXPANDIDA<\/dl>\n<dl class=\"txt-detalhe-produto\">Canais de \u00e1gua do radiador alargados para maior \u00e1rea de superf\u00edcie de resfriamento.<\/dl>\n<dl class=\"txt-detalhe-produto\">NOVO ENDERE\u00c7\u00c1VEL GEN 2 RGB<\/dl>\n<dl class=\"txt-detalhe-produto\">O controlador RGB Gen 2 endere\u00e7\u00e1vel inclu\u00eddo funciona com o software MasterPlus+ da Cooler Master Personalizando cada LED individual em cor, efeito, brilho e muito mais &#8211; tudo a partir de uma interface intuitiva e conveniente<\/dl>\n<\/article>\n<h4><\/h4>\n<ul>\n<li>Marca: Cooler Master<\/li>\n<li>Modelo: MLX-D24M-A18PW-R1<\/li>\n<li>Cor: Branco<\/li>\n<\/ul>\n<h4><strong>Soquete:<br \/>\n<\/strong><\/h4>\n<ul>\n<li>Intel: LGA1700*, LGA1200, LGA2066, LGA2011-v3, LGA2011, LGA1151, LGA1150, LGA1155, LGA1156<\/li>\n<li>AMD: AM5, AM4, AM3+, AM3, AM2+, AM2, FM2+, FM2, FM1<br \/>\n*Suporte para soquete LGA1700 deve ser requisitado separadamente direto a fabricante, mediante disponibilidade<strong>Radiador:<\/strong><\/li>\n<li>Material: Alum\u00ednio<\/li>\n<li>Dimens\u00f5es: 277 x 119,6 x 27,2 mm<strong>Bomba:<\/strong><\/li>\n<li>Dimens\u00f5es: 81,4 x 76 x 57,8 mm<\/li>\n<li>MTTF: 70.000 horas<\/li>\n<li>N\u00edvel de ru\u00eddo: &lt; 10 dba<\/li>\n<li>Conector: 3 pinos<\/li>\n<li>Tens\u00e3o Nominal: 12 VCC<\/li>\n<li>Consumo de energia: 2,36 w<strong>Ventoinhas<\/strong>:<\/li>\n<li>Dimens\u00f5es: 120 x 120 x 25 mm<\/li>\n<li>Ilumina\u00e7\u00e3o: RGB<\/li>\n<li>Velocidade: 650-1800 RPM \u00b1 10%<\/li>\n<li>Fluxo de ar: 47,2 CFM (Max)<\/li>\n<li>N\u00edvel de ru\u00eddo: 6 &#8211; 30 dBA<\/li>\n<li>Press\u00e3o (mmH20): 1,60 mmh\u00b2o (Max)<\/li>\n<li>Tipo de rolamento da ventoinha: ORBS<\/li>\n<li>Vida \u00fatil: 160.000 horas<\/li>\n<li>Conector: 4 Pinos<\/li>\n<li>Tens\u00e3o Nominal: 12 VCC<\/li>\n<li>Corrente nominal: 0,25A<\/li>\n<\/ul>\n\t\t<\/div>\n\t\t[\/vc_column][\/vc_row]<\/p>\n<\/div>","protected":false},"excerpt":{"rendered":"<p><strong>C\u00f3digo:<\/strong> <a href=\"#\">57712<\/a>\u00a0 \u00a0<strong>|<\/strong>\u00a0 \u00a0<strong>Mais produtos:<\/strong> <a href=\"https:\/\/elektrotec.com.br\/loja\/loja\/?filter_marcas=cooler-master\">Cooler Master<\/a>\u00a0 \u00a0<strong>|<\/strong>\u00a0 \u00a0<a href=\"https:\/\/elektrotec.com.br\/loja\/produto\/water-cooler-cooler-master-masterliquid-ml240-illusion-rgb-240mm-amd-intel-branco\/#codigo-57712\"><strong>Descri\u00e7\u00e3o do produto<\/strong><\/a><\/p>\n","protected":false},"featured_media":3381,"comment_status":"open","ping_status":"closed","template":"","meta":{"pagelayer_contact_templates":[],"_pagelayer_content":"","_mbp_gutenberg_autopost":false},"pwb-brand":[],"product_brand":[],"product_cat":[85,58,71,25],"product_tag":[],"class_list":{"0":"post-3380","1":"product","2":"type-product","3":"status-publish","4":"has-post-thumbnail","6":"product_cat-cooler-e-water-cooler","7":"product_cat-desktop","8":"product_cat-perifericos","9":"product_cat-tecnologia-e-informatica","10":"product_shipping_class-logistica-quioske","12":"first","13":"instock","14":"shipping-taxable","15":"purchasable","16":"product-type-simple"},"yoast_head":"<!-- This site is optimized with the Yoast SEO plugin v27.2 - https:\/\/yoast.com\/product\/yoast-seo-wordpress\/ -->\n<title>Cooler Master Masterliquid ML240 illusion, Water Cooler branco<\/title>\n<meta name=\"description\" content=\"Visuais de ilumina\u00e7\u00e3o impressionantes com c\u00fapula transl\u00facida. Desempenho de resfriamento, mais silencioso com um design aprimorado. Confira!\" \/>\n<meta name=\"robots\" content=\"index, follow, max-snippet:-1, max-image-preview:large, max-video-preview:-1\" \/>\n<link rel=\"canonical\" href=\"https:\/\/elektrotec.com.br\/loja\/produto\/cooler-master-masterliquid-ml240-illusion-rgb-240mm-amd-intel-water-cooler-branco\/\" \/>\n<meta property=\"og:locale\" content=\"pt_BR\" \/>\n<meta property=\"og:type\" content=\"article\" \/>\n<meta property=\"og:title\" content=\"Cooler Master Masterliquid ML240 illusion, Water Cooler branco\" \/>\n<meta property=\"og:description\" content=\"Visuais de ilumina\u00e7\u00e3o impressionantes com c\u00fapula transl\u00facida. Desempenho de resfriamento, mais silencioso com um design aprimorado. Confira!\" \/>\n<meta property=\"og:url\" content=\"https:\/\/elektrotec.com.br\/loja\/produto\/cooler-master-masterliquid-ml240-illusion-rgb-240mm-amd-intel-water-cooler-branco\/\" \/>\n<meta property=\"og:site_name\" content=\"Elektrotec Store\" \/>\n<meta property=\"article:modified_time\" content=\"2025-02-27T21:13:38+00:00\" \/>\n<meta property=\"og:image\" content=\"https:\/\/elektrotec.com.br\/loja\/wp-content\/uploads\/2024\/11\/Water-Cooler-Cooler-Master-Masterliquid-ML240-0.jpg\" \/>\n\t<meta property=\"og:image:width\" content=\"700\" \/>\n\t<meta property=\"og:image:height\" content=\"800\" \/>\n\t<meta property=\"og:image:type\" content=\"image\/jpeg\" \/>\n<meta name=\"twitter:card\" content=\"summary_large_image\" \/>\n<meta name=\"twitter:label1\" content=\"Est. tempo de leitura\" \/>\n\t<meta name=\"twitter:data1\" content=\"4 minutos\" \/>\n<script type=\"application\/ld+json\" class=\"yoast-schema-graph\">{\"@context\":\"https:\/\/schema.org\",\"@graph\":[{\"@type\":\"WebPage\",\"@id\":\"https:\/\/elektrotec.com.br\/loja\/produto\/cooler-master-masterliquid-ml240-illusion-rgb-240mm-amd-intel-water-cooler-branco\/\",\"url\":\"https:\/\/elektrotec.com.br\/loja\/produto\/cooler-master-masterliquid-ml240-illusion-rgb-240mm-amd-intel-water-cooler-branco\/\",\"name\":\"Cooler Master Masterliquid ML240 illusion, Water Cooler branco\",\"isPartOf\":{\"@id\":\"https:\/\/elektrotec.com.br\/loja\/#website\"},\"primaryImageOfPage\":{\"@id\":\"https:\/\/elektrotec.com.br\/loja\/produto\/cooler-master-masterliquid-ml240-illusion-rgb-240mm-amd-intel-water-cooler-branco\/#primaryimage\"},\"image\":{\"@id\":\"https:\/\/elektrotec.com.br\/loja\/produto\/cooler-master-masterliquid-ml240-illusion-rgb-240mm-amd-intel-water-cooler-branco\/#primaryimage\"},\"thumbnailUrl\":\"https:\/\/i0.wp.com\/elektrotec.com.br\/loja\/wp-content\/uploads\/2024\/11\/Water-Cooler-Cooler-Master-Masterliquid-ML240-0.jpg?fit=700%2C800&ssl=1\",\"datePublished\":\"2024-11-17T16:30:41+00:00\",\"dateModified\":\"2025-02-27T21:13:38+00:00\",\"description\":\"Visuais de ilumina\u00e7\u00e3o impressionantes com c\u00fapula transl\u00facida. Desempenho de resfriamento, mais silencioso com um design aprimorado. Confira!\",\"breadcrumb\":{\"@id\":\"https:\/\/elektrotec.com.br\/loja\/produto\/cooler-master-masterliquid-ml240-illusion-rgb-240mm-amd-intel-water-cooler-branco\/#breadcrumb\"},\"inLanguage\":\"pt-BR\",\"potentialAction\":[{\"@type\":\"ReadAction\",\"target\":[\"https:\/\/elektrotec.com.br\/loja\/produto\/cooler-master-masterliquid-ml240-illusion-rgb-240mm-amd-intel-water-cooler-branco\/\"]}]},{\"@type\":\"ImageObject\",\"inLanguage\":\"pt-BR\",\"@id\":\"https:\/\/elektrotec.com.br\/loja\/produto\/cooler-master-masterliquid-ml240-illusion-rgb-240mm-amd-intel-water-cooler-branco\/#primaryimage\",\"url\":\"https:\/\/i0.wp.com\/elektrotec.com.br\/loja\/wp-content\/uploads\/2024\/11\/Water-Cooler-Cooler-Master-Masterliquid-ML240-0.jpg?fit=700%2C800&ssl=1\",\"contentUrl\":\"https:\/\/i0.wp.com\/elektrotec.com.br\/loja\/wp-content\/uploads\/2024\/11\/Water-Cooler-Cooler-Master-Masterliquid-ML240-0.jpg?fit=700%2C800&ssl=1\",\"width\":700,\"height\":800},{\"@type\":\"BreadcrumbList\",\"@id\":\"https:\/\/elektrotec.com.br\/loja\/produto\/cooler-master-masterliquid-ml240-illusion-rgb-240mm-amd-intel-water-cooler-branco\/#breadcrumb\",\"itemListElement\":[{\"@type\":\"ListItem\",\"position\":1,\"name\":\"Home\",\"item\":\"https:\/\/elektrotec.com.br\/loja\/\"},{\"@type\":\"ListItem\",\"position\":2,\"name\":\"Ofertas do dia \u26a1\",\"item\":\"https:\/\/elektrotec.com.br\/loja\/loja\/\"},{\"@type\":\"ListItem\",\"position\":3,\"name\":\"Cooler Master Masterliquid ML240 illusion, RGB, 240mm, AMD\/Intel, Water Cooler branco\"}]},{\"@type\":\"WebSite\",\"@id\":\"https:\/\/elektrotec.com.br\/loja\/#website\",\"url\":\"https:\/\/elektrotec.com.br\/loja\/\",\"name\":\"Elektrotec Store\",\"description\":\"Solu\u00e7\u00f5es em Energia e Automa\u00e7\u00e3o Industrial\",\"publisher\":{\"@id\":\"https:\/\/elektrotec.com.br\/loja\/#organization\"},\"potentialAction\":[{\"@type\":\"SearchAction\",\"target\":{\"@type\":\"EntryPoint\",\"urlTemplate\":\"https:\/\/elektrotec.com.br\/loja\/?s={search_term_string}\"},\"query-input\":{\"@type\":\"PropertyValueSpecification\",\"valueRequired\":true,\"valueName\":\"search_term_string\"}}],\"inLanguage\":\"pt-BR\"},{\"@type\":\"Organization\",\"@id\":\"https:\/\/elektrotec.com.br\/loja\/#organization\",\"name\":\"Elektrotec\",\"url\":\"https:\/\/elektrotec.com.br\/loja\/\",\"logo\":{\"@type\":\"ImageObject\",\"inLanguage\":\"pt-BR\",\"@id\":\"https:\/\/elektrotec.com.br\/loja\/#\/schema\/logo\/image\/\",\"url\":\"https:\/\/i0.wp.com\/elektrotec.com.br\/loja\/wp-content\/uploads\/2025\/05\/Logo-site-Elektrotec-Energy-1.webp?fit=270%2C70&ssl=1\",\"contentUrl\":\"https:\/\/i0.wp.com\/elektrotec.com.br\/loja\/wp-content\/uploads\/2025\/05\/Logo-site-Elektrotec-Energy-1.webp?fit=270%2C70&ssl=1\",\"width\":270,\"height\":70,\"caption\":\"Elektrotec\"},\"image\":{\"@id\":\"https:\/\/elektrotec.com.br\/loja\/#\/schema\/logo\/image\/\"}}]}<\/script>\n<!-- \/ Yoast SEO plugin. -->","yoast_head_json":{"title":"Cooler Master Masterliquid ML240 illusion, Water Cooler branco","description":"Visuais de ilumina\u00e7\u00e3o impressionantes com c\u00fapula transl\u00facida. Desempenho de resfriamento, mais silencioso com um design aprimorado. Confira!","robots":{"index":"index","follow":"follow","max-snippet":"max-snippet:-1","max-image-preview":"max-image-preview:large","max-video-preview":"max-video-preview:-1"},"canonical":"https:\/\/elektrotec.com.br\/loja\/produto\/cooler-master-masterliquid-ml240-illusion-rgb-240mm-amd-intel-water-cooler-branco\/","og_locale":"pt_BR","og_type":"article","og_title":"Cooler Master Masterliquid ML240 illusion, Water Cooler branco","og_description":"Visuais de ilumina\u00e7\u00e3o impressionantes com c\u00fapula transl\u00facida. Desempenho de resfriamento, mais silencioso com um design aprimorado. Confira!","og_url":"https:\/\/elektrotec.com.br\/loja\/produto\/cooler-master-masterliquid-ml240-illusion-rgb-240mm-amd-intel-water-cooler-branco\/","og_site_name":"Elektrotec Store","article_modified_time":"2025-02-27T21:13:38+00:00","og_image":[{"width":700,"height":800,"url":"https:\/\/elektrotec.com.br\/loja\/wp-content\/uploads\/2024\/11\/Water-Cooler-Cooler-Master-Masterliquid-ML240-0.jpg","type":"image\/jpeg"}],"twitter_card":"summary_large_image","twitter_misc":{"Est. tempo de leitura":"4 minutos"},"schema":{"@context":"https:\/\/schema.org","@graph":[{"@type":"WebPage","@id":"https:\/\/elektrotec.com.br\/loja\/produto\/cooler-master-masterliquid-ml240-illusion-rgb-240mm-amd-intel-water-cooler-branco\/","url":"https:\/\/elektrotec.com.br\/loja\/produto\/cooler-master-masterliquid-ml240-illusion-rgb-240mm-amd-intel-water-cooler-branco\/","name":"Cooler Master Masterliquid ML240 illusion, Water Cooler branco","isPartOf":{"@id":"https:\/\/elektrotec.com.br\/loja\/#website"},"primaryImageOfPage":{"@id":"https:\/\/elektrotec.com.br\/loja\/produto\/cooler-master-masterliquid-ml240-illusion-rgb-240mm-amd-intel-water-cooler-branco\/#primaryimage"},"image":{"@id":"https:\/\/elektrotec.com.br\/loja\/produto\/cooler-master-masterliquid-ml240-illusion-rgb-240mm-amd-intel-water-cooler-branco\/#primaryimage"},"thumbnailUrl":"https:\/\/i0.wp.com\/elektrotec.com.br\/loja\/wp-content\/uploads\/2024\/11\/Water-Cooler-Cooler-Master-Masterliquid-ML240-0.jpg?fit=700%2C800&ssl=1","datePublished":"2024-11-17T16:30:41+00:00","dateModified":"2025-02-27T21:13:38+00:00","description":"Visuais de ilumina\u00e7\u00e3o impressionantes com c\u00fapula transl\u00facida. Desempenho de resfriamento, mais silencioso com um design aprimorado. Confira!","breadcrumb":{"@id":"https:\/\/elektrotec.com.br\/loja\/produto\/cooler-master-masterliquid-ml240-illusion-rgb-240mm-amd-intel-water-cooler-branco\/#breadcrumb"},"inLanguage":"pt-BR","potentialAction":[{"@type":"ReadAction","target":["https:\/\/elektrotec.com.br\/loja\/produto\/cooler-master-masterliquid-ml240-illusion-rgb-240mm-amd-intel-water-cooler-branco\/"]}]},{"@type":"ImageObject","inLanguage":"pt-BR","@id":"https:\/\/elektrotec.com.br\/loja\/produto\/cooler-master-masterliquid-ml240-illusion-rgb-240mm-amd-intel-water-cooler-branco\/#primaryimage","url":"https:\/\/i0.wp.com\/elektrotec.com.br\/loja\/wp-content\/uploads\/2024\/11\/Water-Cooler-Cooler-Master-Masterliquid-ML240-0.jpg?fit=700%2C800&ssl=1","contentUrl":"https:\/\/i0.wp.com\/elektrotec.com.br\/loja\/wp-content\/uploads\/2024\/11\/Water-Cooler-Cooler-Master-Masterliquid-ML240-0.jpg?fit=700%2C800&ssl=1","width":700,"height":800},{"@type":"BreadcrumbList","@id":"https:\/\/elektrotec.com.br\/loja\/produto\/cooler-master-masterliquid-ml240-illusion-rgb-240mm-amd-intel-water-cooler-branco\/#breadcrumb","itemListElement":[{"@type":"ListItem","position":1,"name":"Home","item":"https:\/\/elektrotec.com.br\/loja\/"},{"@type":"ListItem","position":2,"name":"Ofertas do dia \u26a1","item":"https:\/\/elektrotec.com.br\/loja\/loja\/"},{"@type":"ListItem","position":3,"name":"Cooler Master Masterliquid ML240 illusion, RGB, 240mm, AMD\/Intel, Water Cooler branco"}]},{"@type":"WebSite","@id":"https:\/\/elektrotec.com.br\/loja\/#website","url":"https:\/\/elektrotec.com.br\/loja\/","name":"Elektrotec Store","description":"Solu\u00e7\u00f5es em Energia e Automa\u00e7\u00e3o Industrial","publisher":{"@id":"https:\/\/elektrotec.com.br\/loja\/#organization"},"potentialAction":[{"@type":"SearchAction","target":{"@type":"EntryPoint","urlTemplate":"https:\/\/elektrotec.com.br\/loja\/?s={search_term_string}"},"query-input":{"@type":"PropertyValueSpecification","valueRequired":true,"valueName":"search_term_string"}}],"inLanguage":"pt-BR"},{"@type":"Organization","@id":"https:\/\/elektrotec.com.br\/loja\/#organization","name":"Elektrotec","url":"https:\/\/elektrotec.com.br\/loja\/","logo":{"@type":"ImageObject","inLanguage":"pt-BR","@id":"https:\/\/elektrotec.com.br\/loja\/#\/schema\/logo\/image\/","url":"https:\/\/i0.wp.com\/elektrotec.com.br\/loja\/wp-content\/uploads\/2025\/05\/Logo-site-Elektrotec-Energy-1.webp?fit=270%2C70&ssl=1","contentUrl":"https:\/\/i0.wp.com\/elektrotec.com.br\/loja\/wp-content\/uploads\/2025\/05\/Logo-site-Elektrotec-Energy-1.webp?fit=270%2C70&ssl=1","width":270,"height":70,"caption":"Elektrotec"},"image":{"@id":"https:\/\/elektrotec.com.br\/loja\/#\/schema\/logo\/image\/"}}]}},"jetpack_sharing_enabled":true,"brands":[],"_links":{"self":[{"href":"https:\/\/elektrotec.com.br\/loja\/wp-json\/wp\/v2\/product\/3380","targetHints":{"allow":["GET"]}}],"collection":[{"href":"https:\/\/elektrotec.com.br\/loja\/wp-json\/wp\/v2\/product"}],"about":[{"href":"https:\/\/elektrotec.com.br\/loja\/wp-json\/wp\/v2\/types\/product"}],"replies":[{"embeddable":true,"href":"https:\/\/elektrotec.com.br\/loja\/wp-json\/wp\/v2\/comments?post=3380"}],"wp:featuredmedia":[{"embeddable":true,"href":"https:\/\/elektrotec.com.br\/loja\/wp-json\/wp\/v2\/media\/3381"}],"wp:attachment":[{"href":"https:\/\/elektrotec.com.br\/loja\/wp-json\/wp\/v2\/media?parent=3380"}],"wp:term":[{"taxonomy":"pwb-brand","embeddable":true,"href":"https:\/\/elektrotec.com.br\/loja\/wp-json\/wp\/v2\/pwb-brand?post=3380"},{"taxonomy":"product_brand","embeddable":true,"href":"https:\/\/elektrotec.com.br\/loja\/wp-json\/wp\/v2\/product_brand?post=3380"},{"taxonomy":"product_cat","embeddable":true,"href":"https:\/\/elektrotec.com.br\/loja\/wp-json\/wp\/v2\/product_cat?post=3380"},{"taxonomy":"product_tag","embeddable":true,"href":"https:\/\/elektrotec.com.br\/loja\/wp-json\/wp\/v2\/product_tag?post=3380"}],"curies":[{"name":"wp","href":"https:\/\/api.w.org\/{rel}","templated":true}]}}